{"id":306,"date":"2013-04-04T14:23:08","date_gmt":"2013-04-04T12:23:08","guid":{"rendered":"https:\/\/www.parthages.be\/wordpress\/produit\/avec-ou-sans\/"},"modified":"2022-07-26T08:09:32","modified_gmt":"2022-07-26T06:09:32","slug":"avec-ou-sans","status":"publish","type":"product","link":"https:\/\/www.parthages.be\/eboutique\/produit\/avec-ou-sans\/","title":{"rendered":"Avec ou sans?"},"content":{"rendered":"<p>L\u2019arriv\u00e9e d\u2019un enfant diff\u00e9rent apporte le trouble au c\u0153ur d\u2019une famille. Mois apr\u00e8s mois, ann\u00e9e apr\u00e8s ann\u00e9e, r\u00eaves et projets traditionnels se d\u00e9sagr\u00e8gent et une autre destin\u00e9e se profile. Une existence en point d\u2019interrogation, nourrie de questions existentielles, d\u2019espoirs d\u00e9\u00e7us, une vie au jour le jour. Il faut oublier l\u2019enfant parfait par\u00e9 de toutes les qualit\u00e9s, celui dans lequel sa famille se projetait. Accepter cet Autre, diff\u00e9rent, l\u2019aimer, n\u2019effacera pas le fantasme de l\u2019enfant id\u00e9al, celui que ses parents auraient pu avoir si le destin ne s\u2019en \u00e9tait m\u00eal\u00e9. \u00ab Et s\u2019Il \u00e9tait n\u00e9 \u00ab normal \u00bb et non autiste, comment aurait \u00e9t\u00e9 ma vie, la sienne ? \u00bb En tant que m\u00e8re, je me suis plus d\u2019une fois interrog\u00e9e. Et si On me donnait le choix, \u00e9changerais-je mon fils pour un autre plus \u00ab conforme \u00bb \u00e0 mes souhaits ? L\u2019enfant \u00ab diff\u00e9rent \u00bb \u00bb est-il vraiment une richesse pour ses parents ? Une m\u00e8re peut-elle consciemment faire le deuil de l\u2019enfant parfait ? Et si elle avait le choix ? \u00c9changer son fils autiste contre sa copie \u00ab normale \u00bb ?<\/p>\n<p>Le \u00ab choix \u00bb du fils \u00ab r\u00eav\u00e9 \u00bb, Liane le re\u00e7oit pendant quatre jours. Un temps qu\u2019elle mettra \u00e0 profit pour d\u00e9couvrir ce fils inconnu. Comment r\u00e9agira-t-elle ? Que d\u00e9cidera-t-elle au retour de leur escapade \u00e0 Agadir ?<\/p>\n<p>BAUWENS C.<\/p>\n<p>Editions Dervier<\/p>\n<p>2012- 134p.-190gr-<\/p>\n<p>ISBN\u00a0: 978-2-918724-08-7<\/p>\n<p>Cote doc: 1-70-BAU-A<\/p>\n<p><strong><em>Uniquement \u00e0 la location<\/em><\/strong><\/p>\n<span class=\"et_bloom_bottom_trigger\"><\/span>","protected":false},"excerpt":{"rendered":"<p>L\u2019arriv\u00e9e d\u2019un enfant diff\u00e9rent apporte le trouble au c\u0153ur d\u2019une famille. Mois apr\u00e8s mois, ann\u00e9e apr\u00e8s ann\u00e9e, r\u00eaves et projets traditionnels se d\u00e9sagr\u00e8gent et une autre destin\u00e9e se profile.<\/p>\n","protected":false},"featured_media":305,"comment_status":"open","ping_status":"closed","template":"","meta":{"_et_pb_use_builder":"","_et_pb_old_content":"","_et_gb_content_width":"","spay_email":""},"class_list":["post-306","product","type-product","status-publish","has-post-thumbnail","hentry","product_cat-livres","product_tag-annonce-du-handicap","product_tag-autisme","product_tag-projet-de-vie","product_tag-relation-familiale","product_tag-roman"],"jetpack_sharing_enabled":true,"jetpack_likes_enabled":true,"_links":{"self":[{"href":"https:\/\/www.parthages.be\/eboutique\/wp-json\/wp\/v2\/product\/306","targetHints":{"allow":["GET"]}}],"collection":[{"href":"https:\/\/www.parthages.be\/eboutique\/wp-json\/wp\/v2\/product"}],"about":[{"href":"https:\/\/www.parthages.be\/eboutique\/wp-json\/wp\/v2\/types\/product"}],"replies":[{"embeddable":true,"href":"https:\/\/www.parthages.be\/eboutique\/wp-json\/wp\/v2\/comments?post=306"}],"wp:featuredmedia":[{"embeddable":true,"href":"https:\/\/www.parthages.be\/eboutique\/wp-json\/wp\/v2\/media\/305"}],"wp:attachment":[{"href":"https:\/\/www.parthages.be\/eboutique\/wp-json\/wp\/v2\/media?parent=306"}],"curies":[{"name":"wp","href":"https:\/\/api.w.org\/{rel}","templated":true}]}}