{"id":3060,"date":"2024-08-16T10:44:24","date_gmt":"2024-08-16T08:44:24","guid":{"rendered":"https:\/\/www.parthages.be\/eboutique\/?post_type=product&#038;p=3060"},"modified":"2024-08-16T11:24:29","modified_gmt":"2024-08-16T09:24:29","slug":"intimidation-harcelement-ce-quil-faut-savoir-pour-agir","status":"publish","type":"product","link":"https:\/\/www.parthages.be\/eboutique\/produit\/intimidation-harcelement-ce-quil-faut-savoir-pour-agir\/","title":{"rendered":"Intimidation harc\u00e8lement. Ce qu\u2019il faut savoir pour agir"},"content":{"rendered":"<h3>Comprendre et combattre l&rsquo;intimidation<\/h3>\n<p>Cet ouvrage a \u00e9t\u00e9 con\u00e7u pour aider \u00e0 mieux comprendre les situations d&rsquo;intimidation, \u00e0 y r\u00e9sister, les d\u00e9noncer et y mettre fin. En s&rsquo;appuyant sur les r\u00e9sultats de r\u00e9centes \u00e9tudes, il explore toutes les facettes de la dynamique d&rsquo;agression, notamment les types, moyens et causes de l&rsquo;intimidation, les dangers de la cyberintimidation, ainsi que les impacts \u00e0 court et long termes.<\/p>\n<h3>Analyse des r\u00f4les et interventions<\/h3>\n<p>Le livre aborde \u00e9galement les particularit\u00e9s des situations et des comportements des victimes, des intimidateurs et des t\u00e9moins. Il offre des moyens de pr\u00e9vention et d&rsquo;intervention adapt\u00e9s, permettant aux parents et aux adultes en position d&rsquo;autorit\u00e9 d&rsquo;agir efficacement aupr\u00e8s de toutes les personnes concern\u00e9es.<\/p>\n<h3>Un r\u00f4le pour chacun<\/h3>\n<p>L&rsquo;ouvrage rappelle que chacun \u2013 enfants, adolescents, parents, enseignants, directions et personnels scolaires, professionnels en sant\u00e9 mentale et intervenants du domaine socio-juridique \u2013 a un r\u00f4le crucial \u00e0 jouer dans la pr\u00e9vention et l&rsquo;\u00e9radication possible de l&rsquo;intimidation.<\/p>\n<p><em>Pr\u00e9sentation de l&rsquo;\u00e9diteur<\/em><\/p>\n<hr \/>\n<ul>\n<li><strong>Auteur :<\/strong> SAINT PIERRE F.<\/li>\n<li><strong>\u00c9diteur :<\/strong> CHU Sainte-Justine, 2013<\/li>\n<li><strong>ISBN :<\/strong> 978-2-89619-631-9<\/li>\n<li><strong>Cote documentaire :<\/strong> 10-30-FRE-I<\/li>\n<li><strong>Poids :<\/strong> 350 g<\/li>\n<li><strong>Pages :<\/strong> 144 pages<\/li>\n<\/ul>\n<span class=\"et_bloom_bottom_trigger\"><\/span>","protected":false},"excerpt":{"rendered":"<p>Cet ouvrage a \u00e9t\u00e9 con\u00e7u pour aider \u00e0 mieux comprendre ces situations probl\u00e9matiques, y r\u00e9sister, les d\u00e9noncer et y mettre fin.<\/p>\n","protected":false},"featured_media":3061,"comment_status":"closed","ping_status":"closed","template":"","meta":{"_et_pb_use_builder":"","_et_pb_old_content":"","_et_gb_content_width":"","spay_email":""},"class_list":["post-3060","product","type-product","status-publish","has-post-thumbnail","hentry","product_cat-livres","product_cat-nouveautes","product_tag-adolescent","product_tag-cyber-intimidation","product_tag-ecole","product_tag-enfant","product_tag-harcelemnt","product_tag-intimidation","product_tag-parent","product_tag-prevention","product_tag-temoignage","product_tag-violence"],"jetpack_sharing_enabled":true,"jetpack_likes_enabled":true,"_links":{"self":[{"href":"https:\/\/www.parthages.be\/eboutique\/wp-json\/wp\/v2\/product\/3060","targetHints":{"allow":["GET"]}}],"collection":[{"href":"https:\/\/www.parthages.be\/eboutique\/wp-json\/wp\/v2\/product"}],"about":[{"href":"https:\/\/www.parthages.be\/eboutique\/wp-json\/wp\/v2\/types\/product"}],"replies":[{"embeddable":true,"href":"https:\/\/www.parthages.be\/eboutique\/wp-json\/wp\/v2\/comments?post=3060"}],"wp:featuredmedia":[{"embeddable":true,"href":"https:\/\/www.parthages.be\/eboutique\/wp-json\/wp\/v2\/media\/3061"}],"wp:attachment":[{"href":"https:\/\/www.parthages.be\/eboutique\/wp-json\/wp\/v2\/media?parent=3060"}],"curies":[{"name":"wp","href":"https:\/\/api.w.org\/{rel}","templated":true}]}}