{"id":3062,"date":"2024-08-16T10:48:12","date_gmt":"2024-08-16T08:48:12","guid":{"rendered":"https:\/\/www.parthages.be\/eboutique\/?post_type=product&#038;p=3062"},"modified":"2024-08-16T11:25:44","modified_gmt":"2024-08-16T09:25:44","slug":"les-gens-sont-beaux","status":"publish","type":"product","link":"https:\/\/www.parthages.be\/eboutique\/produit\/les-gens-sont-beaux\/","title":{"rendered":"Les gens sont beaux"},"content":{"rendered":"<div class=\"flex-1 overflow-hidden\">\n<div class=\"h-full\">\n<div class=\"react-scroll-to-bottom--css-suqhm-79elbk h-full\">\n<div class=\"react-scroll-to-bottom--css-suqhm-1n7m0yu\">\n<div class=\"flex flex-col text-sm md:pb-9\">\n<article class=\"w-full text-token-text-primary focus-visible:outline-2 focus-visible:outline-offset-[-4px]\" dir=\"auto\" tabindex=\"0\" data-testid=\"conversation-turn-15\" data-scroll-anchor=\"true\">\n<div class=\"text-base py-[18px] px-3 md:px-4 m-auto md:px-5\">\n<div class=\"mx-auto flex flex-1 gap-4 text-base md:gap-5 lg:gap-6 md:max-w-3xl lg:max-w-[40rem] xl:max-w-[48rem]\">\n<div class=\"group\/conversation-turn relative flex w-full min-w-0 flex-col agent-turn\">\n<div class=\"flex-col gap-1 md:gap-3\">\n<div class=\"flex max-w-full flex-col flex-grow\">\n<div class=\"min-h-[20px] text-message flex w-full flex-col items-end gap-2 whitespace-pre-wrap break-words [.text-message+&amp;]:mt-5 overflow-x-auto\" dir=\"auto\" data-message-author-role=\"assistant\" data-message-id=\"4665d37d-bef5-4ce0-94a0-5f1946319e31\">\n<div class=\"flex w-full flex-col gap-1 empty:hidden first:pt-[3px]\">\n<div class=\"markdown prose w-full break-words dark:prose-invert light\">\n<h3>Ode \u00e0 la beaut\u00e9 et \u00e0 l&rsquo;acceptation de soi<\/h3>\n<p>D\u00e9couvrez une ode \u00e0 la beaut\u00e9 et \u00e0 l&rsquo;acceptation de soi \u00e0 travers le premier album jeunesse du m\u00e9decin et \u00e9crivain Baptiste Beaulieu, num\u00e9ro un des ventes jeunesse en d\u00e9cembre 2022.<\/p>\n<h3>Une histoire touchante<\/h3>\n<p>\u00ab\u00a0Je vais te confier un secret : un \u00eatre humain, c&rsquo;est une histoire. Et quand tu connais cette histoire, \u00e7a change tout.\u00a0\u00bb Papou, m\u00e9decin g\u00e9n\u00e9raliste \u00e0 la retraite, raconte un matin \u00e0 son petit-fils pourquoi les gens sont beaux. Pour Papou, il est essentiel de rappeler que le corps humain n&rsquo;a pas vocation \u00e0 \u00eatre fa\u00e7onn\u00e9 par la soci\u00e9t\u00e9, qu&rsquo;il n&rsquo;existe pas de mod\u00e8le parfait. Derri\u00e8re les imperfections, se cachent toujours des histoires ou des traces de vie.<\/p>\n<p><em>Pr\u00e9sentation de l&rsquo;\u00e9diteur<\/em><\/p>\n<hr \/>\n<ul>\n<li><strong>Auteur :<\/strong> BEAULIEU B.<\/li>\n<li><strong>\u00c9diteur :<\/strong> \u00c9ditions Les Ar\u00e8nes, 2023<\/li>\n<li><strong>ISBN :<\/strong> 979-10-375-0711-2<\/li>\n<li><strong>Cote documentaire :<\/strong> 11-BEA-G<\/li>\n<li><strong>Poids :<\/strong> 540 g<\/li>\n<li><strong>Pages :<\/strong> 32 pages<\/li>\n<\/ul>\n<\/div>\n<\/div>\n<\/div>\n<\/div>\n<div class=\"mt-1 flex gap-3 empty:hidden -ml-2\"><\/div>\n<\/div>\n<\/div>\n<\/div>\n<\/div>\n<\/article>\n<\/div>\n<\/div>\n<\/div>\n<\/div>\n<\/div>\n<div class=\"md:pt-0 dark:border-white\/20 md:border-transparent md:dark:border-transparent w-full\">\n<div class=\"text-base px-3 md:px-4 m-auto md:px-5\">\n<div class=\"mx-auto flex flex-1 gap-4 text-base md:gap-5 lg:gap-6 md:max-w-3xl lg:max-w-[40rem] xl:max-w-[48rem]\">\n<form class=\"w-full\" aria-haspopup=\"dialog\" aria-expanded=\"false\" aria-controls=\"radix-:r8d:\" data-state=\"closed\">\n<div class=\"relative flex h-full max-w-full flex-1 flex-col\">\n<div class=\"flex w-full items-center\">\n<div class=\"flex w-full flex-col gap-1.5 rounded-[26px] p-1.5 transition-colors bg-[#f4f4f4] dark:bg-token-main-surface-secondary\">\n<div class=\"flex items-end gap-1.5 md:gap-2\">\n<div><\/div>\n<div class=\"flex min-w-0 flex-1 flex-col\"><\/div>\n<\/div>\n<\/div>\n<\/div>\n<\/div>\n<\/form>\n<\/div>\n<\/div>\n<\/div>\n<span class=\"et_bloom_bottom_trigger\"><\/span>","protected":false},"excerpt":{"rendered":"<p>Ode \u00e0 la beaut\u00e9 et \u00e0 l&rsquo;acceptation de soi D\u00e9couvrez une ode \u00e0 la beaut\u00e9 et \u00e0 l&rsquo;acceptation de soi \u00e0 travers le premier album jeunesse du m\u00e9decin et \u00e9crivain Baptiste Beaulieu, num\u00e9ro un des ventes jeunesse en d\u00e9cembre 2022. Une histoire touchante \u00ab\u00a0Je vais te confier un secret : un \u00eatre humain, c&rsquo;est une [&hellip;]<\/p>\n","protected":false},"featured_media":3064,"comment_status":"closed","ping_status":"closed","template":"","meta":{"_et_pb_use_builder":"","_et_pb_old_content":"","_et_gb_content_width":"","spay_email":""},"class_list":["post-3062","product","type-product","status-publish","has-post-thumbnail","hentry","product_cat-livres-jeunesse","product_cat-nouveautes","product_tag-acceptation","product_tag-difference","product_tag-discrimination","product_tag-enfant","product_tag-jugement","product_tag-respect-de-lautre","product_tag-respect-de-soi","product_tag-tolerance"],"jetpack_sharing_enabled":true,"jetpack_likes_enabled":true,"_links":{"self":[{"href":"https:\/\/www.parthages.be\/eboutique\/wp-json\/wp\/v2\/product\/3062","targetHints":{"allow":["GET"]}}],"collection":[{"href":"https:\/\/www.parthages.be\/eboutique\/wp-json\/wp\/v2\/product"}],"about":[{"href":"https:\/\/www.parthages.be\/eboutique\/wp-json\/wp\/v2\/types\/product"}],"replies":[{"embeddable":true,"href":"https:\/\/www.parthages.be\/eboutique\/wp-json\/wp\/v2\/comments?post=3062"}],"wp:featuredmedia":[{"embeddable":true,"href":"https:\/\/www.parthages.be\/eboutique\/wp-json\/wp\/v2\/media\/3064"}],"wp:attachment":[{"href":"https:\/\/www.parthages.be\/eboutique\/wp-json\/wp\/v2\/media?parent=3062"}],"curies":[{"name":"wp","href":"https:\/\/api.w.org\/{rel}","templated":true}]}}