{"id":3065,"date":"2024-08-16T10:49:46","date_gmt":"2024-08-16T08:49:46","guid":{"rendered":"https:\/\/www.parthages.be\/eboutique\/?post_type=product&#038;p=3065"},"modified":"2024-08-16T11:26:36","modified_gmt":"2024-08-16T09:26:36","slug":"les-troubles-du-comportement-chez-les-personnes-deficientes-intellectuelles","status":"publish","type":"product","link":"https:\/\/www.parthages.be\/eboutique\/produit\/les-troubles-du-comportement-chez-les-personnes-deficientes-intellectuelles\/","title":{"rendered":"Les troubles du comportement chez les personnes d\u00e9ficientes intellectuelles"},"content":{"rendered":"<h3>Comprendre les troubles du comportement chez les personnes d\u00e9ficientes intellectuelles<\/h3>\n<p>Entre 35% et 50% des individus d\u00e9ficients intellectuels pr\u00e9sentent des troubles du comportement qui ont un impact n\u00e9gatif sur leur qualit\u00e9 de vie ainsi que sur celle de leur entourage.<\/p>\n<h3>Questions cl\u00e9s abord\u00e9es<\/h3>\n<p>Cet ouvrage fait le point sur plusieurs questions importantes :<\/p>\n<ul>\n<li>Qu&rsquo;est-ce que la d\u00e9ficience intellectuelle exactement et quelles en sont les causes ?<\/li>\n<li>Qu&rsquo;est-ce qu&rsquo;un trouble du comportement ?<\/li>\n<li>Comment identifier un trouble du comportement chez les personnes d\u00e9ficientes intellectuelles ?<\/li>\n<li>Comment comprendre et g\u00e9rer les moments de crise ?<\/li>\n<li>Comment agir et r\u00e9agir face \u00e0 ces situations tendues ?<\/li>\n<\/ul>\n<h3>Un guide pour l&rsquo;entourage<\/h3>\n<p>Ce livre de la collection <em>Savoir pour gu\u00e9rir<\/em> s&rsquo;adresse \u00e0 l&rsquo;entourage des personnes d\u00e9ficientes intellectuelles. Vivre avec un proche en situation de handicap n&rsquo;est pas toujours simple, mais une meilleure autonomie et une cohabitation harmonieuse peuvent \u00eatre atteintes gr\u00e2ce \u00e0 la compr\u00e9hension mutuelle, au respect des limites et aux possibilit\u00e9s de chacun.<\/p>\n<p><em>Pr\u00e9sentation de l&rsquo;\u00e9diteur<\/em><\/p>\n<hr \/>\n<ul>\n<li><strong>Auteur :<\/strong> DR. RICHARD C.<\/li>\n<li><strong>\u00c9diteur :<\/strong> \u00c9ditions Ellipses, 2019<\/li>\n<li><strong>ISBN :<\/strong> 978-2-340-03524-9<\/li>\n<li><strong>Cote documentaire :<\/strong> 3-10-RIC-T<\/li>\n<li><strong>Poids :<\/strong> 180 g<\/li>\n<li><strong>Pages :<\/strong> 176 pages<\/li>\n<\/ul>\n<span class=\"et_bloom_bottom_trigger\"><\/span>","protected":false},"excerpt":{"rendered":"<p>Comprendre les troubles du comportement chez les personnes d\u00e9ficientes intellectuelles Entre 35% et 50% des individus d\u00e9ficients intellectuels pr\u00e9sentent des troubles du comportement qui ont un impact n\u00e9gatif sur leur qualit\u00e9 de vie ainsi que sur celle de leur entourage. Questions cl\u00e9s abord\u00e9es Cet ouvrage fait le point sur plusieurs questions importantes : Qu&rsquo;est-ce que [&hellip;]<\/p>\n","protected":false},"featured_media":3066,"comment_status":"closed","ping_status":"closed","template":"","meta":{"_et_pb_use_builder":"","_et_pb_old_content":"","_et_gb_content_width":"","spay_email":""},"class_list":["post-3065","product","type-product","status-publish","has-post-thumbnail","hentry","product_cat-livres","product_cat-nouveautes","product_tag-accompagnement","product_tag-autonomie","product_tag-communication","product_tag-deficience-intellectuelle","product_tag-outil","product_tag-reaction","product_tag-trouble-du-comportement"],"jetpack_sharing_enabled":true,"jetpack_likes_enabled":true,"_links":{"self":[{"href":"https:\/\/www.parthages.be\/eboutique\/wp-json\/wp\/v2\/product\/3065","targetHints":{"allow":["GET"]}}],"collection":[{"href":"https:\/\/www.parthages.be\/eboutique\/wp-json\/wp\/v2\/product"}],"about":[{"href":"https:\/\/www.parthages.be\/eboutique\/wp-json\/wp\/v2\/types\/product"}],"replies":[{"embeddable":true,"href":"https:\/\/www.parthages.be\/eboutique\/wp-json\/wp\/v2\/comments?post=3065"}],"wp:featuredmedia":[{"embeddable":true,"href":"https:\/\/www.parthages.be\/eboutique\/wp-json\/wp\/v2\/media\/3066"}],"wp:attachment":[{"href":"https:\/\/www.parthages.be\/eboutique\/wp-json\/wp\/v2\/media?parent=3065"}],"curies":[{"name":"wp","href":"https:\/\/api.w.org\/{rel}","templated":true}]}}

Les troubles du comportement chez les personnes déficientes intellectuelles

<h3>Comprendre les troubles du comportement chez les personnes déficientes intellectuelles</h3>
<p>Entre 35% et 50% des individus déficients intellectuels présentent des troubles du comportement qui ont un impact négatif sur leur qualité de vie ainsi que sur celle de leur entourage.</p>
<h3>Questions clés abordées</h3>
<p>Cet ouvrage fait le point sur plusieurs questions importantes :</p>
<ul>
<li>Qu&rsquo;est-ce que la déficience intellectuelle exactement et quelles en sont les causes ?</li>
<li>Qu&rsquo;est-ce qu&rsquo;un trouble du comportement ?</li>
<li>Comment identifier un trouble du comportement chez les personnes déficientes intellectuelles ?</li>
<li>Comment comprendre et gérer les moments de crise ?</li>
<li>Comment agir et réagir face à ces situations tendues ?</li>
</ul>
<h3>Un guide pour l&rsquo;entourage</h3>
<p>Ce livre de la collection <em>Savoir pour guérir</em> s&rsquo;adresse à l&rsquo;entourage des personnes déficientes intellectuelles. Vivre avec un proche en situation de handicap n&rsquo;est pas toujours simple, mais une meilleure autonomie et une cohabitation harmonieuse peuvent être atteintes grâce à la compréhension mutuelle, au respect des limites et aux possibilités de chacun.</p>
<p><em>Présentation de l&rsquo;éditeur</em></p>
<hr />
<ul>
<li><strong>Auteur :</strong> DR. RICHARD C.</li>
<li><strong>Éditeur :</strong> Éditions Ellipses, 2019</li>
<li><strong>ISBN :</strong> 978-2-340-03524-9</li>
<li><strong>Cote documentaire :</strong> 3-10-RIC-T</li>
<li><strong>Poids :</strong> 180 g</li>
<li><strong>Pages :</strong> 176 pages</li>
</ul>
<span class="et_bloom_bottom_trigger"></span>

<p>Comprendre les troubles du comportement chez les personnes déficientes intellectuelles Entre 35% et 50% des individus déficients intellectuels présentent des troubles du comportement qui ont un impact négatif sur leur qualité de vie ainsi que sur celle de leur entourage. Questions clés abordées Cet ouvrage fait le point sur plusieurs questions importantes : Qu&rsquo;est-ce que [&hellip;]</p>
