{"id":3069,"date":"2024-08-16T11:00:12","date_gmt":"2024-08-16T09:00:12","guid":{"rendered":"https:\/\/www.parthages.be\/eboutique\/?post_type=product&#038;p=3069"},"modified":"2024-08-16T11:00:14","modified_gmt":"2024-08-16T09:00:14","slug":"pratique-educative-et-handicap-mental","status":"publish","type":"product","link":"https:\/\/www.parthages.be\/eboutique\/produit\/pratique-educative-et-handicap-mental\/","title":{"rendered":"Pratique \u00e9ducative et handicap mental"},"content":{"rendered":"<h3>Un m\u00e9tier en mutation : le t\u00e9moignage d&rsquo;une vie d\u00e9di\u00e9e<\/h3>\n<p><strong>Introduction : la passion d&rsquo;une vie<\/strong><br \/>\nLe m\u00e9tier que j&rsquo;ai choisi et exerc\u00e9 avec passion pendant toute ma vie d&rsquo;adulte existe-t-il encore ? Tout a chang\u00e9, les normes, les r\u00e8gles, les attentes professionnelles, les formations.<\/p>\n<p><strong>La transformation du secteur m\u00e9dicosocial<\/strong><br \/>\nOn veut rapprocher le m\u00e9dicosocial du fonctionnement entrepreneurial. Les \u00e9ducateurs deviennent parfois des \u00ab op\u00e9rateurs \u00bb d&rsquo;une \u00ab entreprise sociale \u00bb, offrant des \u00ab prestations \u00bb. Mais toutes les transformations ne sont pas n\u00e9gatives dans ce beau m\u00e9tier que j&rsquo;ai tant aim\u00e9, bien au contraire, et je peux t\u00e9moigner de son \u00e9volution spectaculaire.<\/p>\n<p><strong>Un pass\u00e9 difficile : des d\u00e9buts dans la maltraitance<\/strong><br \/>\nL&rsquo;histoire avait pourtant mal commenc\u00e9, dans un monde qui nous semble d&rsquo;un autre temps : enfants entass\u00e9s dans des locaux v\u00e9tustes, auxquels \u00e9tait apport\u00e9 le minimum de soins de survie, dans une maltraitance dont on ne connaissait m\u00eame pas le nom !<\/p>\n<p><strong>Une \u00e9volution vers la bientraitance<\/strong><br \/>\nQuand j&rsquo;\u00e9voque mes premi\u00e8res exp\u00e9riences avec de jeunes professionnels de ce secteur, ils me regardent avec un sourire qui vacille, un recul, et je devine le doute inexprim\u00e9. Y a-t-il si longtemps ? Les ann\u00e9es ont pass\u00e9, les m\u00e9thodes ont radicalement chang\u00e9, et j&rsquo;ai eu la chance d&rsquo;exercer par la suite dans un contexte de bientraitance, de respect de la personne handicap\u00e9e, qui para\u00eet s&rsquo;opposer point par point \u00e0 ce v\u00e9cu initial.<\/p>\n<p><strong>Un r\u00e9cit inspirant pour toutes les g\u00e9n\u00e9rations<\/strong><br \/>\nRaconter cette transformation par le r\u00e9cit d&rsquo;une pratique qui s&rsquo;appuie sur le quotidien, la rencontre avec ces personnes et leurs proches, c&rsquo;est peut-\u00eatre r\u00e9pondre aux questions que se posent des familles touch\u00e9es par le handicap, des \u00e9tudiants en formation, d&rsquo;autres qui envisagent de se diriger vers cette voie.<\/p>\n<p><strong>Un hommage \u00e0 l&rsquo;humanit\u00e9 : partager des rencontres enrichissantes<\/strong><br \/>\nAu travers de ce r\u00e9cit, au-del\u00e0 des exemples de pratique professionnelle qui peuvent int\u00e9resser des intervenants sociaux en devenir ou en exercice, des personnes en situation de handicap ou leurs proches, j&rsquo;aimerais rendre justice \u00e0 ces personnes souffrantes qui m&rsquo;ont accord\u00e9 leur confiance, ouvert leur intimit\u00e9, qui m&rsquo;ont enrichie de leurs faiblesses et de leur force.<\/p>\n<p><strong>Un message universel : la force des liens humains<\/strong><br \/>\nJe voudrais partager mes rencontres, \u00e9largir le cercle qui me relie \u00e0 tous ces gens qui ont travers\u00e9 mon chemin : exclus, rejet\u00e9s, en marge, parce que diff\u00e9rents, violents, malades. Je souhaite mettre au c\u0153ur de ce livre leur humanit\u00e9, leur douleur, leurs combats. Essayer d&rsquo;infl\u00e9chir certains regards, c&rsquo;est tenter de les remercier d&rsquo;avoir, \u00e0 ce point, rempli ma vie.<\/p>\n<p><em>Pr\u00e9sentation de l&rsquo;\u00e9diteur<\/em><\/p>\n<hr \/>\n<p><strong>Auteur :<\/strong> BONNAVE-SEILL\u00c8S M.<br \/>\n<strong>\u00c9diteur :<\/strong> Editions Chronique Sociale, 2024<br \/>\n<strong>ISBN :<\/strong> 978-2-36717-950-6<br \/>\n<strong>Cote documentaire :<\/strong> 5-20-BAN-P<br \/>\n<strong>Poids :<\/strong> 225g<br \/>\n<strong>Pages :<\/strong> 160 pages<\/p>\n<p><em>\u00a0<\/em><\/p>\n<span class=\"et_bloom_bottom_trigger\"><\/span>","protected":false},"excerpt":{"rendered":"<p>Le m\u00e9tier que j&rsquo;ai choisi et exerc\u00e9 avec passion pendant toute ma vie d&rsquo;adulte existe-t-il encore ? Tout a chang\u00e9, les normes, les r\u00e8gles, les attentes professionnelles, les formations.<\/p>\n","protected":false},"featured_media":3070,"comment_status":"closed","ping_status":"closed","template":"","meta":{"_et_pb_use_builder":"","_et_pb_old_content":"","_et_gb_content_width":"","spay_email":""},"class_list":["post-3069","product","type-product","status-publish","has-post-thumbnail","hentry","product_cat-livres","product_cat-nouveautes","product_tag-annonce","product_tag-citoyennete","product_tag-deuil","product_tag-education-specialisee","product_tag-ethique","product_tag-famille","product_tag-handicap-mental","product_tag-historique","product_tag-sexualite","product_tag-vie-affectice","product_tag-vieillissement"],"jetpack_sharing_enabled":true,"jetpack_likes_enabled":true,"_links":{"self":[{"href":"https:\/\/www.parthages.be\/eboutique\/wp-json\/wp\/v2\/product\/3069","targetHints":{"allow":["GET"]}}],"collection":[{"href":"https:\/\/www.parthages.be\/eboutique\/wp-json\/wp\/v2\/product"}],"about":[{"href":"https:\/\/www.parthages.be\/eboutique\/wp-json\/wp\/v2\/types\/product"}],"replies":[{"embeddable":true,"href":"https:\/\/www.parthages.be\/eboutique\/wp-json\/wp\/v2\/comments?post=3069"}],"wp:featuredmedia":[{"embeddable":true,"href":"https:\/\/www.parthages.be\/eboutique\/wp-json\/wp\/v2\/media\/3070"}],"wp:attachment":[{"href":"https:\/\/www.parthages.be\/eboutique\/wp-json\/wp\/v2\/media?parent=3069"}],"curies":[{"name":"wp","href":"https:\/\/api.w.org\/{rel}","templated":true}]}}

Pratique éducative et handicap mental

<h3>Un métier en mutation : le témoignage d&rsquo;une vie dédiée</h3>
<p><strong>Introduction : la passion d&rsquo;une vie</strong><br />
Le métier que j&rsquo;ai choisi et exercé avec passion pendant toute ma vie d&rsquo;adulte existe-t-il encore ? Tout a changé, les normes, les règles, les attentes professionnelles, les formations.</p>
<p><strong>La transformation du secteur médicosocial</strong><br />
On veut rapprocher le médicosocial du fonctionnement entrepreneurial. Les éducateurs deviennent parfois des « opérateurs » d&rsquo;une « entreprise sociale », offrant des « prestations ». Mais toutes les transformations ne sont pas négatives dans ce beau métier que j&rsquo;ai tant aimé, bien au contraire, et je peux témoigner de son évolution spectaculaire.</p>
<p><strong>Un passé difficile : des débuts dans la maltraitance</strong><br />
L&rsquo;histoire avait pourtant mal commencé, dans un monde qui nous semble d&rsquo;un autre temps : enfants entassés dans des locaux vétustes, auxquels était apporté le minimum de soins de survie, dans une maltraitance dont on ne connaissait même pas le nom !</p>
<p><strong>Une évolution vers la bientraitance</strong><br />
Quand j&rsquo;évoque mes premières expériences avec de jeunes professionnels de ce secteur, ils me regardent avec un sourire qui vacille, un recul, et je devine le doute inexprimé. Y a-t-il si longtemps ? Les années ont passé, les méthodes ont radicalement changé, et j&rsquo;ai eu la chance d&rsquo;exercer par la suite dans un contexte de bientraitance, de respect de la personne handicapée, qui paraît s&rsquo;opposer point par point à ce vécu initial.</p>
<p><strong>Un récit inspirant pour toutes les générations</strong><br />
Raconter cette transformation par le récit d&rsquo;une pratique qui s&rsquo;appuie sur le quotidien, la rencontre avec ces personnes et leurs proches, c&rsquo;est peut-être répondre aux questions que se posent des familles touchées par le handicap, des étudiants en formation, d&rsquo;autres qui envisagent de se diriger vers cette voie.</p>
<p><strong>Un hommage à l&rsquo;humanité : partager des rencontres enrichissantes</strong><br />
Au travers de ce récit, au-delà des exemples de pratique professionnelle qui peuvent intéresser des intervenants sociaux en devenir ou en exercice, des personnes en situation de handicap ou leurs proches, j&rsquo;aimerais rendre justice à ces personnes souffrantes qui m&rsquo;ont accordé leur confiance, ouvert leur intimité, qui m&rsquo;ont enrichie de leurs faiblesses et de leur force.</p>
<p><strong>Un message universel : la force des liens humains</strong><br />
Je voudrais partager mes rencontres, élargir le cercle qui me relie à tous ces gens qui ont traversé mon chemin : exclus, rejetés, en marge, parce que différents, violents, malades. Je souhaite mettre au cœur de ce livre leur humanité, leur douleur, leurs combats. Essayer d&rsquo;infléchir certains regards, c&rsquo;est tenter de les remercier d&rsquo;avoir, à ce point, rempli ma vie.</p>
<p><em>Présentation de l&rsquo;éditeur</em></p>
<hr />
<p><strong>Auteur :</strong> BONNAVE-SEILLÈS M.<br />
<strong>Éditeur :</strong> Editions Chronique Sociale, 2024<br />
<strong>ISBN :</strong> 978-2-36717-950-6<br />
<strong>Cote documentaire :</strong> 5-20-BAN-P<br />
<strong>Poids :</strong> 225g<br />
<strong>Pages :</strong> 160 pages</p>
<p><em> </em></p>
<span class="et_bloom_bottom_trigger"></span>

<p>Le métier que j&rsquo;ai choisi et exercé avec passion pendant toute ma vie d&rsquo;adulte existe-t-il encore ? Tout a changé, les normes, les règles, les attentes professionnelles, les formations.</p>
