{"id":3087,"date":"2024-09-24T11:57:01","date_gmt":"2024-09-24T09:57:01","guid":{"rendered":"https:\/\/www.parthages.be\/eboutique\/?post_type=product&#038;p=3087"},"modified":"2024-09-24T11:57:02","modified_gmt":"2024-09-24T09:57:02","slug":"le-handicap","status":"publish","type":"product","link":"https:\/\/www.parthages.be\/eboutique\/produit\/le-handicap\/","title":{"rendered":"Le handicap"},"content":{"rendered":"<h3>Toi, tu vois, tu entends, tu cours\u2026<\/h3>\n<p>Ton corps fonctionne peut-\u00eatre parfaitement, mais ce n\u2019est pas le cas pour tout le monde ! De nombreuses personnes souffrent d\u2019un handicap, ce qui les emp\u00eache de faire certaines choses et rend leur vie plus compliqu\u00e9e. Pas toujours facile de se promener en ville en fauteuil roulant, de se rep\u00e9rer quand on est aveugle, ou d\u2019apprendre \u00e0 lire aussi vite que ses copains quand on est trisomique. Souvent, la diff\u00e9rence et le handicap font peur.<\/p>\n<h3>Changer de regard sur le handicap<\/h3>\n<p>Et si on changeait de regard pour aller vers les autres et d\u00e9couvrir le monde dans lequel ils vivent ? Ce documentaire illustr\u00e9 r\u00e9pond \u00e0 toutes les questions des petits curieux \u00e0 partir de 3 ans. Avec des textes courts, instructifs, de belles illustrations et un papier ind\u00e9chirable, cet ouvrage est un outil id\u00e9al pour guider les enfants dans la d\u00e9couverte du monde et de ses diff\u00e9rences.<\/p>\n<p><em>Pr\u00e9sentation de l&rsquo;\u00e9diteur<\/em><\/p>\n<hr \/>\n<ul>\n<li><strong>Auteurs :<\/strong> LEDU S., RICHARD L.<\/li>\n<li><strong>\u00c9diteur :<\/strong> \u00c9ditions Milan Jeunesse, 2007<\/li>\n<li><strong>ISBN :<\/strong> 978-2-7459-2856-6<\/li>\n<li><strong>Cote documentaire :<\/strong> 11-LED-H<\/li>\n<li><strong>Poids :<\/strong> 250 g<\/li>\n<li><strong>Pages :<\/strong> 32 pages<\/li>\n<\/ul>\n<span class=\"et_bloom_bottom_trigger\"><\/span>","protected":false},"excerpt":{"rendered":"<p>Toi, tu vois, tu entends, tu cours\u2026 Ton corps fonctionne peut-\u00eatre parfaitement, mais ce n\u2019est pas le cas pour tout le monde !<\/p>\n","protected":false},"featured_media":3088,"comment_status":"closed","ping_status":"closed","template":"","meta":{"_et_pb_use_builder":"","_et_pb_old_content":"","_et_gb_content_width":"","spay_email":""},"class_list":["post-3087","product","type-product","status-publish","has-post-thumbnail","hentry","product_cat-livres-jeunesse","product_cat-nouveautes","product_tag-deficience-motrice","product_tag-difference","product_tag-discrimination","product_tag-enfant","product_tag-handicap","product_tag-outil","product_tag-regard","product_tag-respect","product_tag-sensibilisation","product_tag-solidarite"],"jetpack_sharing_enabled":true,"jetpack_likes_enabled":true,"_links":{"self":[{"href":"https:\/\/www.parthages.be\/eboutique\/wp-json\/wp\/v2\/product\/3087","targetHints":{"allow":["GET"]}}],"collection":[{"href":"https:\/\/www.parthages.be\/eboutique\/wp-json\/wp\/v2\/product"}],"about":[{"href":"https:\/\/www.parthages.be\/eboutique\/wp-json\/wp\/v2\/types\/product"}],"replies":[{"embeddable":true,"href":"https:\/\/www.parthages.be\/eboutique\/wp-json\/wp\/v2\/comments?post=3087"}],"wp:featuredmedia":[{"embeddable":true,"href":"https:\/\/www.parthages.be\/eboutique\/wp-json\/wp\/v2\/media\/3088"}],"wp:attachment":[{"href":"https:\/\/www.parthages.be\/eboutique\/wp-json\/wp\/v2\/media?parent=3087"}],"curies":[{"name":"wp","href":"https:\/\/api.w.org\/{rel}","templated":true}]}}