{"id":3114,"date":"2025-03-19T17:43:40","date_gmt":"2025-03-19T16:43:40","guid":{"rendered":"https:\/\/www.parthages.be\/eboutique\/?post_type=product&#038;p=3114"},"modified":"2025-03-19T17:43:42","modified_gmt":"2025-03-19T16:43:42","slug":"handicaps-invisibles-et-situations-personnelles-handicapantes","status":"publish","type":"product","link":"https:\/\/www.parthages.be\/eboutique\/produit\/handicaps-invisibles-et-situations-personnelles-handicapantes\/","title":{"rendered":"Handicaps invisibles et situations personnelles handicapantes"},"content":{"rendered":"<p data-start=\"68\" data-end=\"105\"><strong data-start=\"68\" data-end=\"103\">Comprendre pour agir au travail<\/strong><\/p>\n<p data-start=\"107\" data-end=\"348\">Aujourd\u2019hui, environ 10 millions de Fran\u00e7ais sont atteints d\u2019un handicap invisible. Ce chiffre impressionnant illustre l\u2019ampleur du sujet : de nombreux salari\u00e9s sont concern\u00e9s, mais la reconnaissance juridique n\u2019est pas toujours effective.<\/p>\n<p data-start=\"350\" data-end=\"651\">Parall\u00e8lement, m\u00e9decins, psychologues, managers et salari\u00e9s t\u00e9moignent que des situations personnelles d\u2019ordre familial (divorce, accompagnement d\u2019un proche malade, etc.) ou m\u00e9dical (cancer, maladie chronique non reconnue en tant que handicap, etc.) peuvent \u00eatre tout aussi difficiles et invisibles.<\/p>\n<h3 data-start=\"653\" data-end=\"696\">Une probl\u00e9matique en pleine \u00e9volution<\/h3>\n<p data-start=\"698\" data-end=\"1065\">Ces deux formes d\u2019invisibilit\u00e9 handicapante prennent de l\u2019ampleur dans un contexte de mutations soci\u00e9tales : \u00e9volution des configurations familiales, population vieillissante, aspirations des jeunes g\u00e9n\u00e9rations, allongement de la dur\u00e9e de vie au travail&#8230; Quels sont les enjeux pour les personnes concern\u00e9es, leurs coll\u00e8gues et, plus largement, pour l\u2019entreprise ?<\/p>\n<h3 data-start=\"1067\" data-end=\"1104\">Une approche pluridisciplinaire<\/h3>\n<p data-start=\"1106\" data-end=\"1389\">Cet ouvrage croise les regards de gestionnaires, juristes, psychologues, sociologues, conseillers handicap, m\u00e9decins et responsables d\u2019entreprises. Il met en lumi\u00e8re la diversit\u00e9 des situations d\u2019invisibilit\u00e9 ainsi que des actions concr\u00e8tes mises en place dans le cadre du travail.<\/p>\n<p data-start=\"1391\" data-end=\"1420\"><em data-start=\"1391\" data-end=\"1418\">Pr\u00e9sentation de l&rsquo;\u00e9diteur<\/em><\/p>\n<hr data-start=\"1422\" data-end=\"1427\" \/>\n<ul data-start=\"1429\" data-end=\"1818\" data-is-last-node=\"\" data-is-only-node=\"\">\n<li data-start=\"1429\" data-end=\"1480\"><strong data-start=\"1431\" data-end=\"1444\">Auteurs :<\/strong> JOYEAU A., MOISDON-CHATAIGNIER S.<\/li>\n<li data-start=\"1481\" data-end=\"1523\"><strong data-start=\"1483\" data-end=\"1496\">\u00c9diteur :<\/strong> Presses de l\u2019EHESP, 2022<\/li>\n<li data-start=\"1524\" data-end=\"1556\"><strong data-start=\"1526\" data-end=\"1536\">ISBN :<\/strong> 978-2-8109-0998-8<\/li>\n<li data-start=\"1557\" data-end=\"1595\"><strong data-start=\"1559\" data-end=\"1582\">Cote documentaire :<\/strong> 4-60-JOY-H<\/li>\n<li data-start=\"1596\" data-end=\"1617\"><strong data-start=\"1598\" data-end=\"1609\">Poids :<\/strong> 350 g<\/li>\n<li data-start=\"1618\" data-end=\"1643\"><strong data-start=\"1620\" data-end=\"1631\">Pages :<\/strong> 285 pages<\/li>\n<\/ul>\n<span class=\"et_bloom_bottom_trigger\"><\/span>","protected":false},"excerpt":{"rendered":"<p data-start=\"161\" data-end=\"326\">D\u00e9couvrez comment les handicaps invisibles et situations personnelles impactent le travail et quelles solutions mettre en place pour un environnement inclusif.<\/p>\n<h3 data-start=\"328\" data-end=\"353\"><\/h3>\n","protected":false},"featured_media":3115,"comment_status":"closed","ping_status":"closed","template":"","meta":{"_et_pb_use_builder":"","_et_pb_old_content":"","_et_gb_content_width":"","spay_email":""},"class_list":["post-3114","product","type-product","status-publish","has-post-thumbnail","hentry","product_cat-livres","product_tag-defis-juridiques","product_tag-handicap-invisible","product_tag-milieu-du-travail","product_tag-personne-handicapee","product_tag-qualite-de-vie","product_tag-reconnaissance","product_tag-reconnaissance-juridique","product_tag-regard","product_tag-temoignage"],"jetpack_sharing_enabled":true,"jetpack_likes_enabled":true,"_links":{"self":[{"href":"https:\/\/www.parthages.be\/eboutique\/wp-json\/wp\/v2\/product\/3114","targetHints":{"allow":["GET"]}}],"collection":[{"href":"https:\/\/www.parthages.be\/eboutique\/wp-json\/wp\/v2\/product"}],"about":[{"href":"https:\/\/www.parthages.be\/eboutique\/wp-json\/wp\/v2\/types\/product"}],"replies":[{"embeddable":true,"href":"https:\/\/www.parthages.be\/eboutique\/wp-json\/wp\/v2\/comments?post=3114"}],"wp:featuredmedia":[{"embeddable":true,"href":"https:\/\/www.parthages.be\/eboutique\/wp-json\/wp\/v2\/media\/3115"}],"wp:attachment":[{"href":"https:\/\/www.parthages.be\/eboutique\/wp-json\/wp\/v2\/media?parent=3114"}],"curies":[{"name":"wp","href":"https:\/\/api.w.org\/{rel}","templated":true}]}}

<p data-start="68" data-end="105"><strong data-start="68" data-end="103">Comprendre pour agir au travail</strong></p>
<p data-start="107" data-end="348">Aujourd’hui, environ 10 millions de Français sont atteints d’un handicap invisible. Ce chiffre impressionnant illustre l’ampleur du sujet : de nombreux salariés sont concernés, mais la reconnaissance juridique n’est pas toujours effective.</p>
<p data-start="350" data-end="651">Parallèlement, médecins, psychologues, managers et salariés témoignent que des situations personnelles d’ordre familial (divorce, accompagnement d’un proche malade, etc.) ou médical (cancer, maladie chronique non reconnue en tant que handicap, etc.) peuvent être tout aussi difficiles et invisibles.</p>
<h3 data-start="653" data-end="696">Une problématique en pleine évolution</h3>
<p data-start="698" data-end="1065">Ces deux formes d’invisibilité handicapante prennent de l’ampleur dans un contexte de mutations sociétales : évolution des configurations familiales, population vieillissante, aspirations des jeunes générations, allongement de la durée de vie au travail&#8230; Quels sont les enjeux pour les personnes concernées, leurs collègues et, plus largement, pour l’entreprise ?</p>
<h3 data-start="1067" data-end="1104">Une approche pluridisciplinaire</h3>
<p data-start="1106" data-end="1389">Cet ouvrage croise les regards de gestionnaires, juristes, psychologues, sociologues, conseillers handicap, médecins et responsables d’entreprises. Il met en lumière la diversité des situations d’invisibilité ainsi que des actions concrètes mises en place dans le cadre du travail.</p>
<p data-start="1391" data-end="1420"><em data-start="1391" data-end="1418">Présentation de l&rsquo;éditeur</em></p>
<hr data-start="1422" data-end="1427" />
<ul data-start="1429" data-end="1818" data-is-last-node="" data-is-only-node="">
<li data-start="1429" data-end="1480"><strong data-start="1431" data-end="1444">Auteurs :</strong> JOYEAU A., MOISDON-CHATAIGNIER S.</li>
<li data-start="1481" data-end="1523"><strong data-start="1483" data-end="1496">Éditeur :</strong> Presses de l’EHESP, 2022</li>
<li data-start="1524" data-end="1556"><strong data-start="1526" data-end="1536">ISBN :</strong> 978-2-8109-0998-8</li>
<li data-start="1557" data-end="1595"><strong data-start="1559" data-end="1582">Cote documentaire :</strong> 4-60-JOY-H</li>
<li data-start="1596" data-end="1617"><strong data-start="1598" data-end="1609">Poids :</strong> 350 g</li>
<li data-start="1618" data-end="1643"><strong data-start="1620" data-end="1631">Pages :</strong> 285 pages</li>
</ul>
<span class="et_bloom_bottom_trigger"></span>

<p data-start="161" data-end="326">Découvrez comment les handicaps invisibles et situations personnelles impactent le travail et quelles solutions mettre en place pour un environnement inclusif.</p>
<h3 data-start="328" data-end="353"></h3>
