{"id":3126,"date":"2025-03-19T18:04:42","date_gmt":"2025-03-19T17:04:42","guid":{"rendered":"https:\/\/www.parthages.be\/eboutique\/?post_type=product&#038;p=3126"},"modified":"2025-03-19T18:08:23","modified_gmt":"2025-03-19T17:08:23","slug":"pourquoi-tu-te-moques-grandir-avec-lx-fragile","status":"publish","type":"product","link":"https:\/\/www.parthages.be\/eboutique\/produit\/pourquoi-tu-te-moques-grandir-avec-lx-fragile\/","title":{"rendered":"Pourquoi tu te moques ? Grandir avec l\u2019X fragile"},"content":{"rendered":"<p data-start=\"56\" data-end=\"418\"><strong data-start=\"56\" data-end=\"416\">\u00ab Je m\u2019appelle Mike. Il y a tellement de choses que je voudrais dire, mais on ne m\u2019\u00e9coute pas. Alors, ma maman a eu l\u2019id\u00e9e de prendre la parole pour moi, afin de vous raconter toute la richesse que ma diff\u00e9rence implique. Contrairement \u00e0 ce qu\u2019on peut penser, la nature nous a peut-\u00eatre priv\u00e9s de quelque chose, mais en retour, elle nous offre tellement\u2026 \u00bb<\/strong><\/p>\n<p data-start=\"420\" data-end=\"588\">Le fils d\u2019\u00c9milie Weight a 2 ans lorsqu\u2019il est diagnostiqu\u00e9 X fragile, une maladie g\u00e9n\u00e9tique rare et m\u00e9connue, premi\u00e8re cause de d\u00e9ficience intellectuelle h\u00e9r\u00e9ditaire.<\/p>\n<h3 data-start=\"590\" data-end=\"627\">Un t\u00e9moignage en bande dessin\u00e9e<\/h3>\n<p data-start=\"629\" data-end=\"936\">\u00c0 travers cette BD illustr\u00e9e par Korrig\u2019Anne, sa m\u00e8re nous livre un t\u00e9moignage engag\u00e9 et poignant sur le quotidien de son fils, son amour pour lui, la fiert\u00e9 qu\u2019il lui inspire et tous les apprentissages qu\u2019il lui apporte. Un r\u00e9cit destin\u00e9 \u00e0 changer le regard sur la diff\u00e9rence et \u00e0 promouvoir l\u2019inclusion.<\/p>\n<p data-start=\"938\" data-end=\"967\"><em data-start=\"938\" data-end=\"965\">Pr\u00e9sentation de l&rsquo;\u00e9diteur<\/em><\/p>\n<hr data-start=\"969\" data-end=\"974\" \/>\n<ul data-start=\"976\" data-end=\"1365\" data-is-only-node=\"\" data-is-last-node=\"\">\n<li data-start=\"976\" data-end=\"1016\"><strong data-start=\"978\" data-end=\"991\">Auteurs :<\/strong> WEIGHT E., KORRIG\u2019ANNE<\/li>\n<li data-start=\"1017\" data-end=\"1055\"><strong data-start=\"1019\" data-end=\"1032\">\u00c9diteur :<\/strong> \u00c9ditions Leduc, 2023<\/li>\n<li data-start=\"1056\" data-end=\"1088\"><strong data-start=\"1058\" data-end=\"1068\">ISBN :<\/strong> 979-10-285-2939-0<\/li>\n<li data-start=\"1089\" data-end=\"1127\"><strong data-start=\"1091\" data-end=\"1114\">Cote documentaire :<\/strong> 1-20-WEI-P<\/li>\n<li data-start=\"1128\" data-end=\"1149\"><strong data-start=\"1130\" data-end=\"1141\">Poids :<\/strong> 487 g<\/li>\n<li data-start=\"1150\" data-end=\"1175\"><strong data-start=\"1152\" data-end=\"1163\">Pages :<\/strong> 160 pages<\/li>\n<\/ul>\n<span class=\"et_bloom_bottom_trigger\"><\/span>","protected":false},"excerpt":{"rendered":"<p>Un t\u00e9moignage \u00e9mouvant en BD sur l\u2019X fragile, une maladie g\u00e9n\u00e9tique rare, et le quotidien d\u2019un enfant porteur de cette diff\u00e9rence, entre d\u00e9fis et richesses.<\/p>\n<p>&nbsp;<\/p>\n","protected":false},"featured_media":3127,"comment_status":"closed","ping_status":"closed","template":"","meta":{"_et_pb_use_builder":"","_et_pb_old_content":"","_et_gb_content_width":"","spay_email":""},"class_list":["post-3126","product","type-product","status-publish","has-post-thumbnail","hentry","product_cat-livres","product_tag-annonce-du-handicap","product_tag-bd","product_tag-diagnostic","product_tag-difference","product_tag-famille","product_tag-heredite","product_tag-inclusion","product_tag-maladie-genetique","product_tag-personne-handicapee","product_tag-quotidien","product_tag-sante","product_tag-temoignage","product_tag-tolerance","product_tag-x-fragile"],"jetpack_sharing_enabled":true,"jetpack_likes_enabled":true,"_links":{"self":[{"href":"https:\/\/www.parthages.be\/eboutique\/wp-json\/wp\/v2\/product\/3126","targetHints":{"allow":["GET"]}}],"collection":[{"href":"https:\/\/www.parthages.be\/eboutique\/wp-json\/wp\/v2\/product"}],"about":[{"href":"https:\/\/www.parthages.be\/eboutique\/wp-json\/wp\/v2\/types\/product"}],"replies":[{"embeddable":true,"href":"https:\/\/www.parthages.be\/eboutique\/wp-json\/wp\/v2\/comments?post=3126"}],"wp:featuredmedia":[{"embeddable":true,"href":"https:\/\/www.parthages.be\/eboutique\/wp-json\/wp\/v2\/media\/3127"}],"wp:attachment":[{"href":"https:\/\/www.parthages.be\/eboutique\/wp-json\/wp\/v2\/media?parent=3126"}],"curies":[{"name":"wp","href":"https:\/\/api.w.org\/{rel}","templated":true}]}}

<p data-start="56" data-end="418"><strong data-start="56" data-end="416">« Je m’appelle Mike. Il y a tellement de choses que je voudrais dire, mais on ne m’écoute pas. Alors, ma maman a eu l’idée de prendre la parole pour moi, afin de vous raconter toute la richesse que ma différence implique. Contrairement à ce qu’on peut penser, la nature nous a peut-être privés de quelque chose, mais en retour, elle nous offre tellement… »</strong></p>
<p data-start="420" data-end="588">Le fils d’Émilie Weight a 2 ans lorsqu’il est diagnostiqué X fragile, une maladie génétique rare et méconnue, première cause de déficience intellectuelle héréditaire.</p>
<h3 data-start="590" data-end="627">Un témoignage en bande dessinée</h3>
<p data-start="629" data-end="936">À travers cette BD illustrée par Korrig’Anne, sa mère nous livre un témoignage engagé et poignant sur le quotidien de son fils, son amour pour lui, la fierté qu’il lui inspire et tous les apprentissages qu’il lui apporte. Un récit destiné à changer le regard sur la différence et à promouvoir l’inclusion.</p>
<p data-start="938" data-end="967"><em data-start="938" data-end="965">Présentation de l&rsquo;éditeur</em></p>
<hr data-start="969" data-end="974" />
<ul data-start="976" data-end="1365" data-is-only-node="" data-is-last-node="">
<li data-start="976" data-end="1016"><strong data-start="978" data-end="991">Auteurs :</strong> WEIGHT E., KORRIG’ANNE</li>
<li data-start="1017" data-end="1055"><strong data-start="1019" data-end="1032">Éditeur :</strong> Éditions Leduc, 2023</li>
<li data-start="1056" data-end="1088"><strong data-start="1058" data-end="1068">ISBN :</strong> 979-10-285-2939-0</li>
<li data-start="1089" data-end="1127"><strong data-start="1091" data-end="1114">Cote documentaire :</strong> 1-20-WEI-P</li>
<li data-start="1128" data-end="1149"><strong data-start="1130" data-end="1141">Poids :</strong> 487 g</li>
<li data-start="1150" data-end="1175"><strong data-start="1152" data-end="1163">Pages :</strong> 160 pages</li>
</ul>
<span class="et_bloom_bottom_trigger"></span>

<p>Un témoignage émouvant en BD sur l’X fragile, une maladie génétique rare, et le quotidien d’un enfant porteur de cette différence, entre défis et richesses.</p>
<p>&nbsp;</p>
