{"id":3128,"date":"2025-03-19T18:07:52","date_gmt":"2025-03-19T17:07:52","guid":{"rendered":"https:\/\/www.parthages.be\/eboutique\/?post_type=product&#038;p=3128"},"modified":"2025-03-19T18:07:53","modified_gmt":"2025-03-19T17:07:53","slug":"eduquer-par-le-corps-a-lempathie","status":"publish","type":"product","link":"https:\/\/www.parthages.be\/eboutique\/produit\/eduquer-par-le-corps-a-lempathie\/","title":{"rendered":"\u00c9duquer par le corps \u00e0 l\u2019empathie"},"content":{"rendered":"<p data-start=\"40\" data-end=\"127\"><strong data-start=\"40\" data-end=\"125\">Favoriser le bien-\u00eatre et les apprentissages contre la violence et le harc\u00e8lement<\/strong><\/p>\n<p data-start=\"129\" data-end=\"419\">Apprendre \u00e0 vivre, \u00e0 ressentir, \u00e0 identifier ses propres \u00e9motions, les reconna\u00eetre, les verbaliser et discerner celles de ses camarades pour mieux les comprendre, c\u2019est offrir aux \u00e9l\u00e8ves la possibilit\u00e9 de s\u2019ouvrir aux autres et de r\u00e9sister \u00e0 la tentation du harc\u00e8lement et de la violence.<\/p>\n<h3 data-start=\"421\" data-end=\"459\">Une approche \u00e9ducative innovante<\/h3>\n<p data-start=\"461\" data-end=\"928\">Depuis plus de vingt ans, Omar Zanna d\u00e9veloppe une <strong data-start=\"512\" data-end=\"559\">\u00e9ducation par le corps \u00e0 l\u2019empathie (EPCAE)<\/strong>. D\u2019abord exp\u00e9riment\u00e9e aupr\u00e8s de mineurs d\u00e9linquants, puis aupr\u00e8s d\u2019\u00e9coliers et de coll\u00e9giens, cette approche va au-del\u00e0 de l\u2019apprentissage du respect des diff\u00e9rences. Elle invite les \u00e9l\u00e8ves \u00e0 changer de perspective, \u00e0 ressentir ce que l\u2019autre ressent et \u00e0 adopter son point de vue, favorisant ainsi <strong data-start=\"859\" data-end=\"925\">le partage des \u00e9motions et la reconnaissance des ressemblances<\/strong>.<\/p>\n<h3 data-start=\"930\" data-end=\"968\">Des outils p\u00e9dagogiques concrets<\/h3>\n<p data-start=\"970\" data-end=\"1285\">Cet ouvrage propose une s\u00e9rie de cas pratiques illustrant la mani\u00e8re d\u2019int\u00e9grer en classe un travail sur <strong data-start=\"1075\" data-end=\"1131\">les \u00e9motions, l\u2019empathie et les savoirs fondamentaux<\/strong>. Un guide pr\u00e9cieux pour les enseignants et \u00e9ducateurs souhaitant lutter contre la violence et le harc\u00e8lement en favorisant le bien-\u00eatre et l\u2019inclusion.<\/p>\n<p data-start=\"1287\" data-end=\"1316\"><em data-start=\"1287\" data-end=\"1314\">Pr\u00e9sentation de l&rsquo;\u00e9diteur<\/em><\/p>\n<hr data-start=\"1318\" data-end=\"1323\" \/>\n<ul data-start=\"1325\" data-end=\"1662\" data-is-last-node=\"\" data-is-only-node=\"\">\n<li data-start=\"1325\" data-end=\"1350\"><strong data-start=\"1327\" data-end=\"1339\">Auteur :<\/strong> ZANNA O.<\/li>\n<li data-start=\"1351\" data-end=\"1389\"><strong data-start=\"1353\" data-end=\"1366\">\u00c9diteur :<\/strong> \u00c9ditions Dunod, 2024<\/li>\n<li data-start=\"1390\" data-end=\"1422\"><strong data-start=\"1392\" data-end=\"1402\">ISBN :<\/strong> 978-2-10-086639-7<\/li>\n<li data-start=\"1423\" data-end=\"1462\"><strong data-start=\"1425\" data-end=\"1448\">Cote documentaire :<\/strong> 10-30-ZAN-E<\/li>\n<li data-start=\"1463\" data-end=\"1484\"><strong data-start=\"1465\" data-end=\"1476\">Poids :<\/strong> 280 g<\/li>\n<li data-start=\"1485\" data-end=\"1510\"><strong data-start=\"1487\" data-end=\"1498\">Pages :<\/strong> 244 pages<\/li>\n<\/ul>\n<span class=\"et_bloom_bottom_trigger\"><\/span>","protected":false},"excerpt":{"rendered":"<p>Omar Zanna propose une m\u00e9thode \u00e9ducative innovante pour d\u00e9velopper l\u2019empathie chez les \u00e9l\u00e8ves et lutter contre la violence et le harc\u00e8lement scolaire.<\/p>\n<p>&nbsp;<\/p>\n","protected":false},"featured_media":3129,"comment_status":"closed","ping_status":"closed","template":"","meta":{"_et_pb_use_builder":"","_et_pb_old_content":"","_et_gb_content_width":"","spay_email":""},"class_list":["post-3128","product","type-product","status-publish","has-post-thumbnail","hentry","product_cat-livres","product_tag-difference","product_tag-education","product_tag-eleve","product_tag-emotion","product_tag-empathie","product_tag-harcelement","product_tag-methodologie","product_tag-mineur-delinquant","product_tag-outil-pedagogique","product_tag-partage","product_tag-violence"],"jetpack_sharing_enabled":true,"jetpack_likes_enabled":true,"_links":{"self":[{"href":"https:\/\/www.parthages.be\/eboutique\/wp-json\/wp\/v2\/product\/3128","targetHints":{"allow":["GET"]}}],"collection":[{"href":"https:\/\/www.parthages.be\/eboutique\/wp-json\/wp\/v2\/product"}],"about":[{"href":"https:\/\/www.parthages.be\/eboutique\/wp-json\/wp\/v2\/types\/product"}],"replies":[{"embeddable":true,"href":"https:\/\/www.parthages.be\/eboutique\/wp-json\/wp\/v2\/comments?post=3128"}],"wp:featuredmedia":[{"embeddable":true,"href":"https:\/\/www.parthages.be\/eboutique\/wp-json\/wp\/v2\/media\/3129"}],"wp:attachment":[{"href":"https:\/\/www.parthages.be\/eboutique\/wp-json\/wp\/v2\/media?parent=3128"}],"curies":[{"name":"wp","href":"https:\/\/api.w.org\/{rel}","templated":true}]}}