{"id":3136,"date":"2025-03-19T18:21:08","date_gmt":"2025-03-19T17:21:08","guid":{"rendered":"https:\/\/www.parthages.be\/eboutique\/?post_type=product&#038;p=3136"},"modified":"2025-03-19T18:21:09","modified_gmt":"2025-03-19T17:21:09","slug":"quand-le-handicap-sinvite-au-cours-de-la-vie","status":"publish","type":"product","link":"https:\/\/www.parthages.be\/eboutique\/produit\/quand-le-handicap-sinvite-au-cours-de-la-vie\/","title":{"rendered":"Quand le handicap s\u2019invite au cours de la vie"},"content":{"rendered":"<p data-start=\"53\" data-end=\"481\">Le handicap peut s&rsquo;inviter au cours de la vie \u00e0 n&rsquo;importe quel \u00e2ge, \u00e0 la suite d&rsquo;un accident ou d&rsquo;une maladie. Cette survenue, brutale ou insidieuse, inattendue ou pr\u00e9visible, bouleverse le sujet dans sa relation au monde, change son statut social et modifie ses liens avec ses proches. Elle peut remettre en cause ses investissements les plus fondamentaux et, lorsqu&rsquo;il s&rsquo;agit d&rsquo;un enfant, affecter m\u00eame son envie de grandir.<\/p>\n<h3 data-start=\"483\" data-end=\"529\">Une transformation profonde du quotidien<\/h3>\n<p data-start=\"531\" data-end=\"833\">Qu&rsquo;il soit li\u00e9 \u00e0 un traumatisme cr\u00e2nien, un coma prolong\u00e9, une maladie \u00e9volutive ou une maladie neurod\u00e9g\u00e9n\u00e9rative, <strong data-start=\"646\" data-end=\"694\">le handicap acquis impacte l&rsquo;avenir du sujet<\/strong>. D\u00e9sormais, projets et souhaits doivent dialoguer entre <strong data-start=\"751\" data-end=\"830\">la nostalgie du pass\u00e9, les difficult\u00e9s du pr\u00e9sent et la crainte de l&rsquo;avenir<\/strong>.<\/p>\n<h3 data-start=\"835\" data-end=\"869\">Un regard pluridisciplinaire<\/h3>\n<p data-start=\"871\" data-end=\"1246\">Comment transformer cette \u00e9tape de la vie en <strong data-start=\"916\" data-end=\"943\">exp\u00e9rience structurante<\/strong> ? Les auteurs explorent cette question \u00e0 travers la clinique, mais aussi la litt\u00e9rature, l&rsquo;art et l&rsquo;anthropologie. Ils montrent comment <strong data-start=\"1080\" data-end=\"1140\">les professionnels, les aidants familiaux et l&rsquo;entourage<\/strong> participent au maintien de <strong data-start=\"1168\" data-end=\"1195\">la continuit\u00e9 de l\u2019\u00eatre<\/strong> chez les personnes \u00e9branl\u00e9es dans leur identit\u00e9.<\/p>\n<p data-start=\"1248\" data-end=\"1277\"><em data-start=\"1248\" data-end=\"1275\">Pr\u00e9sentation de l&rsquo;\u00e9diteur<\/em><\/p>\n<hr data-start=\"1279\" data-end=\"1284\" \/>\n<ul data-start=\"1286\" data-end=\"1671\" data-is-last-node=\"\" data-is-only-node=\"\">\n<li data-start=\"1286\" data-end=\"1313\"><strong data-start=\"1288\" data-end=\"1300\">Auteur :<\/strong> BOISSEL A.<\/li>\n<li data-start=\"1314\" data-end=\"1351\"><strong data-start=\"1316\" data-end=\"1329\">\u00c9diteur :<\/strong> \u00c9ditions \u00c9r\u00e8s, 2020<\/li>\n<li data-start=\"1352\" data-end=\"1384\"><strong data-start=\"1354\" data-end=\"1364\">ISBN :<\/strong> 978-2-203-28202-5<\/li>\n<li data-start=\"1385\" data-end=\"1423\"><strong data-start=\"1387\" data-end=\"1410\">Cote documentaire :<\/strong> 1-20-BOI-Q<\/li>\n<li data-start=\"1424\" data-end=\"1445\"><strong data-start=\"1426\" data-end=\"1437\">Poids :<\/strong> 200 g<\/li>\n<li data-start=\"1446\" data-end=\"1471\"><strong data-start=\"1448\" data-end=\"1459\">Pages :<\/strong> 220 pages<\/li>\n<\/ul>\n<span class=\"et_bloom_bottom_trigger\"><\/span>","protected":false},"excerpt":{"rendered":"<p>Un ouvrage essentiel sur l&rsquo;impact du handicap acquis, son annonce et l\u2019adaptation sociale, avec des perspectives cliniques, litt\u00e9raires et anthropologiques.<\/p>\n<p>&nbsp;<\/p>\n","protected":false},"featured_media":3137,"comment_status":"closed","ping_status":"closed","template":"","meta":{"_et_pb_use_builder":"","_et_pb_old_content":"","_et_gb_content_width":"","spay_email":""},"class_list":["post-3136","product","type-product","status-publish","has-post-thumbnail","hentry","product_cat-livres","product_tag-accident","product_tag-accompagnement","product_tag-aidant-familial","product_tag-annonce-du-handicap","product_tag-genetique","product_tag-maladie-degenerative","product_tag-personne-handicapee","product_tag-relation","product_tag-statut-social","product_tag-survenue-du-handicap","product_tag-travail-social"],"jetpack_sharing_enabled":true,"jetpack_likes_enabled":true,"_links":{"self":[{"href":"https:\/\/www.parthages.be\/eboutique\/wp-json\/wp\/v2\/product\/3136","targetHints":{"allow":["GET"]}}],"collection":[{"href":"https:\/\/www.parthages.be\/eboutique\/wp-json\/wp\/v2\/product"}],"about":[{"href":"https:\/\/www.parthages.be\/eboutique\/wp-json\/wp\/v2\/types\/product"}],"replies":[{"embeddable":true,"href":"https:\/\/www.parthages.be\/eboutique\/wp-json\/wp\/v2\/comments?post=3136"}],"wp:featuredmedia":[{"embeddable":true,"href":"https:\/\/www.parthages.be\/eboutique\/wp-json\/wp\/v2\/media\/3137"}],"wp:attachment":[{"href":"https:\/\/www.parthages.be\/eboutique\/wp-json\/wp\/v2\/media?parent=3136"}],"curies":[{"name":"wp","href":"https:\/\/api.w.org\/{rel}","templated":true}]}}

<p data-start="53" data-end="481">Le handicap peut s&rsquo;inviter au cours de la vie à n&rsquo;importe quel âge, à la suite d&rsquo;un accident ou d&rsquo;une maladie. Cette survenue, brutale ou insidieuse, inattendue ou prévisible, bouleverse le sujet dans sa relation au monde, change son statut social et modifie ses liens avec ses proches. Elle peut remettre en cause ses investissements les plus fondamentaux et, lorsqu&rsquo;il s&rsquo;agit d&rsquo;un enfant, affecter même son envie de grandir.</p>
<h3 data-start="483" data-end="529">Une transformation profonde du quotidien</h3>
<p data-start="531" data-end="833">Qu&rsquo;il soit lié à un traumatisme crânien, un coma prolongé, une maladie évolutive ou une maladie neurodégénérative, <strong data-start="646" data-end="694">le handicap acquis impacte l&rsquo;avenir du sujet</strong>. Désormais, projets et souhaits doivent dialoguer entre <strong data-start="751" data-end="830">la nostalgie du passé, les difficultés du présent et la crainte de l&rsquo;avenir</strong>.</p>
<h3 data-start="835" data-end="869">Un regard pluridisciplinaire</h3>
<p data-start="871" data-end="1246">Comment transformer cette étape de la vie en <strong data-start="916" data-end="943">expérience structurante</strong> ? Les auteurs explorent cette question à travers la clinique, mais aussi la littérature, l&rsquo;art et l&rsquo;anthropologie. Ils montrent comment <strong data-start="1080" data-end="1140">les professionnels, les aidants familiaux et l&rsquo;entourage</strong> participent au maintien de <strong data-start="1168" data-end="1195">la continuité de l’être</strong> chez les personnes ébranlées dans leur identité.</p>
<p data-start="1248" data-end="1277"><em data-start="1248" data-end="1275">Présentation de l&rsquo;éditeur</em></p>
<hr data-start="1279" data-end="1284" />
<ul data-start="1286" data-end="1671" data-is-last-node="" data-is-only-node="">
<li data-start="1286" data-end="1313"><strong data-start="1288" data-end="1300">Auteur :</strong> BOISSEL A.</li>
<li data-start="1314" data-end="1351"><strong data-start="1316" data-end="1329">Éditeur :</strong> Éditions Érès, 2020</li>
<li data-start="1352" data-end="1384"><strong data-start="1354" data-end="1364">ISBN :</strong> 978-2-203-28202-5</li>
<li data-start="1385" data-end="1423"><strong data-start="1387" data-end="1410">Cote documentaire :</strong> 1-20-BOI-Q</li>
<li data-start="1424" data-end="1445"><strong data-start="1426" data-end="1437">Poids :</strong> 200 g</li>
<li data-start="1446" data-end="1471"><strong data-start="1448" data-end="1459">Pages :</strong> 220 pages</li>
</ul>
<span class="et_bloom_bottom_trigger"></span>

<p>Un ouvrage essentiel sur l&rsquo;impact du handicap acquis, son annonce et l’adaptation sociale, avec des perspectives cliniques, littéraires et anthropologiques.</p>
<p>&nbsp;</p>
