{"id":3139,"date":"2025-03-20T16:53:33","date_gmt":"2025-03-20T15:53:33","guid":{"rendered":"https:\/\/www.parthages.be\/eboutique\/?post_type=product&#038;p=3139"},"modified":"2025-03-20T16:53:35","modified_gmt":"2025-03-20T15:53:35","slug":"quand-tu-as-perdu-la-vue-jai-vu-ta-plus-belle-lumiere","status":"publish","type":"product","link":"https:\/\/www.parthages.be\/eboutique\/produit\/quand-tu-as-perdu-la-vue-jai-vu-ta-plus-belle-lumiere\/","title":{"rendered":"Quand tu as perdu la vue&#8230; &#8230;j\u2019ai vu ta plus belle lumi\u00e8re"},"content":{"rendered":"<p data-start=\"79\" data-end=\"265\">\u00c0 travers mes yeux d\u2019enfant, comment ai-je v\u00e9cu le handicap visuel de mon papa ? De l\u2019ombre \u00e0 la lumi\u00e8re, venez d\u00e9couvrir comment je l\u2019ai vu se relever et briller \u00e0 travers mon regard.<\/p>\n<p data-start=\"267\" data-end=\"481\">Je vous d\u00e9voile une partie de ma vie qui, je l\u2019esp\u00e8re, vous apportera de la positivit\u00e9. Faites le plein d\u2019\u00e9motions et de partages, et embarquez avec moi dans ce passage de ma vie aux c\u00f4t\u00e9s de mon h\u00e9ros, mon papa.<\/p>\n<p data-start=\"483\" data-end=\"548\">Des conseils, des informations, mais surtout, un r\u00e9cit du c\u0153ur.<\/p>\n<p data-start=\"550\" data-end=\"579\"><em data-start=\"550\" data-end=\"577\">Pr\u00e9sentation de l&rsquo;\u00e9diteur<\/em><\/p>\n<hr data-start=\"581\" data-end=\"586\" \/>\n<ul data-start=\"588\" data-end=\"815\" data-is-only-node=\"\" data-is-last-node=\"\">\n<li data-start=\"588\" data-end=\"620\"><strong data-start=\"590\" data-end=\"602\">Auteur :<\/strong> MONNET-MARET A.<\/li>\n<li data-start=\"621\" data-end=\"658\"><strong data-start=\"623\" data-end=\"636\">\u00c9diteur :<\/strong> \u00c9ditions Ma\u00efa, 2024<\/li>\n<li data-start=\"659\" data-end=\"690\"><strong data-start=\"661\" data-end=\"671\">ISBN :<\/strong> 979-104250-671-1<\/li>\n<li data-start=\"691\" data-end=\"727\"><strong data-start=\"693\" data-end=\"716\">Cote documentaire :<\/strong> 11-MON-Q<\/li>\n<li data-start=\"728\" data-end=\"749\"><strong data-start=\"730\" data-end=\"741\">Poids :<\/strong> 350 g<\/li>\n<li data-start=\"750\" data-end=\"774\"><strong data-start=\"752\" data-end=\"763\">Pages :<\/strong> 63 pages<\/li>\n<li data-start=\"775\" data-end=\"815\" data-is-last-node=\"\"><strong data-start=\"777\" data-end=\"791\">Remarque :<\/strong> Uniquement \u00e0 la vente<\/li>\n<\/ul>\n<span class=\"et_bloom_bottom_trigger\"><\/span>","protected":false},"excerpt":{"rendered":"<p data-start=\"160\" data-end=\"319\">Un t\u00e9moignage jeunesse touchant sur le handicap visuel d\u2019un p\u00e8re, vu \u00e0 travers les yeux de son enfant. Une histoire d\u2019amour, de r\u00e9silience et de lumi\u00e8re.<\/p>\n<h3 data-start=\"321\" data-end=\"346\"><\/h3>\n<h3 data-start=\"110\" data-end=\"159\"><\/h3>\n","protected":false},"featured_media":3140,"comment_status":"closed","ping_status":"closed","template":"","meta":{"_et_pb_use_builder":"","_et_pb_old_content":"","_et_gb_content_width":"","spay_email":""},"class_list":["post-3139","product","type-product","status-publish","has-post-thumbnail","hentry","product_cat-livres-jeunesse","product_tag-adulte","product_tag-emotion","product_tag-enfant","product_tag-glaucome","product_tag-handicap-visuel","product_tag-lecon-de-vie","product_tag-partage","product_tag-roman"],"jetpack_sharing_enabled":true,"jetpack_likes_enabled":true,"_links":{"self":[{"href":"https:\/\/www.parthages.be\/eboutique\/wp-json\/wp\/v2\/product\/3139","targetHints":{"allow":["GET"]}}],"collection":[{"href":"https:\/\/www.parthages.be\/eboutique\/wp-json\/wp\/v2\/product"}],"about":[{"href":"https:\/\/www.parthages.be\/eboutique\/wp-json\/wp\/v2\/types\/product"}],"replies":[{"embeddable":true,"href":"https:\/\/www.parthages.be\/eboutique\/wp-json\/wp\/v2\/comments?post=3139"}],"wp:featuredmedia":[{"embeddable":true,"href":"https:\/\/www.parthages.be\/eboutique\/wp-json\/wp\/v2\/media\/3140"}],"wp:attachment":[{"href":"https:\/\/www.parthages.be\/eboutique\/wp-json\/wp\/v2\/media?parent=3139"}],"curies":[{"name":"wp","href":"https:\/\/api.w.org\/{rel}","templated":true}]}}