{"id":3155,"date":"2025-09-09T11:40:25","date_gmt":"2025-09-09T09:40:25","guid":{"rendered":"https:\/\/www.parthages.be\/eboutique\/?post_type=product&#038;p=3155"},"modified":"2025-09-09T11:40:26","modified_gmt":"2025-09-09T09:40:26","slug":"100-idees-pour-enseigner-les-habiletes-sociales","status":"publish","type":"product","link":"https:\/\/www.parthages.be\/eboutique\/produit\/100-idees-pour-enseigner-les-habiletes-sociales\/","title":{"rendered":"100 id\u00e9es pour enseigner les habilet\u00e9s sociales"},"content":{"rendered":"<p data-start=\"54\" data-end=\"158\"><strong data-start=\"54\" data-end=\"156\">Communication et socialisation : des enjeux \u00e9ducatifs majeurs de la petite enfance \u00e0 l\u2019adolescence<\/strong><\/p>\n<p data-start=\"160\" data-end=\"359\">Pour que leur int\u00e9gration sociale et scolaire soit r\u00e9ussie, les enfants doivent prioritairement apprendre les <strong data-start=\"270\" data-end=\"316\">codes de communication et de socialisation<\/strong>, appel\u00e9s \u00e9galement <em data-start=\"336\" data-end=\"356\">habilet\u00e9s sociales<\/em>.<\/p>\n<p data-start=\"361\" data-end=\"600\">L\u2019apprentissage de ces comp\u00e9tences concerne <strong data-start=\"405\" data-end=\"425\">tous les enfants<\/strong>, mais il peut n\u00e9cessiter des approches p\u00e9dagogiques sp\u00e9cifiques, en particulier pour ceux pr\u00e9sentant des <strong data-start=\"531\" data-end=\"566\">troubles du neuro-d\u00e9veloppement<\/strong> ou des <strong data-start=\"574\" data-end=\"597\">carences \u00e9ducatives<\/strong>.<\/p>\n<h3 data-start=\"602\" data-end=\"666\">Un guide clair et rigoureux pour les parents et p\u00e9dagogues<\/h3>\n<p data-start=\"668\" data-end=\"971\">Ce livre propose <strong data-start=\"685\" data-end=\"708\">100 id\u00e9es concr\u00e8tes<\/strong> pour aider parents et enseignants \u00e0 comprendre et enseigner les habilet\u00e9s sociales. Le Dr Liratni y d\u00e9veloppe un <strong data-start=\"822\" data-end=\"845\">programme structur\u00e9<\/strong> et des <strong data-start=\"853\" data-end=\"911\">techniques fond\u00e9es sur les sciences de l\u2019apprentissage<\/strong>, applicables \u00e0 tous les \u00e2ges et pour tout type de public.<\/p>\n<p data-start=\"973\" data-end=\"1169\">L\u2019ouvrage est \u00e0 la fois <strong data-start=\"997\" data-end=\"1041\">scientifiquement rigoureux et accessible<\/strong>, offrant des m\u00e9thodes comportementales accompagn\u00e9es de nombreux exemples, conseils pratiques et strat\u00e9gies pr\u00eates \u00e0 l\u2019emploi.<\/p>\n<p data-start=\"1171\" data-end=\"1200\"><em data-start=\"1171\" data-end=\"1198\">Pr\u00e9sentation de l&rsquo;\u00e9diteur<\/em><\/p>\n<hr data-start=\"1202\" data-end=\"1207\" \/>\n<ul data-start=\"1209\" data-end=\"1544\">\n<li data-start=\"1209\" data-end=\"1240\">\n<p data-start=\"1211\" data-end=\"1240\"><strong data-start=\"1211\" data-end=\"1223\">Auteur :<\/strong> Dr. LIRATNI M.<\/p>\n<\/li>\n<li data-start=\"1241\" data-end=\"1284\">\n<p data-start=\"1243\" data-end=\"1284\"><strong data-start=\"1243\" data-end=\"1256\">\u00c9diteur :<\/strong> \u00c9ditions Tom Pousse, 2020<\/p>\n<\/li>\n<li data-start=\"1285\" data-end=\"1317\">\n<p data-start=\"1287\" data-end=\"1317\"><strong data-start=\"1287\" data-end=\"1297\">ISBN :<\/strong> 978-2-353-45223-1<\/p>\n<\/li>\n<li data-start=\"1318\" data-end=\"1357\">\n<p data-start=\"1320\" data-end=\"1357\"><strong data-start=\"1320\" data-end=\"1343\">Cote documentaire :<\/strong> 10-10-LIR-1<\/p>\n<\/li>\n<li data-start=\"1358\" data-end=\"1379\">\n<p data-start=\"1360\" data-end=\"1379\"><strong data-start=\"1360\" data-end=\"1371\">Poids :<\/strong> 285 g<\/p>\n<\/li>\n<li data-start=\"1380\" data-end=\"1405\">\n<p data-start=\"1382\" data-end=\"1405\"><strong data-start=\"1382\" data-end=\"1393\">Pages :<\/strong> 215 pages<\/p>\n<\/li>\n<\/ul>\n<span class=\"et_bloom_bottom_trigger\"><\/span>","protected":false},"excerpt":{"rendered":"<p>Communication et socialisation : des enjeux \u00e9ducatifs majeurs de la petite enfance \u00e0 l\u2019adolescence Pour que leur int\u00e9gration sociale et scolaire soit r\u00e9ussie, les enfants doivent prioritairement apprendre les codes de communication et de socialisation, appel\u00e9s \u00e9galement habilet\u00e9s sociales. L\u2019apprentissage de ces comp\u00e9tences concerne tous les enfants, mais il peut n\u00e9cessiter des approches p\u00e9dagogiques sp\u00e9cifiques, [&hellip;]<\/p>\n","protected":false},"featured_media":3156,"comment_status":"closed","ping_status":"closed","template":"","meta":{"_et_pb_use_builder":"","_et_pb_old_content":"","_et_gb_content_width":"","spay_email":""},"class_list":["post-3155","product","type-product","status-publish","has-post-thumbnail","hentry","product_cat-livres","product_tag-adolescent","product_tag-enfant","product_tag-habiletes-sociales","product_tag-methodologie","product_tag-motivation","product_tag-petite-enfance","product_tag-relation-sociale","product_tag-respect","product_tag-strategie"],"jetpack_sharing_enabled":true,"jetpack_likes_enabled":true,"_links":{"self":[{"href":"https:\/\/www.parthages.be\/eboutique\/wp-json\/wp\/v2\/product\/3155","targetHints":{"allow":["GET"]}}],"collection":[{"href":"https:\/\/www.parthages.be\/eboutique\/wp-json\/wp\/v2\/product"}],"about":[{"href":"https:\/\/www.parthages.be\/eboutique\/wp-json\/wp\/v2\/types\/product"}],"replies":[{"embeddable":true,"href":"https:\/\/www.parthages.be\/eboutique\/wp-json\/wp\/v2\/comments?post=3155"}],"wp:featuredmedia":[{"embeddable":true,"href":"https:\/\/www.parthages.be\/eboutique\/wp-json\/wp\/v2\/media\/3156"}],"wp:attachment":[{"href":"https:\/\/www.parthages.be\/eboutique\/wp-json\/wp\/v2\/media?parent=3155"}],"curies":[{"name":"wp","href":"https:\/\/api.w.org\/{rel}","templated":true}]}}