{"id":3167,"date":"2025-09-09T12:05:39","date_gmt":"2025-09-09T10:05:39","guid":{"rendered":"https:\/\/www.parthages.be\/eboutique\/?post_type=product&#038;p=3167"},"modified":"2025-09-09T12:05:40","modified_gmt":"2025-09-09T10:05:40","slug":"la-sensorialite-dans-les-liens-mere-enfant","status":"publish","type":"product","link":"https:\/\/www.parthages.be\/eboutique\/produit\/la-sensorialite-dans-les-liens-mere-enfant\/","title":{"rendered":"La sensorialit\u00e9 dans les liens m\u00e8re-enfant"},"content":{"rendered":"<p data-start=\"168\" data-end=\"233\"><strong data-start=\"168\" data-end=\"233\">Ce que nous apprennent les m\u00e8res avec une d\u00e9ficience visuelle<\/strong><\/p>\n<p data-start=\"235\" data-end=\"673\">Khadija, aveugle depuis la petite enfance, inaugure l&rsquo;ouvrage en racontant son histoire, son d\u00e9sir de grossesse, ses maternit\u00e9s, ses liens avec ses deux enfants, sa fa\u00e7on d&rsquo;interagir et d&rsquo;\u00eatre avec eux. La parentalit\u00e9 des m\u00e8res qui, comme elle, ont une d\u00e9ficience visuelle nous am\u00e8ne \u00e0 repenser la sensorialit\u00e9 dans les \u00e9changes m\u00e8re-b\u00e9b\u00e9, la vision et le regard de la m\u00e8re occupant une place importante dans le d\u00e9veloppement de l&rsquo;enfant.<\/p>\n<p data-start=\"675\" data-end=\"1014\">Comment les m\u00e8res compensent-elles la d\u00e9ficience visuelle dans leurs interactions avec leur b\u00e9b\u00e9 ? Que nous apprennent les enfants sur leurs capacit\u00e9s d&rsquo;ajustement dans cette relation singuli\u00e8re ? Comment se construit ce sentiment interne de s\u00e9curit\u00e9 chez l&rsquo;enfant ? Comment se nouent les liens d&rsquo;attachement entre les m\u00e8res et les b\u00e9b\u00e9s ?<\/p>\n<p data-start=\"1016\" data-end=\"1313\">S&rsquo;int\u00e9resser aux m\u00e8res avec une d\u00e9ficience visuelle et \u00e0 leur b\u00e9b\u00e9, c&rsquo;est accepter, pour une personne voyante, de remettre en question tous ses rep\u00e8res, c&rsquo;est \u00eatre attentif \u00e0 toutes ces petites perceptions dont Leibniz faisait l&rsquo;\u00e9loge, c&rsquo;est accepter d&rsquo;\u00e9couter autrement. C&rsquo;est voir l&rsquo;invisible&#8230;<\/p>\n<p data-start=\"1315\" data-end=\"1685\">Christelle Gosme nous y invite en s&rsquo;appuyant \u00e0 la fois sur des ressources th\u00e9oriques mais aussi et surtout sur ses rencontres au long cours avec ces m\u00e8res et leur b\u00e9b\u00e9. Avec une grande sensibilit\u00e9, elle questionne ce qui participe aux nouages des liens entre les m\u00e8res et leur b\u00e9b\u00e9 et qui peut parfois \u00e9chapper \u00e0 la vision des cliniciens.<br data-start=\"1653\" data-end=\"1656\" \/><em data-start=\"1656\" data-end=\"1685\">(Pr\u00e9sentation de l\u2019\u00e9diteur)<\/em><\/p>\n<hr data-start=\"1687\" data-end=\"1690\" \/>\n<ul data-start=\"1692\" data-end=\"2011\">\n<li data-start=\"1692\" data-end=\"1717\">\n<p data-start=\"1694\" data-end=\"1717\"><strong data-start=\"1694\" data-end=\"1706\">Auteur :<\/strong> GOSME C.<\/p>\n<\/li>\n<li data-start=\"1718\" data-end=\"1755\">\n<p data-start=\"1720\" data-end=\"1755\"><strong data-start=\"1720\" data-end=\"1733\">\u00c9diteur :<\/strong> \u00c9ditions Er\u00e8s, 2024<\/p>\n<\/li>\n<li data-start=\"1756\" data-end=\"1788\">\n<p data-start=\"1758\" data-end=\"1788\"><strong data-start=\"1758\" data-end=\"1768\">ISBN :<\/strong> 978-2-7492-8144-5<\/p>\n<\/li>\n<li data-start=\"1789\" data-end=\"1827\">\n<p data-start=\"1791\" data-end=\"1827\"><strong data-start=\"1791\" data-end=\"1814\">Cote documentaire :<\/strong> 2-70-GOS-S<\/p>\n<\/li>\n<li data-start=\"1828\" data-end=\"1849\">\n<p data-start=\"1830\" data-end=\"1849\"><strong data-start=\"1830\" data-end=\"1841\">Poids :<\/strong> 300 g<\/p>\n<\/li>\n<li data-start=\"1850\" data-end=\"1875\">\n<p data-start=\"1852\" data-end=\"1875\"><strong data-start=\"1852\" data-end=\"1863\">Pages :<\/strong> 250 pages<\/p>\n<\/li>\n<\/ul>\n<span class=\"et_bloom_bottom_trigger\"><\/span>","protected":false},"excerpt":{"rendered":"<p data-start=\"2389\" data-end=\"2661\">Ce livre explore avec d\u00e9licatesse comment les m\u00e8res non-voyantes \u00e9tablissent une relation d\u2019attachement avec leur b\u00e9b\u00e9, en mettant en lumi\u00e8re les formes sensorielles d\u2019interaction qui d\u00e9passent le regard. Bas\u00e9 sur des t\u00e9moignages et r\u00e9flexions cliniques.<\/p>\n","protected":false},"featured_media":3169,"comment_status":"closed","ping_status":"closed","template":"","meta":{"_et_pb_use_builder":"","_et_pb_old_content":"","_et_gb_content_width":"","spay_email":""},"class_list":["post-3167","product","type-product","status-publish","has-post-thumbnail","hentry","product_cat-livres","product_tag-deficience-visuelle","product_tag-enfant","product_tag-interaction","product_tag-lien-dattachement","product_tag-mere","product_tag-parentalite","product_tag-relation-mere-enfant","product_tag-sensorialite"],"jetpack_sharing_enabled":true,"jetpack_likes_enabled":true,"_links":{"self":[{"href":"https:\/\/www.parthages.be\/eboutique\/wp-json\/wp\/v2\/product\/3167","targetHints":{"allow":["GET"]}}],"collection":[{"href":"https:\/\/www.parthages.be\/eboutique\/wp-json\/wp\/v2\/product"}],"about":[{"href":"https:\/\/www.parthages.be\/eboutique\/wp-json\/wp\/v2\/types\/product"}],"replies":[{"embeddable":true,"href":"https:\/\/www.parthages.be\/eboutique\/wp-json\/wp\/v2\/comments?post=3167"}],"wp:featuredmedia":[{"embeddable":true,"href":"https:\/\/www.parthages.be\/eboutique\/wp-json\/wp\/v2\/media\/3169"}],"wp:attachment":[{"href":"https:\/\/www.parthages.be\/eboutique\/wp-json\/wp\/v2\/media?parent=3167"}],"curies":[{"name":"wp","href":"https:\/\/api.w.org\/{rel}","templated":true}]}}