{"id":3172,"date":"2025-09-09T12:37:04","date_gmt":"2025-09-09T10:37:04","guid":{"rendered":"https:\/\/www.parthages.be\/eboutique\/?post_type=product&#038;p=3172"},"modified":"2025-09-09T12:37:05","modified_gmt":"2025-09-09T10:37:05","slug":"pour-des-institutions-inclusives","status":"publish","type":"product","link":"https:\/\/www.parthages.be\/eboutique\/produit\/pour-des-institutions-inclusives\/","title":{"rendered":"Pour des institutions inclusives"},"content":{"rendered":"<p data-start=\"280\" data-end=\"361\"><strong data-start=\"280\" data-end=\"361\">D\u00e9velopper le pouvoir d\u2019agir des professionnels et des personnes accompagn\u00e9es<\/strong><\/p>\n<p data-start=\"363\" data-end=\"2121\">En prenant un parti r\u00e9solument op\u00e9rationnel, l&rsquo;auteur d\u00e9construit les divers niveaux des dispositifs institutionnels et organisationnels du travail social et m\u00e9dico-social. Il va ainsi \u00e0 la rencontre des pratiques qui constituent l&rsquo;essence de l&rsquo;action sociale dans le mod\u00e8le \u00ab inclusif \u00bb. Une d\u00e9marche salutaire pour (re)donner son sens et son efficience \u00e0 l&rsquo;accompagnement des personnes en situation de fragilit\u00e9 psychologique ou sociale.<br data-start=\"802\" data-end=\"805\" \/>\u00ab Rien pour nous sans nous ! \u00bb Avec ce slogan, les personnes en situation de handicap revendiquent leur droit de vivre et d\u2019agir dans une soci\u00e9t\u00e9 inclusive. Le placement en institution est rang\u00e9 aux archives au profit des dispositifs d\u2019accompagnement de parcours de vie mobilisant des services de droit commun. La d\u00e9sinstitutionalisation est-elle la premi\u00e8re condition d\u2019une politique d\u2019inclusion ? Ne doit-on pas plut\u00f4t cr\u00e9er et d\u00e9velopper des institutions inclusives capables de garantir et d\u00e9velopper le pouvoir d\u2019agir des personnes fragiles ?<br data-start=\"1351\" data-end=\"1354\" \/>\u00c0 partir de nombreuses exp\u00e9riences, Alain Dewerdt part de l\u2019hypoth\u00e8se qu\u2019en travail social, les actions individuelles ne suffisent pas. Il faut d\u00e9ployer des actions collectives pour que l\u2019accompagnement au quotidien prenne tout son sens : la coop\u00e9ration locale qu\u2019il implique, les supports et moyens qu\u2019il r\u00e9clame, le type de management qui le favorise, les politiques qui lui offrent un cadre durable, les questionnements \u00e9thiques qu\u2019il \u00e9veille.<br data-start=\"1800\" data-end=\"1803\" \/>En prenant un parti r\u00e9solument op\u00e9rationnel et en d\u00e9construisant les divers niveaux des dispositifs institutionnels et organisationnels du travail social et m\u00e9dico-social, l\u2019auteur va \u00e0 la rencontre des pratiques qui constituent l\u2019essence de l\u2019action sociale dans le mod\u00e8le \u00ab inclusif \u00bb<br data-start=\"2089\" data-end=\"2092\" \/><em data-start=\"2092\" data-end=\"2121\">(Pr\u00e9sentation de l\u2019\u00e9diteur)<\/em><\/p>\n<hr data-start=\"2123\" data-end=\"2126\" \/>\n<ul data-start=\"2128\" data-end=\"2413\">\n<li data-start=\"2128\" data-end=\"2155\">\n<p data-start=\"2130\" data-end=\"2155\"><strong data-start=\"2130\" data-end=\"2142\">Auteur :<\/strong> Dewerdt A.<\/p>\n<\/li>\n<li data-start=\"2156\" data-end=\"2193\">\n<p data-start=\"2158\" data-end=\"2193\"><strong data-start=\"2158\" data-end=\"2171\">\u00c9diteur :<\/strong> \u00c9ditions \u00c9r\u00e8s, 2025<\/p>\n<\/li>\n<li data-start=\"2194\" data-end=\"2226\">\n<p data-start=\"2196\" data-end=\"2226\"><strong data-start=\"2196\" data-end=\"2206\">ISBN :<\/strong> 978-2-7492-8249-7<\/p>\n<\/li>\n<li data-start=\"2227\" data-end=\"2265\">\n<p data-start=\"2229\" data-end=\"2265\"><strong data-start=\"2229\" data-end=\"2252\">Cote documentaire :<\/strong> 5-20-DEW-P<\/p>\n<\/li>\n<li data-start=\"2266\" data-end=\"2287\">\n<p data-start=\"2268\" data-end=\"2287\"><strong data-start=\"2268\" data-end=\"2279\">Poids :<\/strong> 278 g<\/p>\n<\/li>\n<li data-start=\"2288\" data-end=\"2313\">\n<p data-start=\"2290\" data-end=\"2313\"><strong data-start=\"2290\" data-end=\"2301\">Pages :<\/strong> 288 pages<\/p>\n<\/li>\n<\/ul>\n<span class=\"et_bloom_bottom_trigger\"><\/span>","protected":false},"excerpt":{"rendered":"<p data-start=\"2707\" data-end=\"2953\">Ouvrage de r\u00e9f\u00e9rence sur le travail social inclusif. Alain Dewerdt analyse les dispositifs m\u00e9dico-sociaux, la d\u00e9sinstitutionalisation et les leviers d\u2019un accompagnement coop\u00e9ratif, \u00e9thique et durable pour les personnes fragiles.<\/p>\n","protected":false},"featured_media":3173,"comment_status":"closed","ping_status":"closed","template":"","meta":{"_et_pb_use_builder":"","_et_pb_old_content":"","_et_gb_content_width":"","spay_email":""},"class_list":["post-3172","product","type-product","status-publish","has-post-thumbnail","hentry","product_cat-livres","product_tag-accompagnement","product_tag-inclusion","product_tag-personne-handicapee","product_tag-travail-collectif","product_tag-travail-social"],"jetpack_sharing_enabled":true,"jetpack_likes_enabled":true,"_links":{"self":[{"href":"https:\/\/www.parthages.be\/eboutique\/wp-json\/wp\/v2\/product\/3172","targetHints":{"allow":["GET"]}}],"collection":[{"href":"https:\/\/www.parthages.be\/eboutique\/wp-json\/wp\/v2\/product"}],"about":[{"href":"https:\/\/www.parthages.be\/eboutique\/wp-json\/wp\/v2\/types\/product"}],"replies":[{"embeddable":true,"href":"https:\/\/www.parthages.be\/eboutique\/wp-json\/wp\/v2\/comments?post=3172"}],"wp:featuredmedia":[{"embeddable":true,"href":"https:\/\/www.parthages.be\/eboutique\/wp-json\/wp\/v2\/media\/3173"}],"wp:attachment":[{"href":"https:\/\/www.parthages.be\/eboutique\/wp-json\/wp\/v2\/media?parent=3172"}],"curies":[{"name":"wp","href":"https:\/\/api.w.org\/{rel}","templated":true}]}}

<p data-start="280" data-end="361"><strong data-start="280" data-end="361">Développer le pouvoir d’agir des professionnels et des personnes accompagnées</strong></p>
<p data-start="363" data-end="2121">En prenant un parti résolument opérationnel, l&rsquo;auteur déconstruit les divers niveaux des dispositifs institutionnels et organisationnels du travail social et médico-social. Il va ainsi à la rencontre des pratiques qui constituent l&rsquo;essence de l&rsquo;action sociale dans le modèle « inclusif ». Une démarche salutaire pour (re)donner son sens et son efficience à l&rsquo;accompagnement des personnes en situation de fragilité psychologique ou sociale.<br data-start="802" data-end="805" />« Rien pour nous sans nous ! » Avec ce slogan, les personnes en situation de handicap revendiquent leur droit de vivre et d’agir dans une société inclusive. Le placement en institution est rangé aux archives au profit des dispositifs d’accompagnement de parcours de vie mobilisant des services de droit commun. La désinstitutionalisation est-elle la première condition d’une politique d’inclusion ? Ne doit-on pas plutôt créer et développer des institutions inclusives capables de garantir et développer le pouvoir d’agir des personnes fragiles ?<br data-start="1351" data-end="1354" />À partir de nombreuses expériences, Alain Dewerdt part de l’hypothèse qu’en travail social, les actions individuelles ne suffisent pas. Il faut déployer des actions collectives pour que l’accompagnement au quotidien prenne tout son sens : la coopération locale qu’il implique, les supports et moyens qu’il réclame, le type de management qui le favorise, les politiques qui lui offrent un cadre durable, les questionnements éthiques qu’il éveille.<br data-start="1800" data-end="1803" />En prenant un parti résolument opérationnel et en déconstruisant les divers niveaux des dispositifs institutionnels et organisationnels du travail social et médico-social, l’auteur va à la rencontre des pratiques qui constituent l’essence de l’action sociale dans le modèle « inclusif »<br data-start="2089" data-end="2092" /><em data-start="2092" data-end="2121">(Présentation de l’éditeur)</em></p>
<hr data-start="2123" data-end="2126" />
<ul data-start="2128" data-end="2413">
<li data-start="2128" data-end="2155">
<p data-start="2130" data-end="2155"><strong data-start="2130" data-end="2142">Auteur :</strong> Dewerdt A.</p>
</li>
<li data-start="2156" data-end="2193">
<p data-start="2158" data-end="2193"><strong data-start="2158" data-end="2171">Éditeur :</strong> Éditions Érès, 2025</p>
</li>
<li data-start="2194" data-end="2226">
<p data-start="2196" data-end="2226"><strong data-start="2196" data-end="2206">ISBN :</strong> 978-2-7492-8249-7</p>
</li>
<li data-start="2227" data-end="2265">
<p data-start="2229" data-end="2265"><strong data-start="2229" data-end="2252">Cote documentaire :</strong> 5-20-DEW-P</p>
</li>
<li data-start="2266" data-end="2287">
<p data-start="2268" data-end="2287"><strong data-start="2268" data-end="2279">Poids :</strong> 278 g</p>
</li>
<li data-start="2288" data-end="2313">
<p data-start="2290" data-end="2313"><strong data-start="2290" data-end="2301">Pages :</strong> 288 pages</p>
</li>
</ul>
<span class="et_bloom_bottom_trigger"></span>

<p data-start="2707" data-end="2953">Ouvrage de référence sur le travail social inclusif. Alain Dewerdt analyse les dispositifs médico-sociaux, la désinstitutionalisation et les leviers d’un accompagnement coopératif, éthique et durable pour les personnes fragiles.</p>
