{"id":318,"date":"2013-04-29T14:46:25","date_gmt":"2013-04-29T12:46:25","guid":{"rendered":"https:\/\/www.parthages.be\/wordpress\/produit\/l-enfant-face-au-traumatisme\/"},"modified":"2022-03-23T17:20:40","modified_gmt":"2022-03-23T16:20:40","slug":"l-enfant-face-au-traumatisme","status":"publish","type":"product","link":"https:\/\/www.parthages.be\/eboutique\/produit\/l-enfant-face-au-traumatisme\/","title":{"rendered":"L&rsquo;enfant face au traumatisme"},"content":{"rendered":"<p>\u00ab H\u00e9l\u00e8ne Romano participe aujourd\u2019hui \u00e0 ce mouvement de recherches praticiennes qui nous expliquent qu\u2019un \u00e9v\u00e9nement aura des effets diff\u00e9rents selon l\u2019\u00e2ge du bless\u00e9, selon son histoire et surtout selon son contexte familial et culturel. Gr\u00e2ce \u00e0 ces 20 ann\u00e9es d\u2019exp\u00e9rience de terrain avec les urgentistes, cette chercheuse praticienne nous propose un tableau clair de ce que sont les enfants traumatis\u00e9s et comment on peut les accompagner pour les aider \u00e0 reprendre vie. Elle analyse des tableaux complets ouverts, et \u00e9volutifs, \u00e0 l\u2019oppos\u00e9 de l\u2019esprit sectaire de certaines anciennes publications. Et, ce qui ne g\u00e2te rien, ce livre est agr\u00e9able \u00e0 lire, bien illustr\u00e9 par des vignettes qui permettent de comprendre ais\u00e9ment des id\u00e9es que l\u2019on croyait abstraites ! \u00bb. (Boris Cyrulnik) Le \u00ab choix \u00bb du fils \u00ab r\u00eav\u00e9 \u00bb, Liane le re\u00e7oit pendant quatre jours. Un temps qu\u2019elle mettra \u00e0 profit pour d\u00e9couvrir ce fils inconnu. Comment r\u00e9agira-t-elle ? Que d\u00e9cidera-t-elle au retour de leur escapade \u00e0 Agadir ?<\/p>\n<p>\u00a0<\/p>\n<p>ROMANO H..<\/p>\n<p>Editions Dunod<\/p>\n<p>2013- 192p.-315gr- 19\u20ac<\/p>\n<p>ISBN\u00a0: 978-2-10-059006-3<\/p>\n<span class=\"et_bloom_bottom_trigger\"><\/span>","protected":false},"excerpt":{"rendered":"<p>H\u00e9l\u00e8ne Romano participe aujourd\u2019hui \u00e0 ce mouvement de recherches praticiennes qui nous expliquent qu\u2019un \u00e9v\u00e9nement aura des effets diff\u00e9rents selon l\u2019\u00e2ge du bless\u00e9, selon son histoire et surtout selon son contexte familial et culturel.<\/p>\n","protected":false},"featured_media":317,"comment_status":"open","ping_status":"closed","template":"","meta":{"_et_pb_use_builder":"","_et_pb_old_content":"","_et_gb_content_width":"","spay_email":""},"class_list":["post-318","product","type-product","status-publish","has-post-thumbnail","hentry","product_cat-livres","product_tag-accompagnement","product_tag-enfant","product_tag-outil","product_tag-prise-en-charge","product_tag-psychologie-de-lenfant","product_tag-psychopathologie","product_tag-traumatisme","product_tag-victime"],"jetpack_sharing_enabled":true,"jetpack_likes_enabled":true,"_links":{"self":[{"href":"https:\/\/www.parthages.be\/eboutique\/wp-json\/wp\/v2\/product\/318","targetHints":{"allow":["GET"]}}],"collection":[{"href":"https:\/\/www.parthages.be\/eboutique\/wp-json\/wp\/v2\/product"}],"about":[{"href":"https:\/\/www.parthages.be\/eboutique\/wp-json\/wp\/v2\/types\/product"}],"replies":[{"embeddable":true,"href":"https:\/\/www.parthages.be\/eboutique\/wp-json\/wp\/v2\/comments?post=318"}],"wp:featuredmedia":[{"embeddable":true,"href":"https:\/\/www.parthages.be\/eboutique\/wp-json\/wp\/v2\/media\/317"}],"wp:attachment":[{"href":"https:\/\/www.parthages.be\/eboutique\/wp-json\/wp\/v2\/media?parent=318"}],"curies":[{"name":"wp","href":"https:\/\/api.w.org\/{rel}","templated":true}]}}

<p>« Hélène Romano participe aujourd’hui à ce mouvement de recherches praticiennes qui nous expliquent qu’un événement aura des effets différents selon l’âge du blessé, selon son histoire et surtout selon son contexte familial et culturel. Grâce à ces 20 années d’expérience de terrain avec les urgentistes, cette chercheuse praticienne nous propose un tableau clair de ce que sont les enfants traumatisés et comment on peut les accompagner pour les aider à reprendre vie. Elle analyse des tableaux complets ouverts, et évolutifs, à l’opposé de l’esprit sectaire de certaines anciennes publications. Et, ce qui ne gâte rien, ce livre est agréable à lire, bien illustré par des vignettes qui permettent de comprendre aisément des idées que l’on croyait abstraites ! ». (Boris Cyrulnik) Le « choix » du fils « rêvé », Liane le reçoit pendant quatre jours. Un temps qu’elle mettra à profit pour découvrir ce fils inconnu. Comment réagira-t-elle ? Que décidera-t-elle au retour de leur escapade à Agadir ?</p>
<p> </p>
<p>ROMANO H..</p>
<p>Editions Dunod</p>
<p>2013- 192p.-315gr- 19€</p>
<p>ISBN : 978-2-10-059006-3</p>
<span class="et_bloom_bottom_trigger"></span>

<p>Hélène Romano participe aujourd’hui à ce mouvement de recherches praticiennes qui nous expliquent qu’un événement aura des effets différents selon l’âge du blessé, selon son histoire et surtout selon son contexte familial et culturel.</p>
