{"id":32,"date":"2012-09-24T11:37:53","date_gmt":"2012-09-24T09:37:53","guid":{"rendered":"https:\/\/www.parthages.be\/wordpress\/produit\/toutes-les-femmes-s-appellent-marie\/"},"modified":"2025-04-29T13:34:06","modified_gmt":"2025-04-29T11:34:06","slug":"toutes-les-femmes-s-appellent-marie","status":"publish","type":"product","link":"https:\/\/www.parthages.be\/eboutique\/produit\/toutes-les-femmes-s-appellent-marie\/","title":{"rendered":"Toutes les femmes s&rsquo;appellent Marie"},"content":{"rendered":"<p>Marie est jeune, belle et veuve. Elle aime plus que tout son fils handicap\u00e9 mental, Emmanuel, qui ne peut litt\u00e9ralement pas se d\u00e9tacher de cette m\u00e8re tant aim\u00e9e. \u00c0 l&rsquo;adolescence, le trop-plein d&rsquo;amour d&rsquo;Emmanuel transforme radicalement la relation entre la m\u00e8re et le fils. Radicalement et dangereusement, selon la morale \u00e9tablie. Avec ce court roman, R\u00e9gine Deforges signe une \u0153uvre litt\u00e9raire puissante, dans la veine de Pour l&rsquo;amour de Marie Salat ou L&rsquo;Orage. Un texte ent\u00eatant qui pose la question d\u00e9rangeante mais n\u00e9cessaire de la sexualit\u00e9 des handicap\u00e9s : comment appr\u00e9hende-t-on les besoins physiques et affectifs des personnes dont la diff\u00e9rence ne permet que rarement une sexualit\u00e9 dite \u00ab\u00a0normale\u00a0\u00bb ? Toutes les femmes s&rsquo;appellent Marie est un roman d&rsquo;engagement, dans la lign\u00e9e des combats que R\u00e9gine Deforges m\u00e8ne pour le droit des femmes et la libert\u00e9 d&rsquo;expression. (Pr\u00e9sentation de l&rsquo;\u00e9diteur)<\/p>\n<p>DEFORGES R.<\/p>\n<p>Hugo et C<sup>ie<\/sup> Editions<\/p>\n<p>2012-125p<\/p>\n<p>ISBN\u00a0: 978-2-7556-0926-4<\/p>\n<p>Cote doc\u00a0: 4-20-DEF-T<\/p>\n<p><strong><em>Uniquement \u00e0 la location<\/em><\/strong><\/p>\n<span class=\"et_bloom_bottom_trigger\"><\/span>","protected":false},"excerpt":{"rendered":"<p>Marie est jeune, belle et veuve. Elle aime plus que tout son fils handicap\u00e9 mental, Emmanuel, qui ne peut litt\u00e9ralement pas se d\u00e9tacher de cette m\u00e8re tant aim\u00e9e. \u00c0 l&rsquo;adolescence, le trop-plein d&rsquo;amour d&rsquo;Emmanuel transforme radicalement la relation entre la m\u00e8re et le fils. Radicalement et dangereusement, selon la morale \u00e9tablie. Avec ce court roman, [&hellip;]<\/p>\n","protected":false},"featured_media":2310,"comment_status":"open","ping_status":"closed","template":"","meta":{"_et_pb_use_builder":"","_et_pb_old_content":"","_et_gb_content_width":"","spay_email":""},"class_list":["post-32","product","type-product","status-publish","has-post-thumbnail","hentry","product_cat-livres","product_tag-affectivite","product_tag-besoin","product_tag-personne-handicapee","product_tag-relation-mere-fils","product_tag-sexualite"],"jetpack_sharing_enabled":true,"jetpack_likes_enabled":true,"_links":{"self":[{"href":"https:\/\/www.parthages.be\/eboutique\/wp-json\/wp\/v2\/product\/32","targetHints":{"allow":["GET"]}}],"collection":[{"href":"https:\/\/www.parthages.be\/eboutique\/wp-json\/wp\/v2\/product"}],"about":[{"href":"https:\/\/www.parthages.be\/eboutique\/wp-json\/wp\/v2\/types\/product"}],"replies":[{"embeddable":true,"href":"https:\/\/www.parthages.be\/eboutique\/wp-json\/wp\/v2\/comments?post=32"}],"wp:featuredmedia":[{"embeddable":true,"href":"https:\/\/www.parthages.be\/eboutique\/wp-json\/wp\/v2\/media\/2310"}],"wp:attachment":[{"href":"https:\/\/www.parthages.be\/eboutique\/wp-json\/wp\/v2\/media?parent=32"}],"curies":[{"name":"wp","href":"https:\/\/api.w.org\/{rel}","templated":true}]}}