{"id":324,"date":"2013-04-29T14:52:58","date_gmt":"2013-04-29T12:52:58","guid":{"rendered":"https:\/\/www.parthages.be\/wordpress\/produit\/estime-de-soi-confiance-en-soi-amour-de-soi\/"},"modified":"2022-03-01T14:05:14","modified_gmt":"2022-03-01T13:05:14","slug":"estime-de-soi-confiance-en-soi-amour-de-soi","status":"publish","type":"product","link":"https:\/\/www.parthages.be\/eboutique\/produit\/estime-de-soi-confiance-en-soi-amour-de-soi\/","title":{"rendered":"Estime de soi confiance en soi amour de soi"},"content":{"rendered":"<p>Vous estimez-vous \u00e0 votre juste valeur ? Vous aimez-vous ? Avez-vous confiance en vous ? Il vous est sans doute difficile de r\u00e9pondre \u00e0 ces trois questions, la r\u00e9ponse est forc\u00e9ment nuanc\u00e9e car ces questions sont complexes.<\/p>\n<p>Ces trois concepts ont des domaines d\u2019application diff\u00e9rent : l\u2019estime de soi concerne la reconnaissance de votre valeur, l\u2019amour de soi les sentiments que vous \u00e9prouvez \u00e0 votre \u00e9gard et la confiance en soi le domaine de la d\u00e9cision et de l\u2019action\u2026<\/p>\n<p>Ces trois notions sont \u00e9videmment interd\u00e9pendantes et se renforcent mutuellement.<\/p>\n<p>Ce livre pratique propose un bilan complet de votre niveau dans ces trois domaines, puis un ensemble de solutions pour les r\u00e9\u00e9quilibrer en fonctions de profils type.<\/p>\n<p>Pour chacun des profils, (les orgueilleux qui ont une trop haute id\u00e9e d\u2019eux-m\u00eames, les narcissiques qui s&rsquo;aiment trop, les arrogants qui ont une trop confiance en eux et les timides qui cumulent les trois carences), des pistes et conseils concrets pour un meilleur \u00e9panouissement.<\/p>\n<p>RAS P.<\/p>\n<p>Editions Jouvence<\/p>\n<p>2013-96p.-80gr<\/p>\n<p>ISBN\u00a0: 978-2-88911-271-5<\/p>\n<p>Cote doc\u00a0: 3-10-RAS-E<\/p>\n<p><strong><em>Uniquement \u00e0 la location<\/em><\/strong><\/p>\n<span class=\"et_bloom_bottom_trigger\"><\/span>","protected":false},"excerpt":{"rendered":"<p>Vous estimez-vous \u00e0 votre juste valeur ? Vous aimez-vous ? Avez-vous confiance en vous ? Il vous est sans doute difficile de r\u00e9pondre \u00e0 ces trois questions, la r\u00e9ponse est forc\u00e9ment nuanc\u00e9e car ces questions sont complexes.<\/p>\n","protected":false},"featured_media":323,"comment_status":"open","ping_status":"closed","template":"","meta":{"_et_pb_use_builder":"","_et_pb_old_content":"","_et_gb_content_width":"","spay_email":""},"class_list":["post-324","product","type-product","status-publish","has-post-thumbnail","hentry","product_cat-livres","product_tag-bien-etre","product_tag-psychologie-du-developpement","product_tag-technique-de-developpement-perso"],"jetpack_sharing_enabled":true,"jetpack_likes_enabled":true,"_links":{"self":[{"href":"https:\/\/www.parthages.be\/eboutique\/wp-json\/wp\/v2\/product\/324","targetHints":{"allow":["GET"]}}],"collection":[{"href":"https:\/\/www.parthages.be\/eboutique\/wp-json\/wp\/v2\/product"}],"about":[{"href":"https:\/\/www.parthages.be\/eboutique\/wp-json\/wp\/v2\/types\/product"}],"replies":[{"embeddable":true,"href":"https:\/\/www.parthages.be\/eboutique\/wp-json\/wp\/v2\/comments?post=324"}],"wp:featuredmedia":[{"embeddable":true,"href":"https:\/\/www.parthages.be\/eboutique\/wp-json\/wp\/v2\/media\/323"}],"wp:attachment":[{"href":"https:\/\/www.parthages.be\/eboutique\/wp-json\/wp\/v2\/media?parent=324"}],"curies":[{"name":"wp","href":"https:\/\/api.w.org\/{rel}","templated":true}]}}