{"id":338,"date":"2013-07-02T11:13:45","date_gmt":"2013-07-02T09:13:45","guid":{"rendered":"https:\/\/www.parthages.be\/wordpress\/produit\/vous-avez-dit-non-discrimination\/"},"modified":"2021-09-06T16:39:07","modified_gmt":"2021-09-06T14:39:07","slug":"vous-avez-dit-non-discrimination","status":"publish","type":"product","link":"https:\/\/www.parthages.be\/eboutique\/produit\/vous-avez-dit-non-discrimination\/","title":{"rendered":"Vous avez dit non-discrimination?"},"content":{"rendered":"<p>La non-discrimination est-elle vraiment un enjeu de soci\u00e9t\u00e9 ?<\/p>\n<p>Le point d\u2019interrogation souligne \u00e0 quel point elle est souvent d\u00e9ni\u00e9e, remise en question ou ignor\u00e9e. Or qu\u2019elle soit raciale, sexuelle, ou \u00e0 l\u2019encontre des handicap\u00e9s, elle nous concerne tous. Il est donc important de t\u00e9moigner et d\u2019\u00e9tudier la survivance de ces situations de discrimination.<\/p>\n<p>\u00c0 travers une dizaine d\u2019articles, fruits d\u2019\u00e9tudes et de r\u00e9flexions men\u00e9es par des universitaires ou des praticiens, \u00e9conomistes, politistes, juristes, psychologues, sociologues, ce livre aborde la question de la lutte contre les discriminations. Chacun d\u2019entre eux apporte ainsi sa pierre \u00e0 la construction d\u2019un \u00e9difice pluridisciplinaire n\u00e9cessaire \u00e0 la compr\u00e9hension de toutes les facettes de cette probl\u00e9matique majeure dans le d\u00e9bat citoyen.<\/p>\n<p>Mais au-del\u00e0 de l\u2019\u00e9tude, et c\u2019est l\u00e0 tout son int\u00e9r\u00eat, l\u2019ouvrage propose des solutions originales en faveur de la non-discrimination, dans la lign\u00e9e des travaux men\u00e9s au sein du Groupe de recherche et d\u2019action sur la non- discrimination (GRAND-MSH Alpes) qui travaille en lien avec des structures similaires \u00e0 l\u2019\u00e9tranger.<\/p>\n<p>(Pr\u00e9sentation de l&rsquo;\u00e9diteur)<\/p>\n<p>BLATIER C.-. PAULICAND M.- PERRIN-BENSAHEL L.<\/p>\n<p>PUG<\/p>\n<p>2012 &#8211; 262 p.-240gr-<\/p>\n<p>19.50\u20ac<\/p>\n<p>Cote doc\u00a0: 7-10-BLA-V<\/p>\n<p>ISBN\u00a0: 978-2-7061-1479-3<\/p>\n<span class=\"et_bloom_bottom_trigger\"><\/span>","protected":false},"excerpt":{"rendered":"<p>La non-discrimination est-elle vraiment un enjeu de soci\u00e9t\u00e9 ?<\/p>\n<p>Le point d\u2019interrogation souligne \u00e0 quel point elle est souvent d\u00e9ni\u00e9e, remise en question ou ignor\u00e9e. Or qu\u2019elle soit raciale, sexuelle, ou \u00e0 l\u2019encontre des handicap\u00e9s, elle nous concerne tous. Il est donc important de t\u00e9moigner et d\u2019\u00e9tudier la survivance de ces situations de discrimination.<\/p>\n","protected":false},"featured_media":337,"comment_status":"open","ping_status":"closed","template":"","meta":{"_et_pb_use_builder":"","_et_pb_old_content":"","_et_gb_content_width":"","spay_email":""},"class_list":["post-338","product","type-product","status-publish","has-post-thumbnail","hentry","product_cat-livres","product_tag-discrimination","product_tag-etude","product_tag-france","product_tag-maltraitance","product_tag-personne-handicapee"],"jetpack_sharing_enabled":true,"jetpack_likes_enabled":true,"_links":{"self":[{"href":"https:\/\/www.parthages.be\/eboutique\/wp-json\/wp\/v2\/product\/338","targetHints":{"allow":["GET"]}}],"collection":[{"href":"https:\/\/www.parthages.be\/eboutique\/wp-json\/wp\/v2\/product"}],"about":[{"href":"https:\/\/www.parthages.be\/eboutique\/wp-json\/wp\/v2\/types\/product"}],"replies":[{"embeddable":true,"href":"https:\/\/www.parthages.be\/eboutique\/wp-json\/wp\/v2\/comments?post=338"}],"wp:featuredmedia":[{"embeddable":true,"href":"https:\/\/www.parthages.be\/eboutique\/wp-json\/wp\/v2\/media\/337"}],"wp:attachment":[{"href":"https:\/\/www.parthages.be\/eboutique\/wp-json\/wp\/v2\/media?parent=338"}],"curies":[{"name":"wp","href":"https:\/\/api.w.org\/{rel}","templated":true}]}}

<p>La non-discrimination est-elle vraiment un enjeu de société ?</p>
<p>Le point d’interrogation souligne à quel point elle est souvent déniée, remise en question ou ignorée. Or qu’elle soit raciale, sexuelle, ou à l’encontre des handicapés, elle nous concerne tous. Il est donc important de témoigner et d’étudier la survivance de ces situations de discrimination.</p>
<p>À travers une dizaine d’articles, fruits d’études et de réflexions menées par des universitaires ou des praticiens, économistes, politistes, juristes, psychologues, sociologues, ce livre aborde la question de la lutte contre les discriminations. Chacun d’entre eux apporte ainsi sa pierre à la construction d’un édifice pluridisciplinaire nécessaire à la compréhension de toutes les facettes de cette problématique majeure dans le débat citoyen.</p>
<p>Mais au-delà de l’étude, et c’est là tout son intérêt, l’ouvrage propose des solutions originales en faveur de la non-discrimination, dans la lignée des travaux menés au sein du Groupe de recherche et d’action sur la non- discrimination (GRAND-MSH Alpes) qui travaille en lien avec des structures similaires à l’étranger.</p>
<p>(Présentation de l&rsquo;éditeur)</p>
<p>BLATIER C.-. PAULICAND M.- PERRIN-BENSAHEL L.</p>
<p>PUG</p>
<p>2012 &#8211; 262 p.-240gr-</p>
<p>19.50€</p>
<p>Cote doc : 7-10-BLA-V</p>
<p>ISBN : 978-2-7061-1479-3</p>
<span class="et_bloom_bottom_trigger"></span>

<p>La non-discrimination est-elle vraiment un enjeu de société ?</p>
<p>Le point d’interrogation souligne à quel point elle est souvent déniée, remise en question ou ignorée. Or qu’elle soit raciale, sexuelle, ou à l’encontre des handicapés, elle nous concerne tous. Il est donc important de témoigner et d’étudier la survivance de ces situations de discrimination.</p>
