{"id":340,"date":"2013-07-02T11:18:23","date_gmt":"2013-07-02T09:18:23","guid":{"rendered":"https:\/\/www.parthages.be\/wordpress\/produit\/l-ouverture-emotionnelle\/"},"modified":"2022-03-01T14:03:00","modified_gmt":"2022-03-01T13:03:00","slug":"l-ouverture-emotionnelle","status":"publish","type":"product","link":"https:\/\/www.parthages.be\/eboutique\/produit\/l-ouverture-emotionnelle\/","title":{"rendered":"L&rsquo;ouverture \u00e9motionnelle"},"content":{"rendered":"<p>L\u2019Ouverture \u00e9motionnelle (OE) est une nouvelle approche th\u00e9orique et pratique qui s\u2019inscrit dans le domaine du v\u00e9cu et du traitement des \u00e9motions. Le mod\u00e8le de l\u2019OE se base sur l\u2019\u00e9valuation et l\u2019analyse de cinq dimensions \u00e9l\u00e9mentaires ancr\u00e9es dans les th\u00e9ories modernes des \u00e9motions (la repr\u00e9sentation cognitive des \u00e9tats \u00e9motionnels, la perception des indicateurs \u00e9motionnels corporels internes et externes, l\u2019expression et la communication des \u00e9motions et la r\u00e9gulation des \u00e9motions). Ces \u00e9l\u00e9ments permettent de caract\u00e9riser l\u2019affectivit\u00e9 des personnes et de r\u00e9fl\u00e9chir ainsi \u00e0 une prise en charge la plus adapt\u00e9e possible.<\/p>\n<p>Cet ouvrage se veut un v\u00e9ritable guide de la pratique de l\u2019Ouverture \u00e9motionnelle tant pour les professionnels de la sant\u00e9 mentale (psychologues, psychoth\u00e9rapeutes\u2026) que pour les \u00e9tudiants en psychologie. Apr\u00e8s une pr\u00e9sentation des bases conceptuelles de l\u2019OE et de ses aspects d\u00e9veloppementaux, les auteurs exposent de fa\u00e7on d\u00e9taill\u00e9e les r\u00e9sultats empiriques du mod\u00e8le dans diff\u00e9rents domaines de la psychologie clinique et de la psychologie de la sant\u00e9 (troubles de la personnalit\u00e9, troubles de la d\u00e9pendance, troubles anxieux, phobies, troubles somatoformes ou burnout, satisfaction dans le couple, bien-\u00eatre individuel). Enfin ils fournissent des pistes et conseils pour l\u2019application pratique du mod\u00e8le de l\u2019OE en intervention psychologique et en psychoth\u00e9rapie. En annexe, le lecteur trouvera l\u2019ensemble des instruments (questionnaires et instruments d\u2019auto-observation), sur lesquels repose le mod\u00e8le de l\u2019OE et qui sont in\u00e9dits \u00e0 ce jour.<\/p>\n<p>(Pr\u00e9sentation de l&rsquo;\u00e9diteur)<\/p>\n<p>REICHERTS M.- GENOUD P.A-ZIMMERMAN G.<\/p>\n<p>Editions Mardaga<\/p>\n<p>2012- 352p.-510gr- 32\u20ac<\/p>\n<p>ISBN: 978-2-8047-0103-1<\/p>\n<p>Cote doc\u00a0: 3-10-REI-O<\/p>\n<span class=\"et_bloom_bottom_trigger\"><\/span>","protected":false},"excerpt":{"rendered":"<p>L\u2019Ouverture \u00e9motionnelle (OE) est une nouvelle approche th\u00e9orique et pratique qui s\u2019inscrit dans le domaine du v\u00e9cu et du traitement des \u00e9motions. Le mod\u00e8le de l\u2019OE se base sur l\u2019\u00e9valuation et l\u2019analyse de cinq dimensions \u00e9l\u00e9mentaires ancr\u00e9es dans les th\u00e9ories modernes des \u00e9motions<\/p>\n","protected":false},"featured_media":339,"comment_status":"open","ping_status":"closed","template":"","meta":{"_et_pb_use_builder":"","_et_pb_old_content":"","_et_gb_content_width":"","spay_email":""},"class_list":["post-340","product","type-product","status-publish","has-post-thumbnail","hentry","product_cat-livres","product_tag-developpement-cognitif","product_tag-emotion","product_tag-evaluation","product_tag-methodologie","product_tag-outil"],"jetpack_sharing_enabled":true,"jetpack_likes_enabled":true,"_links":{"self":[{"href":"https:\/\/www.parthages.be\/eboutique\/wp-json\/wp\/v2\/product\/340","targetHints":{"allow":["GET"]}}],"collection":[{"href":"https:\/\/www.parthages.be\/eboutique\/wp-json\/wp\/v2\/product"}],"about":[{"href":"https:\/\/www.parthages.be\/eboutique\/wp-json\/wp\/v2\/types\/product"}],"replies":[{"embeddable":true,"href":"https:\/\/www.parthages.be\/eboutique\/wp-json\/wp\/v2\/comments?post=340"}],"wp:featuredmedia":[{"embeddable":true,"href":"https:\/\/www.parthages.be\/eboutique\/wp-json\/wp\/v2\/media\/339"}],"wp:attachment":[{"href":"https:\/\/www.parthages.be\/eboutique\/wp-json\/wp\/v2\/media?parent=340"}],"curies":[{"name":"wp","href":"https:\/\/api.w.org\/{rel}","templated":true}]}}