{"id":344,"date":"2013-07-02T11:23:06","date_gmt":"2013-07-02T09:23:06","guid":{"rendered":"https:\/\/www.parthages.be\/wordpress\/produit\/questions-sensorielles-et-perceptives-dans-l-autisme-et-le-syndrome-d-asperger\/"},"modified":"2022-07-26T08:04:18","modified_gmt":"2022-07-26T06:04:18","slug":"questions-sensorielles-et-perceptives-dans-l-autisme-et-le-syndrome-d-asperger","status":"publish","type":"product","link":"https:\/\/www.parthages.be\/eboutique\/produit\/questions-sensorielles-et-perceptives-dans-l-autisme-et-le-syndrome-d-asperger\/","title":{"rendered":"Questions sensorielles et perceptives dans l&rsquo;autisme et le syndrome d&rsquo;Asperger"},"content":{"rendered":"<p>Ce livre met l&rsquo;accent sur les probl\u00e8mes sensoriels et perceptifs dans l&rsquo;autisme identifi\u00e9s par les personnes avec autisme elles-m\u00eames. La premi\u00e8re partie de l&rsquo;ouvrage pr\u00e9sente la particularit\u00e9 de leurs sensibilit\u00e9s et de leurs exp\u00e9riences sensorielles et perceptives, trop souvent ignor\u00e9es par les professionnels. La seconde partie se centre sur les questions d&rsquo;\u00e9valuation et d&rsquo;intervention avec des recommandations pratiques afin de s\u00e9lectionner des m\u00e9thodes et des techniques appropri\u00e9es dans le but d\u2019amoindrir leurs probl\u00e8mes sensoriels et perceptifs tout en soulignant leurs points forts.<\/p>\n<p>Ce livre \u00ab Questions sensorielles et perceptives dans l\u2019autisme \u00bb permet aux enseignants et autres professionnels, aux parents et aux personnes avec autisme elles-m\u00eames de comprendre pleinement les particularit\u00e9s sensorielles et perceptives dans l\u2019autisme. (Pr\u00e9sentation de l&rsquo;\u00e9diteur)<\/p>\n<p>BOGDASHINA O.<\/p>\n<p>Editions AFD<\/p>\n<p>2012-284p.382gr<\/p>\n<p>ISBN\u00a0: 978-2-917150-15-3<\/p>\n<p>Cote doc: 1-70-BOG-Q<\/p>\n<p><strong><em>Uniquement \u00e0 la location<\/em><\/strong><\/p>\n<span class=\"et_bloom_bottom_trigger\"><\/span>","protected":false},"excerpt":{"rendered":"<p>Ce livre met l&rsquo;accent sur les probl\u00e8mes sensoriels et perceptifs dans l&rsquo;autisme identifi\u00e9s par les personnes avec autisme elles-m\u00eames. La premi\u00e8re partie de l&rsquo;ouvrage pr\u00e9sente la particularit\u00e9 de leurs sensibilit\u00e9s et de leurs exp\u00e9riences sensorielles et perceptives, trop souvent ignor\u00e9es par les professionnels.<\/p>\n","protected":false},"featured_media":343,"comment_status":"open","ping_status":"closed","template":"","meta":{"_et_pb_use_builder":"","_et_pb_old_content":"","_et_gb_content_width":"","spay_email":""},"class_list":["post-344","product","type-product","status-publish","has-post-thumbnail","hentry","product_cat-livres","product_tag-autisme","product_tag-evaluation","product_tag-experience","product_tag-intervention","product_tag-outil","product_tag-technique-daide","product_tag-trouble-du-comportement"],"jetpack_sharing_enabled":true,"jetpack_likes_enabled":true,"_links":{"self":[{"href":"https:\/\/www.parthages.be\/eboutique\/wp-json\/wp\/v2\/product\/344","targetHints":{"allow":["GET"]}}],"collection":[{"href":"https:\/\/www.parthages.be\/eboutique\/wp-json\/wp\/v2\/product"}],"about":[{"href":"https:\/\/www.parthages.be\/eboutique\/wp-json\/wp\/v2\/types\/product"}],"replies":[{"embeddable":true,"href":"https:\/\/www.parthages.be\/eboutique\/wp-json\/wp\/v2\/comments?post=344"}],"wp:featuredmedia":[{"embeddable":true,"href":"https:\/\/www.parthages.be\/eboutique\/wp-json\/wp\/v2\/media\/343"}],"wp:attachment":[{"href":"https:\/\/www.parthages.be\/eboutique\/wp-json\/wp\/v2\/media?parent=344"}],"curies":[{"name":"wp","href":"https:\/\/api.w.org\/{rel}","templated":true}]}}

<p>Ce livre met l&rsquo;accent sur les problèmes sensoriels et perceptifs dans l&rsquo;autisme identifiés par les personnes avec autisme elles-mêmes. La première partie de l&rsquo;ouvrage présente la particularité de leurs sensibilités et de leurs expériences sensorielles et perceptives, trop souvent ignorées par les professionnels. La seconde partie se centre sur les questions d&rsquo;évaluation et d&rsquo;intervention avec des recommandations pratiques afin de sélectionner des méthodes et des techniques appropriées dans le but d’amoindrir leurs problèmes sensoriels et perceptifs tout en soulignant leurs points forts.</p>
<p>Ce livre « Questions sensorielles et perceptives dans l’autisme » permet aux enseignants et autres professionnels, aux parents et aux personnes avec autisme elles-mêmes de comprendre pleinement les particularités sensorielles et perceptives dans l’autisme. (Présentation de l&rsquo;éditeur)</p>
<p>BOGDASHINA O.</p>
<p>Editions AFD</p>
<p>2012-284p.382gr</p>
<p>ISBN : 978-2-917150-15-3</p>
<p>Cote doc: 1-70-BOG-Q</p>
<p><strong><em>Uniquement à la location</em></strong></p>
<span class="et_bloom_bottom_trigger"></span>

<p>Ce livre met l&rsquo;accent sur les problèmes sensoriels et perceptifs dans l&rsquo;autisme identifiés par les personnes avec autisme elles-mêmes. La première partie de l&rsquo;ouvrage présente la particularité de leurs sensibilités et de leurs expériences sensorielles et perceptives, trop souvent ignorées par les professionnels.</p>
