{"id":348,"date":"2013-08-05T14:23:32","date_gmt":"2013-08-05T12:23:32","guid":{"rendered":"https:\/\/www.parthages.be\/wordpress\/produit\/l-autisme-vu-de-l-interieur\/"},"modified":"2022-06-07T08:24:01","modified_gmt":"2022-06-07T06:24:01","slug":"l-autisme-vu-de-l-interieur","status":"publish","type":"product","link":"https:\/\/www.parthages.be\/eboutique\/produit\/l-autisme-vu-de-l-interieur\/","title":{"rendered":"L&rsquo;autisme vu de l&rsquo;int\u00e9rieur"},"content":{"rendered":"<p>Il existe de tr\u00e8s nombreux ouvrages sur l\u2019autisme qui d\u00e9crivent et analysent de fa\u00e7on tr\u00e8s approfondie et sous tous les angles, les diff\u00e9rentes manifestations et les probl\u00e8mes typiques de ce trouble, ainsi que leurs causes.<\/p>\n<p>Toutefois cette abondance d\u2019\u00e9tudes et de recherches fait souvent preuve d\u2019une vision superficielle qui ne r\u00e9ussit pas \u00e0 aller au-del\u00e0 de la partie visible de ce d\u00e9sordre si complexe. C\u2019est \u00ab la pointe de l\u2019Iceberg \u00bb pour utiliser cette m\u00e9taphore universelle.<\/p>\n<p>Qu\u2019y a-t-il dans la partie immerg\u00e9e ? Quels sont les m\u00e9canismes sous-jacents qui, si on les ignore, ne permettent pas une lecture r\u00e9elle et correcte des besoins de la personne ?<\/p>\n<p>Dans ce livre, Hilde de Clercq \u2013 m\u00e8re d\u2019un gar\u00e7on autiste et sp\u00e9cialiste de r\u00e9putation internationale \u2013 explique en profondeur \u00e0 travers de nombreuses situations de la vie quotidienne, les diff\u00e9rences entre la pens\u00e9e autistique et la pens\u00e9e des \u00ab neuro-typiques \u00bb et comment cette diff\u00e9rence interf\u00e8re sur l\u2019imagination, la communication et les relations dans la vie de tous les jours.<\/p>\n<p>Elle met ainsi en lumi\u00e8re les origines de ces difficult\u00e9s et de ces particularit\u00e9s directement li\u00e9es \u00e0 l\u2019autisme, soulignant l\u2019importance de bien comprendre la fa\u00e7on dont la personne autiste voit le monde et vit le monde.<\/p>\n<p>\u00ab L\u2019autisme vu de l\u2019int\u00e9rieur \u00bb s\u2019adresse aux parents, aux enseignants, aux \u00e9ducateurs et aux psychologues. (Pr\u00e9sentation de l\u2019\u00e9diteur)<\/p>\n<p>DE CLERCQ H.<\/p>\n<p>Editions AFD<\/p>\n<p>2013- 393p.-<\/p>\n<p>637gr<\/p>\n<p>ISBN\u00a0: 978-2-917150-17-7<\/p>\n<p>Cote doc\u00a0: 1-70-DEC-A<\/p>\n<span class=\"et_bloom_bottom_trigger\"><\/span>","protected":false},"excerpt":{"rendered":"<p>Il existe de tr\u00e8s nombreux ouvrages sur l\u2019autisme qui d\u00e9crivent et analysent de fa\u00e7on tr\u00e8s approfondie et sous tous les angles, les diff\u00e9rentes manifestations et les probl\u00e8mes typiques de ce trouble, ainsi que leurs causes.<\/p>\n","protected":false},"featured_media":347,"comment_status":"open","ping_status":"closed","template":"","meta":{"_et_pb_use_builder":"","_et_pb_old_content":"","_et_gb_content_width":"","spay_email":""},"class_list":["post-348","product","type-product","status-publish","has-post-thumbnail","hentry","product_cat-livres","product_tag-autisme","product_tag-autonomie","product_tag-cognition","product_tag-communication","product_tag-outil","product_tag-pensee","product_tag-relation-sociale","product_tag-temoignage","product_tag-vie-quotidienne"],"jetpack_sharing_enabled":true,"jetpack_likes_enabled":true,"_links":{"self":[{"href":"https:\/\/www.parthages.be\/eboutique\/wp-json\/wp\/v2\/product\/348","targetHints":{"allow":["GET"]}}],"collection":[{"href":"https:\/\/www.parthages.be\/eboutique\/wp-json\/wp\/v2\/product"}],"about":[{"href":"https:\/\/www.parthages.be\/eboutique\/wp-json\/wp\/v2\/types\/product"}],"replies":[{"embeddable":true,"href":"https:\/\/www.parthages.be\/eboutique\/wp-json\/wp\/v2\/comments?post=348"}],"wp:featuredmedia":[{"embeddable":true,"href":"https:\/\/www.parthages.be\/eboutique\/wp-json\/wp\/v2\/media\/347"}],"wp:attachment":[{"href":"https:\/\/www.parthages.be\/eboutique\/wp-json\/wp\/v2\/media?parent=348"}],"curies":[{"name":"wp","href":"https:\/\/api.w.org\/{rel}","templated":true}]}}