{"id":364,"date":"2013-09-30T11:24:25","date_gmt":"2013-09-30T09:24:25","guid":{"rendered":"https:\/\/www.parthages.be\/wordpress\/produit\/j-ai-rendez-vous-avec-vous\/"},"modified":"2022-07-26T10:40:39","modified_gmt":"2022-07-26T08:40:39","slug":"j-ai-rendez-vous-avec-vous","status":"publish","type":"product","link":"https:\/\/www.parthages.be\/eboutique\/produit\/j-ai-rendez-vous-avec-vous\/","title":{"rendered":"J&rsquo;ai rendez-vous avec vous"},"content":{"rendered":"<p>\u00ab\u00a0Que dire de Jacques \u00c9douard, trente ans, qui vient de mourir ?<br \/>\nQu&rsquo;il aimait Gainsbourg, le reggae, la peinture et nous.<br \/>\nQu&rsquo;il ne faut pas s&rsquo;attarder sur la souffrance, la maladie, la chimioth\u00e9rapie qui nourrit tant d&rsquo;espoir mais \u00e0 laquelle on ne croit plus.<br \/>\nQu&rsquo;il faut surtout parler de vie : de A \u00e0 Z, de Paris \u00e0 Buenos Aires, de New York \u00e0 Vichy, de l&rsquo;amour et des longs instants de bonheur qu&rsquo;il faut savoir partager.<br \/>\nCar Jacques nous dit : \u201cFoncez! 30 ans, c&rsquo;est peu, mais c&rsquo;est beaucoup pour ceux qui savent en profiter. \u201c<br \/>\nJacques nous dit : \u201cContinuez! Tant de choses encore \u00e0 faire, qu&rsquo;il faudra me raconter. \u201c<br \/>\nJacques nous dit : \u201cRendez-vous ailleurs, un jour. \u201c<br \/>\nJacques nous dit : \u201cVivez ! Tout simplement. \u201c\u00a0\u00bb<\/p>\n<p>Quand bien m\u00eame ce texte, sous forme d&rsquo;ab\u00e9c\u00e9daire, est d\u00e9di\u00e9 au fils trop t\u00f4t emport\u00e9 par la maladie, il n&rsquo;a pas la froideur du marbre&#8230; pas la solennit\u00e9 aust\u00e8re des st\u00e8les&#8230; pas l&rsquo;\u00e9troitesse des tombeaux. En lui s&rsquo;exprime au contraire par touche, par pointillisme presque, tout ce qui a fait la vie passionn\u00e9e, fulgurante, intense de Jacques-\u00c9douard: ses moments de courage et de bonheur, ses r\u00e9ussites, ses amours, ses amiti\u00e9s, ses joies, son humilit\u00e9&#8230; Tous occupent ainsi la majeure partie \u2013 la plus belle \u2013 de ces \u00e9crits d&rsquo;une m\u00e8re qui s&rsquo;\u00e9rige, avec volont\u00e9, avec la puissance des mots \u00e9crits et imp\u00e9rissables, contre la mort et ses cons\u00e9quences.<br \/>\n\u00ab\u00a0Jacques, tu as v\u00e9cu 10 950 jours; nous t&rsquo;appelions Jaco; tu rayonnais, et je refuse que tu sois dans l&rsquo;ombre.\u00a0\u00bb<\/p>\n<p>DE BOISSY G.<\/p>\n<p>Soci\u00e9t\u00e9 des \u00e9crivains<\/p>\n<p>2013, 154p, 16\u20ac, 224gr<br \/>\nISBN\u00a0: 978-2-342-00699-5<\/p>\n<p>Cote doc\u00a0: 1-70-DEB-A<\/p>\n<span class=\"et_bloom_bottom_trigger\"><\/span>","protected":false},"excerpt":{"rendered":"<p>\u00ab\u00a0Que dire de Jacques \u00c9douard, trente ans, qui vient de mourir ?<br \/>\nQu&rsquo;il aimait Gainsbourg, le reggae, la peinture et nous.<\/p>\n","protected":false},"featured_media":363,"comment_status":"open","ping_status":"closed","template":"","meta":{"_et_pb_use_builder":"","_et_pb_old_content":"","_et_gb_content_width":"","spay_email":""},"class_list":["post-364","product","type-product","status-publish","has-post-thumbnail","hentry","product_cat-livres","product_tag-enfant","product_tag-maladie","product_tag-mort","product_tag-parent","product_tag-temoignage"],"jetpack_sharing_enabled":true,"jetpack_likes_enabled":true,"_links":{"self":[{"href":"https:\/\/www.parthages.be\/eboutique\/wp-json\/wp\/v2\/product\/364","targetHints":{"allow":["GET"]}}],"collection":[{"href":"https:\/\/www.parthages.be\/eboutique\/wp-json\/wp\/v2\/product"}],"about":[{"href":"https:\/\/www.parthages.be\/eboutique\/wp-json\/wp\/v2\/types\/product"}],"replies":[{"embeddable":true,"href":"https:\/\/www.parthages.be\/eboutique\/wp-json\/wp\/v2\/comments?post=364"}],"wp:featuredmedia":[{"embeddable":true,"href":"https:\/\/www.parthages.be\/eboutique\/wp-json\/wp\/v2\/media\/363"}],"wp:attachment":[{"href":"https:\/\/www.parthages.be\/eboutique\/wp-json\/wp\/v2\/media?parent=364"}],"curies":[{"name":"wp","href":"https:\/\/api.w.org\/{rel}","templated":true}]}}