{"id":366,"date":"2013-09-30T11:25:50","date_gmt":"2013-09-30T09:25:50","guid":{"rendered":"https:\/\/www.parthages.be\/wordpress\/produit\/autonomie-enchainee-autonomie-dechainee\/"},"modified":"2021-11-30T09:38:37","modified_gmt":"2021-11-30T08:38:37","slug":"autonomie-enchainee-autonomie-dechainee","status":"publish","type":"product","link":"https:\/\/www.parthages.be\/eboutique\/produit\/autonomie-enchainee-autonomie-dechainee\/","title":{"rendered":"Autonomie encha\u00een\u00e9e, autonomie d\u00e9cha\u00een\u00e9e"},"content":{"rendered":"<p>L&rsquo;autonomie n&rsquo;a pas pour oppos\u00e9, malgr\u00e9 l&rsquo;usage courant, la d\u00e9pendance, mais la soumission. Le couple autonomie-d\u00e9pendance est au contraire un couple dynamique, souvent conflictuel, mais qui est en quelque sorte un gage de recherche de libert\u00e9. Approches th\u00e9oriques, t\u00e9moignages v\u00e9cus, notamment par des couples dans lesquels l&rsquo;un des deux est handicap\u00e9, et parfois lourdement handicap\u00e9, voil\u00e0 un forum riche en d\u00e9bats et en esp\u00e9rances de vie.<\/p>\n<p>PIOT M.<\/p>\n<p>L&rsquo;Harmattan<\/p>\n<p>2013, 146p, 15\u20ac, 191gr<br \/>\nISBN\u00a0: 978-2-343-00293-4<\/p>\n<span class=\"et_bloom_bottom_trigger\"><\/span>","protected":false},"excerpt":{"rendered":"<p>L&rsquo;autonomie n&rsquo;a pas pour oppos\u00e9, malgr\u00e9 l&rsquo;usage courant, la d\u00e9pendance, mais la soumission.<\/p>\n<p>Cote doc\u00a0: 4-40-PIO-A<\/p>\n","protected":false},"featured_media":365,"comment_status":"open","ping_status":"closed","template":"","meta":{"_et_pb_use_builder":"","_et_pb_old_content":"","_et_gb_content_width":"","spay_email":""},"class_list":["post-366","product","type-product","status-publish","has-post-thumbnail","hentry","product_cat-livres","product_tag-autonomie","product_tag-couple","product_tag-dependance","product_tag-personne-handicapee","product_tag-psychanalyse"],"jetpack_sharing_enabled":true,"jetpack_likes_enabled":true,"_links":{"self":[{"href":"https:\/\/www.parthages.be\/eboutique\/wp-json\/wp\/v2\/product\/366","targetHints":{"allow":["GET"]}}],"collection":[{"href":"https:\/\/www.parthages.be\/eboutique\/wp-json\/wp\/v2\/product"}],"about":[{"href":"https:\/\/www.parthages.be\/eboutique\/wp-json\/wp\/v2\/types\/product"}],"replies":[{"embeddable":true,"href":"https:\/\/www.parthages.be\/eboutique\/wp-json\/wp\/v2\/comments?post=366"}],"wp:featuredmedia":[{"embeddable":true,"href":"https:\/\/www.parthages.be\/eboutique\/wp-json\/wp\/v2\/media\/365"}],"wp:attachment":[{"href":"https:\/\/www.parthages.be\/eboutique\/wp-json\/wp\/v2\/media?parent=366"}],"curies":[{"name":"wp","href":"https:\/\/api.w.org\/{rel}","templated":true}]}}