{"id":370,"date":"2013-09-30T11:30:41","date_gmt":"2013-09-30T09:30:41","guid":{"rendered":"https:\/\/www.parthages.be\/wordpress\/produit\/mon-enfant-est-insupportable-comprendre-les-enfants-difficiles\/"},"modified":"2022-04-15T09:51:47","modified_gmt":"2022-04-15T07:51:47","slug":"mon-enfant-est-insupportable-comprendre-les-enfants-difficiles","status":"publish","type":"product","link":"https:\/\/www.parthages.be\/eboutique\/produit\/mon-enfant-est-insupportable-comprendre-les-enfants-difficiles\/","title":{"rendered":"Mon enfant est insupportable! Comprendre les enfants difficiles"},"content":{"rendered":"<p>Les comportements d\u2019agressivit\u00e9, de provocation et de d\u00e9sob\u00e9issance sont fr\u00e9quents chez les tout petits.\u00a0En tant que parent, comment faire face \u00e0 ces situations ? L\u2019enfant \u00ab difficile \u00bb est-il fonci\u00e8rement insupportable, ou est-ce l\u2019entourage qui atteint ses limites de tol\u00e9rance ? Est-ce l\u2019\u00e9ducation qui est en cause ? Quand faut-il s\u2019inqui\u00e9ter, consulter un sp\u00e9cialiste ?<\/p>\n<p>Le livre apporte de nombreux \u00e9l\u00e9ments et informations, issus de la pratique clinique mais aussi de la recherche, pour comprendre ces enfants et ces situations difficiles. Il fournit des conseils pour aider les parents d\u00e9bord\u00e9s. Pour les professionnels, il constitue \u00e9galement un excellent outil qui les aidera \u00e0 remettre \u00e0 sa \u00ab juste place \u00bb le questionnement des parents.<\/p>\n<p>Comme chaque titre de la collection Sant\u00e9 en Soi, ce volume est enrichi d\u2019une liste de mots-cl\u00e9s, indispensables \u00e0 la compr\u00e9hension de la probl\u00e9matique, de r\u00e9sum\u00e9s clairs et pr\u00e9cis ainsi que de conseils de lecture.<\/p>\n<p>ROSKAM I.<\/p>\n<p>Mardaga<\/p>\n<p>2013, 150p, 18\u20ac, 283gr<br \/>\nISBN\u00a0: 978-2-8047-0165-9<\/p>\n<p>Cote doc : 2-30-ROS-E<\/p>\n<span class=\"et_bloom_bottom_trigger\"><\/span>","protected":false},"excerpt":{"rendered":"<p>Les comportements d\u2019agressivit\u00e9, de provocation et de d\u00e9sob\u00e9issance sont fr\u00e9quents chez les tout petits.<\/p>\n","protected":false},"featured_media":369,"comment_status":"open","ping_status":"closed","template":"","meta":{"_et_pb_use_builder":"","_et_pb_old_content":"","_et_gb_content_width":"","spay_email":""},"class_list":["post-370","product","type-product","status-publish","has-post-thumbnail","hentry","product_cat-livres","product_cat-livres-jeunesse","product_tag-aide-psychopedagogique","product_tag-enfant","product_tag-parent","product_tag-psychopedagogie","product_tag-relation-familiale","product_tag-relation-parent-enfant","product_tag-trouble-du-comportement"],"jetpack_sharing_enabled":true,"jetpack_likes_enabled":true,"_links":{"self":[{"href":"https:\/\/www.parthages.be\/eboutique\/wp-json\/wp\/v2\/product\/370","targetHints":{"allow":["GET"]}}],"collection":[{"href":"https:\/\/www.parthages.be\/eboutique\/wp-json\/wp\/v2\/product"}],"about":[{"href":"https:\/\/www.parthages.be\/eboutique\/wp-json\/wp\/v2\/types\/product"}],"replies":[{"embeddable":true,"href":"https:\/\/www.parthages.be\/eboutique\/wp-json\/wp\/v2\/comments?post=370"}],"wp:featuredmedia":[{"embeddable":true,"href":"https:\/\/www.parthages.be\/eboutique\/wp-json\/wp\/v2\/media\/369"}],"wp:attachment":[{"href":"https:\/\/www.parthages.be\/eboutique\/wp-json\/wp\/v2\/media?parent=370"}],"curies":[{"name":"wp","href":"https:\/\/api.w.org\/{rel}","templated":true}]}}