{"id":384,"date":"2013-10-28T11:49:19","date_gmt":"2013-10-28T10:49:19","guid":{"rendered":"https:\/\/www.parthages.be\/wordpress\/produit\/comprendre-l-euthanasie-et-ses-enjeux-la-mort-choisie\/"},"modified":"2021-09-06T16:05:27","modified_gmt":"2021-09-06T14:05:27","slug":"comprendre-l-euthanasie-et-ses-enjeux-la-mort-choisie","status":"publish","type":"product","link":"https:\/\/www.parthages.be\/eboutique\/produit\/comprendre-l-euthanasie-et-ses-enjeux-la-mort-choisie\/","title":{"rendered":"Comprendre l&rsquo;euthanasie et ses enjeux: La mort choisie"},"content":{"rendered":"<p>Depuis vingt ans, nos rep\u00e8res sur les questions de fin de vie ont bien chang\u00e9. En Belgique, l\u2019euthanasie a \u00e9t\u00e9 d\u00e9p\u00e9nalis\u00e9e depuis 2002. Elle est dor\u00e9navant consid\u00e9r\u00e9e comme un acte de soins qui peut \u00eatre pratiqu\u00e9 \u2013 exclusivement \u2013 par un m\u00e9decin, \u00e0 condition que le malade en fasse la demande expresse et r\u00e9p\u00e9t\u00e9e.<\/p>\n<p>Ce livre constitue le t\u00e9moignage nuanc\u00e9 et sinc\u00e8re d\u2019un m\u00e9decin-r\u00e9animateur belge engag\u00e9 dans la pratique de l\u2019euthanasie. C\u2019est \u00e0 la fois un plaidoyer pour une meilleure compr\u00e9hension de ce qu\u2019est r\u00e9ellement cet acte ultime, et une r\u00e9flexion pertinente sur la fin de vie dans un contexte de plus en plus m\u00e9dicalis\u00e9. \u00c0 c\u00f4t\u00e9 de l\u2019euthanasie, l\u2019ouvrage aborde ainsi \u00e9galement les autres d\u00e9cisions m\u00e9dicales concernant la vie finissante, telles que la s\u00e9dation ou les soins palliatifs.<\/p>\n<p>Enrichi de nombreux t\u00e9moignages, ce livre aborde les multiples questions qui se pr\u00e9sentent \u00e0 la personne concern\u00e9e par l\u2019acte d\u2019euthanasie, \u00e0 sa famille et \u00e0 ses proches, mais aussi au personnel soignant. Des questions particuli\u00e8rement br\u00fblantes \u00e0 l\u2019heure o\u00f9 le dossier euthanasie est \u00e0 l\u2019agenda politique \u2013 et au coeur de bien des d\u00e9bats pol\u00e9miques \u2013 en France.<\/p>\n<p>DAMAS F.<\/p>\n<p>Editions Mardaga<\/p>\n<p>2013 &#8211; 150 p.-330gr- 19.90\u20ac<\/p>\n<p>ISBN\u00a0: 978-2-8047-0166-6<\/p>\n<p>Cote doc\u00a0: 7-10-DAM-M<\/p>\n<span class=\"et_bloom_bottom_trigger\"><\/span>","protected":false},"excerpt":{"rendered":"<p>Depuis vingt ans, nos rep\u00e8res sur les questions de fin de vie ont bien chang\u00e9.<\/p>\n","protected":false},"featured_media":383,"comment_status":"open","ping_status":"closed","template":"","meta":{"_et_pb_use_builder":"","_et_pb_old_content":"","_et_gb_content_width":"","spay_email":""},"class_list":["post-384","product","type-product","status-publish","has-post-thumbnail","hentry","product_cat-livres","product_tag-euthanasie","product_tag-outil","product_tag-soins-palliatifs","product_tag-temoignage"],"jetpack_sharing_enabled":true,"jetpack_likes_enabled":true,"_links":{"self":[{"href":"https:\/\/www.parthages.be\/eboutique\/wp-json\/wp\/v2\/product\/384","targetHints":{"allow":["GET"]}}],"collection":[{"href":"https:\/\/www.parthages.be\/eboutique\/wp-json\/wp\/v2\/product"}],"about":[{"href":"https:\/\/www.parthages.be\/eboutique\/wp-json\/wp\/v2\/types\/product"}],"replies":[{"embeddable":true,"href":"https:\/\/www.parthages.be\/eboutique\/wp-json\/wp\/v2\/comments?post=384"}],"wp:featuredmedia":[{"embeddable":true,"href":"https:\/\/www.parthages.be\/eboutique\/wp-json\/wp\/v2\/media\/383"}],"wp:attachment":[{"href":"https:\/\/www.parthages.be\/eboutique\/wp-json\/wp\/v2\/media?parent=384"}],"curies":[{"name":"wp","href":"https:\/\/api.w.org\/{rel}","templated":true}]}}