{"id":392,"date":"2013-12-11T11:33:41","date_gmt":"2013-12-11T10:33:41","guid":{"rendered":"https:\/\/www.parthages.be\/wordpress\/produit\/surdites-implants-cochleaires-et-impasses-relationnelles\/"},"modified":"2022-05-16T21:27:00","modified_gmt":"2022-05-16T19:27:00","slug":"surdites-implants-cochleaires-et-impasses-relationnelles","status":"publish","type":"product","link":"https:\/\/www.parthages.be\/eboutique\/produit\/surdites-implants-cochleaires-et-impasses-relationnelles\/","title":{"rendered":"Surdit\u00e9s, implants cochl\u00e9aires et impasses relationnelles"},"content":{"rendered":"<p>CAJAL M.<\/p>\n<p>Editions Er\u00e8s<\/p>\n<p>2013- 251 p.-415gr- 25\u20ac<\/p>\n<p>ISBN\u00a0978-2-7492-3919-4<\/p>\n<p>Cote doc\u00a0: 2-10-CAJ-S<\/p>\n<p>Les progr\u00e8s accomplis en mati\u00e8re de technologie de l\u2019implantation cochl\u00e9aire procurent \u00e0 l&rsquo;enfant et \u00e0 l&rsquo;adulte, dans certains cas, une audition artificielle de remplacement lorsque l&rsquo;audition naturelle fait d\u00e9faut. Nulle magie pour autant. Une fois implant\u00e9e chirurgicalement, la proth\u00e8se devra subir de nombreux r\u00e9glages qui demanderont beaucoup de patience et de d\u00e9licatesse. Un long temps sera n\u00e9cessaire pour que le travail r\u00e9\u00e9ducatif permette \u00e0 l\u2019enfant sourd, qui ne parle pas, d\u2019entendre, c&rsquo;est-\u00e0-dire de saisir par la pens\u00e9e ce qu&rsquo;il aura ou\u00ef, et d\u2019articuler quelques mots. D&rsquo;autres, ayant entendu et parl\u00e9 avant de perdre l&rsquo;audition, auront un trajet g\u00e9n\u00e9ralement plus rapide.<\/p>\n<p>Dans cet ouvrage, l\u2019auteur d\u00e9crit et analyse en clinicien la fa\u00e7on dont les enfants accompagn\u00e9s ont r\u00e9agi dans leur chair, leur esprit et leur c\u0153ur face \u00e0 l\u2019appareillage venu bouleverser leur vie. Le travail psychoth\u00e9rapeutique, pr\u00e9sent\u00e9 avec un grand respect des personnes, ne masque ni les difficult\u00e9s, ni les avanc\u00e9es. Il ne pr\u00e9tend pas r\u00e9pondre \u00e0 toutes les questions. L\u2019objectif est d\u2019aider les familles, les sujets sourds porteurs d\u2019implant et les professionnels \u00e0 trouver du sens face \u00e0 certaines situations incompr\u00e9hensibles li\u00e9es \u00e0 l\u2019effraction de cette nouvelle technologie aujourd\u2019hui largement banalis\u00e9e et aux impasses relationnelles qu\u2019elle peut r\u00e9v\u00e9ler. Sans pr\u00e9jug\u00e9 ni dogmatisme, il montre comment il est possible d&rsquo;\u0153uvrer \u00e0 l&rsquo;humanisation du petit d&rsquo;homme au-del\u00e0 du secours de la technologie.(Pr\u00e9sentation de l&rsquo;\u00e9diteur)<\/p>\n<span class=\"et_bloom_bottom_trigger\"><\/span>","protected":false},"excerpt":{"rendered":"<p>Les progr\u00e8s accomplis en mati\u00e8re de technologie de l\u2019implantation cochl\u00e9aire procurent \u00e0 l&rsquo;enfant et \u00e0 l&rsquo;adulte, dans certains cas, une audition artificielle de remplacement lorsque l&rsquo;audition naturelle fait d\u00e9faut. Nulle magie pour autant.<\/p>\n","protected":false},"featured_media":391,"comment_status":"open","ping_status":"closed","template":"","meta":{"_et_pb_use_builder":"","_et_pb_old_content":"","_et_gb_content_width":"","spay_email":""},"class_list":["post-392","product","type-product","status-publish","has-post-thumbnail","hentry","product_cat-livres","product_tag-accompagnement","product_tag-adolescent","product_tag-adulte","product_tag-enfant","product_tag-handicap","product_tag-implant-cochleaire","product_tag-reeducation","product_tag-surdite"],"jetpack_sharing_enabled":true,"jetpack_likes_enabled":true,"_links":{"self":[{"href":"https:\/\/www.parthages.be\/eboutique\/wp-json\/wp\/v2\/product\/392","targetHints":{"allow":["GET"]}}],"collection":[{"href":"https:\/\/www.parthages.be\/eboutique\/wp-json\/wp\/v2\/product"}],"about":[{"href":"https:\/\/www.parthages.be\/eboutique\/wp-json\/wp\/v2\/types\/product"}],"replies":[{"embeddable":true,"href":"https:\/\/www.parthages.be\/eboutique\/wp-json\/wp\/v2\/comments?post=392"}],"wp:featuredmedia":[{"embeddable":true,"href":"https:\/\/www.parthages.be\/eboutique\/wp-json\/wp\/v2\/media\/391"}],"wp:attachment":[{"href":"https:\/\/www.parthages.be\/eboutique\/wp-json\/wp\/v2\/media?parent=392"}],"curies":[{"name":"wp","href":"https:\/\/api.w.org\/{rel}","templated":true}]}}