{"id":398,"date":"2013-12-12T11:05:47","date_gmt":"2013-12-12T10:05:47","guid":{"rendered":"https:\/\/www.parthages.be\/wordpress\/produit\/femmes-handicapees-citoyennes-avant-tout\/"},"modified":"2021-08-17T10:14:20","modified_gmt":"2021-08-17T08:14:20","slug":"femmes-handicapees-citoyennes-avant-tout","status":"publish","type":"product","link":"https:\/\/www.parthages.be\/eboutique\/produit\/femmes-handicapees-citoyennes-avant-tout\/","title":{"rendered":"Femmes handicap\u00e9es citoyennes avant tout !"},"content":{"rendered":"<p>Le matin du 25 novembre 2003, des femmes et des hommes, handicap\u00e9s ou non, se pressaient aux portes de l&rsquo;H\u00f4tel de Ville de Paris. La r\u00e9union s&rsquo;ouvre avec l&rsquo;intervention de Lucie Aubrac. La vieille dame raconte presque un si\u00e8cle d&rsquo;histoire du handicap. Elle commence avec les gueules cass\u00e9es de la guerre de 14 et le facteur de son village qu&rsquo;elle a vu revenir en 1918 avec une \u00ab manche de sa veste vide \u00bb, et ira jusqu&rsquo;au combat contre les mines anti-personnelles de l&rsquo;association Handicap International. Le mot d&rsquo;ordre : Femmes handicap\u00e9es, citoyennes avant tout ! (Pr\u00e9sentation de l&rsquo;\u00e9diteur)<\/p>\n<p>PIOT M.<\/p>\n<p>L\u2019Harlattan<\/p>\n<p>2013 -262 p.-338gr- 26\u20ac<\/p>\n<p>ISBN\u00a0: 978-2-343-00616-1<\/p>\n<p>Cote doc\u00a0: 7-40-PIO-F<\/p>\n<span class=\"et_bloom_bottom_trigger\"><\/span>","protected":false},"excerpt":{"rendered":"<p>Le matin du 25 novembre 2003, des femmes et des hommes, handicap\u00e9s ou non, se pressaient aux portes de l&rsquo;H\u00f4tel de Ville de Paris<\/p>\n","protected":false},"featured_media":397,"comment_status":"open","ping_status":"closed","template":"","meta":{"_et_pb_use_builder":"","_et_pb_old_content":"","_et_gb_content_width":"","spay_email":""},"class_list":["post-398","product","type-product","status-publish","has-post-thumbnail","hentry","product_cat-livres","product_tag-autonomie","product_tag-citoyennete","product_tag-couple","product_tag-femme","product_tag-personne-handicapee","product_tag-temoignage"],"jetpack_sharing_enabled":true,"jetpack_likes_enabled":true,"_links":{"self":[{"href":"https:\/\/www.parthages.be\/eboutique\/wp-json\/wp\/v2\/product\/398","targetHints":{"allow":["GET"]}}],"collection":[{"href":"https:\/\/www.parthages.be\/eboutique\/wp-json\/wp\/v2\/product"}],"about":[{"href":"https:\/\/www.parthages.be\/eboutique\/wp-json\/wp\/v2\/types\/product"}],"replies":[{"embeddable":true,"href":"https:\/\/www.parthages.be\/eboutique\/wp-json\/wp\/v2\/comments?post=398"}],"wp:featuredmedia":[{"embeddable":true,"href":"https:\/\/www.parthages.be\/eboutique\/wp-json\/wp\/v2\/media\/397"}],"wp:attachment":[{"href":"https:\/\/www.parthages.be\/eboutique\/wp-json\/wp\/v2\/media?parent=398"}],"curies":[{"name":"wp","href":"https:\/\/api.w.org\/{rel}","templated":true}]}}

Femmes handicapées citoyennes avant tout !

<p>Le matin du 25 novembre 2003, des femmes et des hommes, handicapés ou non, se pressaient aux portes de l&rsquo;Hôtel de Ville de Paris. La réunion s&rsquo;ouvre avec l&rsquo;intervention de Lucie Aubrac. La vieille dame raconte presque un siècle d&rsquo;histoire du handicap. Elle commence avec les gueules cassées de la guerre de 14 et le facteur de son village qu&rsquo;elle a vu revenir en 1918 avec une « manche de sa veste vide », et ira jusqu&rsquo;au combat contre les mines anti-personnelles de l&rsquo;association Handicap International. Le mot d&rsquo;ordre : Femmes handicapées, citoyennes avant tout ! (Présentation de l&rsquo;éditeur)</p>
<p>PIOT M.</p>
<p>L’Harlattan</p>
<p>2013 -262 p.-338gr- 26€</p>
<p>ISBN : 978-2-343-00616-1</p>
<p>Cote doc : 7-40-PIO-F</p>
<span class="et_bloom_bottom_trigger"></span>

<p>Le matin du 25 novembre 2003, des femmes et des hommes, handicapés ou non, se pressaient aux portes de l&rsquo;Hôtel de Ville de Paris</p>
