{"id":400,"date":"2013-12-12T11:08:44","date_gmt":"2013-12-12T10:08:44","guid":{"rendered":"https:\/\/www.parthages.be\/wordpress\/produit\/la-deficience-intellectuelle-face-au-progres-des-neurosciences\/"},"modified":"2022-04-15T09:39:51","modified_gmt":"2022-04-15T07:39:51","slug":"la-deficience-intellectuelle-face-au-progres-des-neurosciences","status":"publish","type":"product","link":"https:\/\/www.parthages.be\/eboutique\/produit\/la-deficience-intellectuelle-face-au-progres-des-neurosciences\/","title":{"rendered":"La d\u00e9ficience intellectuelle face au progr\u00e8s des neurosciences"},"content":{"rendered":"<p>Donner la parole aux associations de personnes qui repr\u00e9sentent les personnes d\u00e9ficientes intellectuelles et leur famille est un acte symbolique fort. C&rsquo;est reconna\u00eetre que ceux qu&rsquo;on pouvait consid\u00e9rer comme des objets de recherche et de soins sont acteurs et promoteurs des outils d&rsquo;accompagnement&#8230;<\/p>\n<p>Ouvrons maintenant ensemble ce pr\u00e9sent livre tourn\u00e9 vers l&rsquo;avenir. Sur les connaissances li\u00e9es et r\u00e9concili\u00e9es. Merci aux auteurs de poursuivre avec nous ce d\u00e9sir d&rsquo;un Vivre ensemble de qualit\u00e9, respectueux de la singularit\u00e9 des personnes d\u00e9ficientes intellectuelles pour lesquelles nous donnons avec force notre vie.<\/p>\n<p>Extraits de l&rsquo;avant-propos de Christel Prado, pr\u00e9sidente de l&rsquo;UNAPEI<\/p>\n<p>Cet ouvrage trouve sa source et son inspiration \u00e0 partir du constat de l&rsquo;\u00e9cart grandissant, au cours des derni\u00e8res d\u00e9cennies, entre les progr\u00e8s d\u00e9terminants des sciences fondamentales impliqu\u00e9es dans le domaine du handicap et leur traduction en termes de strat\u00e9gies th\u00e9rapeutiques. En effet, les neurosciences et la g\u00e9n\u00e9tique nous apportent un \u00e9clairage de plus en plus significatif sur la causalit\u00e9 intime des troubles observ\u00e9s sur les enfants atteints de d\u00e9ficience intellectuelle. Et nous savons que, sans cette connaissance, nous ne pouvons, \u00e0 l&rsquo;aveugle, d\u00e9terminer des programmes de soins bas\u00e9s uniquement sur l&rsquo;observation clinique.<\/p>\n<p>En transformant le regard port\u00e9 sur ces handicaps par des strat\u00e9gies de soins devenues op\u00e9ratoires et efficaces, l&rsquo;espoir est redonn\u00e9 \u00e0 des familles autrefois l\u00e9gitimement d\u00e9sesp\u00e9r\u00e9es.<\/p>\n<p>Si cet ouvrage s&rsquo;adresse \u00e0 tous les professionnels m\u00e9decins, r\u00e9\u00e9ducateurs sp\u00e9cialis\u00e9s et enseignants, les familles des enfants accueillis dans les \u00e9tablissements sp\u00e9cialis\u00e9s y trouveront aussi un outil tr\u00e8s pr\u00e9cieux de compr\u00e9hension et une approche d\u00e9culpabilisante de la d\u00e9ficience intellectuelle. (Pr\u00e9sentation de l&rsquo;\u00e9diteur)<\/p>\n<p>PETINIOT M-J.<\/p>\n<p>Chronique sociale<\/p>\n<p>2013- 313p.-432gr- 21.50\u20ac<\/p>\n<p>ISBN: 978-2-36717-006-0<\/p>\n<p>Cote doc\u00a0: 2-40-BRO-D<\/p>\n<span class=\"et_bloom_bottom_trigger\"><\/span>","protected":false},"excerpt":{"rendered":"<p>Donner la parole aux associations de personnes qui repr\u00e9sentent les personnes d\u00e9ficientes intellectuelles et leur famille est un acte symbolique fort.<\/p>\n","protected":false},"featured_media":399,"comment_status":"open","ping_status":"closed","template":"","meta":{"_et_pb_use_builder":"","_et_pb_old_content":"","_et_gb_content_width":"","spay_email":""},"class_list":["post-400","product","type-product","status-publish","has-post-thumbnail","hentry","product_cat-livres","product_tag-cause","product_tag-deficience-intellectuelle","product_tag-genetique","product_tag-neuroscience","product_tag-outil","product_tag-personne-handicapee","product_tag-regard","product_tag-soins"],"jetpack_sharing_enabled":true,"jetpack_likes_enabled":true,"_links":{"self":[{"href":"https:\/\/www.parthages.be\/eboutique\/wp-json\/wp\/v2\/product\/400","targetHints":{"allow":["GET"]}}],"collection":[{"href":"https:\/\/www.parthages.be\/eboutique\/wp-json\/wp\/v2\/product"}],"about":[{"href":"https:\/\/www.parthages.be\/eboutique\/wp-json\/wp\/v2\/types\/product"}],"replies":[{"embeddable":true,"href":"https:\/\/www.parthages.be\/eboutique\/wp-json\/wp\/v2\/comments?post=400"}],"wp:featuredmedia":[{"embeddable":true,"href":"https:\/\/www.parthages.be\/eboutique\/wp-json\/wp\/v2\/media\/399"}],"wp:attachment":[{"href":"https:\/\/www.parthages.be\/eboutique\/wp-json\/wp\/v2\/media?parent=400"}],"curies":[{"name":"wp","href":"https:\/\/api.w.org\/{rel}","templated":true}]}}