{"id":402,"date":"2013-12-12T11:12:18","date_gmt":"2013-12-12T10:12:18","guid":{"rendered":"https:\/\/www.parthages.be\/wordpress\/produit\/voies-et-voix-du-handicap\/"},"modified":"2021-09-03T10:05:22","modified_gmt":"2021-09-03T08:05:22","slug":"voies-et-voix-du-handicap","status":"publish","type":"product","link":"https:\/\/www.parthages.be\/eboutique\/produit\/voies-et-voix-du-handicap\/","title":{"rendered":"Voies et voix du handicap"},"content":{"rendered":"<p>Chaque fois qu\u2019une personne n\u2019est pas (ou n\u2019est plus) en situation de faire valoir les m\u00eames droits que les autres du fait de son handicap, c\u2019est le fonctionnement de nos soci\u00e9t\u00e9s d\u00e9mocratiques qui est mis en jeu. En bousculant et en interrogeant les cat\u00e9gories qui structurent l\u2019anthropologie occidentale et l\u2019imaginaire social dominant, le handicap poss\u00e8de ainsi, sur de nombreux sujets qui concernent chacun d\u2019entre nous, un fort pouvoir d\u2019interpellation morale et politique. Rencontrer les multiples voies ou modes d\u2019existence du handicap, \u00e9couter les voix qui l\u2019expriment et le revendiquent, tel est le projet de ce livre. M\u00ealant l\u2019analyse de sociologues et de philosophes, il d\u00e9ploie des r\u00e9flexions relevant aussi bien des d\u00e9bats contemporains dans la recherche (th\u00e9ories de la justice, disability studies, \u00e9thiques du care) que d\u2019une perspective plus appliqu\u00e9e (architecture, politiques publiques, pratiques artistiques). Dans une perspective interdisciplinaire, il offre ainsi diverses propositions th\u00e9oriques et pratiques pour reconfigurer les normes de l\u2019autonomie et de la d\u00e9pendance.<\/p>\n<p>(Pr\u00e9sentation de l&rsquo;\u00e9diteur)<\/p>\n<p>JOUAN \u00a0M.<\/p>\n<p>Editions PUG<\/p>\n<p>2013- 224 p.-295gr- 20\u20ac<\/p>\n<p>ISBN\u00a0:\u00a0978-2-7061-1823-4<\/p>\n<p>Cote doc\u00a0: 7-10-JOU-V<\/p>\n<span class=\"et_bloom_bottom_trigger\"><\/span>","protected":false},"excerpt":{"rendered":"<p>Chaque fois qu\u2019une personne n\u2019est pas (ou n\u2019est plus) en situation de faire valoir les m\u00eames droits que les autres du fait de son handicap, c\u2019est le fonctionnement de nos soci\u00e9t\u00e9s d\u00e9mocratiques qui est mis en jeu<\/p>\n","protected":false},"featured_media":401,"comment_status":"open","ping_status":"closed","template":"","meta":{"_et_pb_use_builder":"","_et_pb_old_content":"","_et_gb_content_width":"","spay_email":""},"class_list":["post-402","product","type-product","status-publish","has-post-thumbnail","hentry","product_cat-livres","product_tag-autonomie","product_tag-dependance","product_tag-ecoute","product_tag-ethique","product_tag-personne-handicapee","product_tag-philosophie","product_tag-reflexion","product_tag-societe"],"jetpack_sharing_enabled":true,"jetpack_likes_enabled":true,"_links":{"self":[{"href":"https:\/\/www.parthages.be\/eboutique\/wp-json\/wp\/v2\/product\/402","targetHints":{"allow":["GET"]}}],"collection":[{"href":"https:\/\/www.parthages.be\/eboutique\/wp-json\/wp\/v2\/product"}],"about":[{"href":"https:\/\/www.parthages.be\/eboutique\/wp-json\/wp\/v2\/types\/product"}],"replies":[{"embeddable":true,"href":"https:\/\/www.parthages.be\/eboutique\/wp-json\/wp\/v2\/comments?post=402"}],"wp:featuredmedia":[{"embeddable":true,"href":"https:\/\/www.parthages.be\/eboutique\/wp-json\/wp\/v2\/media\/401"}],"wp:attachment":[{"href":"https:\/\/www.parthages.be\/eboutique\/wp-json\/wp\/v2\/media?parent=402"}],"curies":[{"name":"wp","href":"https:\/\/api.w.org\/{rel}","templated":true}]}}

<p>Chaque fois qu’une personne n’est pas (ou n’est plus) en situation de faire valoir les mêmes droits que les autres du fait de son handicap, c’est le fonctionnement de nos sociétés démocratiques qui est mis en jeu. En bousculant et en interrogeant les catégories qui structurent l’anthropologie occidentale et l’imaginaire social dominant, le handicap possède ainsi, sur de nombreux sujets qui concernent chacun d’entre nous, un fort pouvoir d’interpellation morale et politique. Rencontrer les multiples voies ou modes d’existence du handicap, écouter les voix qui l’expriment et le revendiquent, tel est le projet de ce livre. Mêlant l’analyse de sociologues et de philosophes, il déploie des réflexions relevant aussi bien des débats contemporains dans la recherche (théories de la justice, disability studies, éthiques du care) que d’une perspective plus appliquée (architecture, politiques publiques, pratiques artistiques). Dans une perspective interdisciplinaire, il offre ainsi diverses propositions théoriques et pratiques pour reconfigurer les normes de l’autonomie et de la dépendance.</p>
<p>(Présentation de l&rsquo;éditeur)</p>
<p>JOUAN  M.</p>
<p>Editions PUG</p>
<p>2013- 224 p.-295gr- 20€</p>
<p>ISBN : 978-2-7061-1823-4</p>
<p>Cote doc : 7-10-JOU-V</p>
<span class="et_bloom_bottom_trigger"></span>

<p>Chaque fois qu’une personne n’est pas (ou n’est plus) en situation de faire valoir les mêmes droits que les autres du fait de son handicap, c’est le fonctionnement de nos sociétés démocratiques qui est mis en jeu</p>
