{"id":418,"date":"2014-01-09T15:20:25","date_gmt":"2014-01-09T14:20:25","guid":{"rendered":"https:\/\/www.parthages.be\/wordpress\/produit\/l-experience-handie\/"},"modified":"2021-08-17T10:36:50","modified_gmt":"2021-08-17T08:36:50","slug":"l-experience-handie","status":"publish","type":"product","link":"https:\/\/www.parthages.be\/eboutique\/produit\/l-experience-handie\/","title":{"rendered":"L&rsquo;exp\u00e9rience handie"},"content":{"rendered":"<p>DUFOUR P<\/p>\n<p>PUG<\/p>\n<p>2013 -152 p.-295gr- 18\u20ac<\/p>\n<p>ISBN\u00a0: 978-2-7061-1822-7<\/p>\n<p>Cote doc\u00a0: 7-30-DUF-D<\/p>\n<p>Quel regard portent les personnes handicap\u00e9es sur leur corps ? Le handicap questionne les mani\u00e8res d\u2019agir, de se mouvoir, que l\u2019on a coutume de tenir pour ordinaires.\u00a0Or comment construit-on sa virilit\u00e9 quand le corps ne correspond pas au standard, quand la force ou le muscle fait d\u00e9faut ? Comment appr\u00e9hende-t-on son exp\u00e9rience lorsque l\u2019autonomie individuelle n\u00e9cessite la coop\u00e9ration d\u2019autrui ? \u00c0 travers de nombreux entretiens avec des hommes \u00ab handis \u00bb, Pierre Dufour, lui-m\u00eame en fauteuil, explore le discours qui sous-tend la situation de handicap. Il analyse et diss\u00e8que le regard que l\u2019on a sur soi, sur sa virilit\u00e9, sur sa capacit\u00e9 \u00e0 s\u2019affranchir des standards et d\u2019un vocabulaire issus d\u2019un agencement du monde \u00ab valido-viril \u00bb lorsque son corps ne correspond pas \u00e0 celui-ci. Croisant les th\u00e8mes du handicap et du genre, l\u2019auteur interroge \u00e0 la fois les pratiques d\u2019hommes se d\u00e9pla\u00e7ant en fauteuil roulant et le stock social des discours sur la diversit\u00e9 corporelle. Nourri de nombreux exemples, ce livre offre une lecture originale, peu courante en France, dans la veine du courant anglo-saxon des Disability studies.<\/p>\n<p>(Pr\u00e9sentation de l&rsquo;\u00e9diteur)<\/p>\n<span class=\"et_bloom_bottom_trigger\"><\/span>","protected":false},"excerpt":{"rendered":"<p>Quel regard portent les personnes handicap\u00e9es sur leur corps ? Le handicap questionne les mani\u00e8res d\u2019agir, de se mouvoir, que l\u2019on a coutume de tenir pour ordinaires.<\/p>\n","protected":false},"featured_media":417,"comment_status":"open","ping_status":"closed","template":"","meta":{"_et_pb_use_builder":"","_et_pb_old_content":"","_et_gb_content_width":"","spay_email":""},"class_list":["post-418","product","type-product","status-publish","has-post-thumbnail","hentry","product_cat-livres","product_tag-autonomie","product_tag-image-de-soi","product_tag-image-du-corps","product_tag-personne-handicapee","product_tag-societe"],"jetpack_sharing_enabled":true,"jetpack_likes_enabled":true,"_links":{"self":[{"href":"https:\/\/www.parthages.be\/eboutique\/wp-json\/wp\/v2\/product\/418","targetHints":{"allow":["GET"]}}],"collection":[{"href":"https:\/\/www.parthages.be\/eboutique\/wp-json\/wp\/v2\/product"}],"about":[{"href":"https:\/\/www.parthages.be\/eboutique\/wp-json\/wp\/v2\/types\/product"}],"replies":[{"embeddable":true,"href":"https:\/\/www.parthages.be\/eboutique\/wp-json\/wp\/v2\/comments?post=418"}],"wp:featuredmedia":[{"embeddable":true,"href":"https:\/\/www.parthages.be\/eboutique\/wp-json\/wp\/v2\/media\/417"}],"wp:attachment":[{"href":"https:\/\/www.parthages.be\/eboutique\/wp-json\/wp\/v2\/media?parent=418"}],"curies":[{"name":"wp","href":"https:\/\/api.w.org\/{rel}","templated":true}]}}

L&rsquo;expérience handie

<p>DUFOUR P</p>
<p>PUG</p>
<p>2013 -152 p.-295gr- 18€</p>
<p>ISBN : 978-2-7061-1822-7</p>
<p>Cote doc : 7-30-DUF-D</p>
<p>Quel regard portent les personnes handicapées sur leur corps ? Le handicap questionne les manières d’agir, de se mouvoir, que l’on a coutume de tenir pour ordinaires. Or comment construit-on sa virilité quand le corps ne correspond pas au standard, quand la force ou le muscle fait défaut ? Comment appréhende-t-on son expérience lorsque l’autonomie individuelle nécessite la coopération d’autrui ? À travers de nombreux entretiens avec des hommes « handis », Pierre Dufour, lui-même en fauteuil, explore le discours qui sous-tend la situation de handicap. Il analyse et dissèque le regard que l’on a sur soi, sur sa virilité, sur sa capacité à s’affranchir des standards et d’un vocabulaire issus d’un agencement du monde « valido-viril » lorsque son corps ne correspond pas à celui-ci. Croisant les thèmes du handicap et du genre, l’auteur interroge à la fois les pratiques d’hommes se déplaçant en fauteuil roulant et le stock social des discours sur la diversité corporelle. Nourri de nombreux exemples, ce livre offre une lecture originale, peu courante en France, dans la veine du courant anglo-saxon des Disability studies.</p>
<p>(Présentation de l&rsquo;éditeur)</p>
<span class="et_bloom_bottom_trigger"></span>

<p>Quel regard portent les personnes handicapées sur leur corps ? Le handicap questionne les manières d’agir, de se mouvoir, que l’on a coutume de tenir pour ordinaires.</p>
