{"id":420,"date":"2014-03-13T08:59:54","date_gmt":"2014-03-13T07:59:54","guid":{"rendered":"https:\/\/www.parthages.be\/wordpress\/produit\/aube-s-city\/"},"modified":"2022-10-15T18:16:12","modified_gmt":"2022-10-15T16:16:12","slug":"aube-s-city","status":"publish","type":"product","link":"https:\/\/www.parthages.be\/eboutique\/produit\/aube-s-city\/","title":{"rendered":"Aube&rsquo;s city"},"content":{"rendered":"<p>Un roman dont le personnage principal, Johan devenu parapl\u00e9gique apr\u00e8s un accident de voiture, est introduit chez des gens peu recommandables par ses amis. Ensemble, ils vont vivre quelques aventures et se trouver au centre d&rsquo;une intrigue polici\u00e8re dont le jeune h\u00e9ros aura bien du mal \u00e0 se d\u00e9p\u00eatrer.<\/p>\n<p>Ces aventures sont pr\u00e9textes pour l&rsquo;auteur \u00e0 pr\u00e9senter la personne handicap\u00e9e avec les probl\u00e8mes mat\u00e9riels qu&rsquo;elle doit, quotidiennement, r\u00e9soudre.<\/p>\n<p>Ce roman est aussi l&rsquo;occasion pour lui de revisiter notre environnement social, philosophique, historique et m\u00eame politique.<\/p>\n<p>Johan et ses amis nous invitent \u00e0 vivre une \u00e9pop\u00e9e qui nous am\u00e8ne \u00e0 nous interroger sur notre \u00e9poque et divers probl\u00e8mes de soci\u00e9t\u00e9 qu&rsquo;elle engendre.<\/p>\n<p>Marc Brichot est n\u00e9 en 1960 \u00e0 Couvin. Handicap\u00e9 de naissance, il a toujours utilis\u00e9 son pied gauche pour ex\u00e9cuter toutes sortes de t\u00e2ches. Il a re\u00e7u un enseignement \u00e0 domicile et poursuivi ses \u00e9tudes par correspondance. Il aime la lecture, le cin\u00e9ma, et la musique, \u00e9crit des po\u00e8mes qu\u2019il publie. Il participe \u00e0 des activit\u00e9s culturelles et sociales dans sa r\u00e9gion o\u00f9 il expose parfois ses peintures r\u00e9alis\u00e9es avec le pied. (Pr\u00e9sentation de l&rsquo;\u00e9diteur)<\/p>\n<p>BRICHOT M.<br \/>\nEditions Action Sud<br \/>\n2012 &#8211; 240p. \u2013 312gr \u2013<br \/>\nD\/2012\/11.560\/04<\/p>\n<p>Cote doc\u00a0: 2-50-BRI-A<\/p>\n<span class=\"et_bloom_bottom_trigger\"><\/span>","protected":false},"excerpt":{"rendered":"<p>Un roman dont le personnage principal, Johan devenu parapl\u00e9gique apr\u00e8s un accident de voiture, est introduit chez des gens peu recommandables par ses amis.<\/p>\n","protected":false},"featured_media":419,"comment_status":"open","ping_status":"closed","template":"","meta":{"_et_pb_use_builder":"","_et_pb_old_content":"","_et_gb_content_width":"","spay_email":""},"class_list":["post-420","product","type-product","status-publish","has-post-thumbnail","hentry","product_cat-livres","product_tag-integration-sociale","product_tag-paraplegie","product_tag-personne-handicapee","product_tag-philosophie","product_tag-societe","product_tag-vie-quotidienne","product_tag-vie-sociale"],"jetpack_sharing_enabled":true,"jetpack_likes_enabled":true,"_links":{"self":[{"href":"https:\/\/www.parthages.be\/eboutique\/wp-json\/wp\/v2\/product\/420","targetHints":{"allow":["GET"]}}],"collection":[{"href":"https:\/\/www.parthages.be\/eboutique\/wp-json\/wp\/v2\/product"}],"about":[{"href":"https:\/\/www.parthages.be\/eboutique\/wp-json\/wp\/v2\/types\/product"}],"replies":[{"embeddable":true,"href":"https:\/\/www.parthages.be\/eboutique\/wp-json\/wp\/v2\/comments?post=420"}],"wp:featuredmedia":[{"embeddable":true,"href":"https:\/\/www.parthages.be\/eboutique\/wp-json\/wp\/v2\/media\/419"}],"wp:attachment":[{"href":"https:\/\/www.parthages.be\/eboutique\/wp-json\/wp\/v2\/media?parent=420"}],"curies":[{"name":"wp","href":"https:\/\/api.w.org\/{rel}","templated":true}]}}

<p>Un roman dont le personnage principal, Johan devenu paraplégique après un accident de voiture, est introduit chez des gens peu recommandables par ses amis. Ensemble, ils vont vivre quelques aventures et se trouver au centre d&rsquo;une intrigue policière dont le jeune héros aura bien du mal à se dépêtrer.</p>
<p>Ces aventures sont prétextes pour l&rsquo;auteur à présenter la personne handicapée avec les problèmes matériels qu&rsquo;elle doit, quotidiennement, résoudre.</p>
<p>Ce roman est aussi l&rsquo;occasion pour lui de revisiter notre environnement social, philosophique, historique et même politique.</p>
<p>Johan et ses amis nous invitent à vivre une épopée qui nous amène à nous interroger sur notre époque et divers problèmes de société qu&rsquo;elle engendre.</p>
<p>Marc Brichot est né en 1960 à Couvin. Handicapé de naissance, il a toujours utilisé son pied gauche pour exécuter toutes sortes de tâches. Il a reçu un enseignement à domicile et poursuivi ses études par correspondance. Il aime la lecture, le cinéma, et la musique, écrit des poèmes qu’il publie. Il participe à des activités culturelles et sociales dans sa région où il expose parfois ses peintures réalisées avec le pied. (Présentation de l&rsquo;éditeur)</p>
<p>BRICHOT M.<br />
Editions Action Sud<br />
2012 &#8211; 240p. – 312gr –<br />
D/2012/11.560/04</p>
<p>Cote doc : 2-50-BRI-A</p>
<span class="et_bloom_bottom_trigger"></span>

<p>Un roman dont le personnage principal, Johan devenu paraplégique après un accident de voiture, est introduit chez des gens peu recommandables par ses amis.</p>
