{"id":426,"date":"2014-03-13T09:17:29","date_gmt":"2014-03-13T08:17:29","guid":{"rendered":"https:\/\/www.parthages.be\/wordpress\/produit\/a-genoux-derriere-ses-paupieres\/"},"modified":"2022-07-26T10:52:41","modified_gmt":"2022-07-26T08:52:41","slug":"a-genoux-derriere-ses-paupieres","status":"publish","type":"product","link":"https:\/\/www.parthages.be\/eboutique\/produit\/a-genoux-derriere-ses-paupieres\/","title":{"rendered":"\u00c0 genoux derri\u00e8re ses paupi\u00e8res"},"content":{"rendered":"<p>C&rsquo;est le tr\u00e8s joli titre d&rsquo;une vilaine histoire, toujours en cours, que nous raconte Jonathan Baeveghems, aux \u00c9ditions Azimuts, pour mieux faire conna\u00eetre cette maladie rare et \u00e9trange qu&rsquo;est la narcolepsie ou maladie de G\u00e9lineau. Aujourd&rsquo;hui, le jeune homme a bient\u00f4t 23 ans, d&rsquo;allure sportive et en parfaite sant\u00e9, il lutte pourtant chaque jour pour remplir ses obligations quotidiennes. S&rsquo;il ne peut conduire car les narcoleptiques (personnes atteintes de narcolepsie) doivent pouvoir prouver un minimum de deux ans de traitement efficace pour obtenir leur permis, il n&rsquo;est par contre pas reconnu comme personne handicap\u00e9e.<\/p>\n<p>Des contradictions kafka\u00efennes qui rendent encore plus difficile la vie de Jonathan. (Pr\u00e9sentation de l&rsquo;\u00e9diteur)<\/p>\n<p>BAEVEGHEMS J.<br \/>\nEditions Azimuts<br \/>\n2011 &#8211; 120p. \u2013 172gr \u2013<\/p>\n<p>ISBN\u00a0: 978-2-87471-051-3<\/p>\n<p>Cote doc : 1-20-BAE-A<\/p>\n<p><strong><em>Uniquement \u00e0 la location<\/em><\/strong><\/p>\n<span class=\"et_bloom_bottom_trigger\"><\/span>","protected":false},"excerpt":{"rendered":"<p>C&rsquo;est le tr\u00e8s joli titre d&rsquo;une vilaine histoire, toujours en cours, que nous raconte Jonathan Baeveghems, aux \u00c9ditions Azimuts, pour mieux faire conna\u00eetre cette maladie rare et \u00e9trange qu&rsquo;est la narcolepsie ou maladie de G\u00e9lineau.<\/p>\n","protected":false},"featured_media":425,"comment_status":"open","ping_status":"closed","template":"","meta":{"_et_pb_use_builder":"","_et_pb_old_content":"","_et_gb_content_width":"","spay_email":""},"class_list":["post-426","product","type-product","status-publish","has-post-thumbnail","hentry","product_cat-livres","product_tag-diagnostic","product_tag-temoignage","product_tag-trouble-du-sommeil","product_tag-vie-quotidienne"],"jetpack_sharing_enabled":true,"jetpack_likes_enabled":true,"_links":{"self":[{"href":"https:\/\/www.parthages.be\/eboutique\/wp-json\/wp\/v2\/product\/426","targetHints":{"allow":["GET"]}}],"collection":[{"href":"https:\/\/www.parthages.be\/eboutique\/wp-json\/wp\/v2\/product"}],"about":[{"href":"https:\/\/www.parthages.be\/eboutique\/wp-json\/wp\/v2\/types\/product"}],"replies":[{"embeddable":true,"href":"https:\/\/www.parthages.be\/eboutique\/wp-json\/wp\/v2\/comments?post=426"}],"wp:featuredmedia":[{"embeddable":true,"href":"https:\/\/www.parthages.be\/eboutique\/wp-json\/wp\/v2\/media\/425"}],"wp:attachment":[{"href":"https:\/\/www.parthages.be\/eboutique\/wp-json\/wp\/v2\/media?parent=426"}],"curies":[{"name":"wp","href":"https:\/\/api.w.org\/{rel}","templated":true}]}}

À genoux derrière ses paupières

<p>C&rsquo;est le très joli titre d&rsquo;une vilaine histoire, toujours en cours, que nous raconte Jonathan Baeveghems, aux Éditions Azimuts, pour mieux faire connaître cette maladie rare et étrange qu&rsquo;est la narcolepsie ou maladie de Gélineau. Aujourd&rsquo;hui, le jeune homme a bientôt 23 ans, d&rsquo;allure sportive et en parfaite santé, il lutte pourtant chaque jour pour remplir ses obligations quotidiennes. S&rsquo;il ne peut conduire car les narcoleptiques (personnes atteintes de narcolepsie) doivent pouvoir prouver un minimum de deux ans de traitement efficace pour obtenir leur permis, il n&rsquo;est par contre pas reconnu comme personne handicapée.</p>
<p>Des contradictions kafkaïennes qui rendent encore plus difficile la vie de Jonathan. (Présentation de l&rsquo;éditeur)</p>
<p>BAEVEGHEMS J.<br />
Editions Azimuts<br />
2011 &#8211; 120p. – 172gr –</p>
<p>ISBN : 978-2-87471-051-3</p>
<p>Cote doc : 1-20-BAE-A</p>
<p><strong><em>Uniquement à la location</em></strong></p>
<span class="et_bloom_bottom_trigger"></span>

<p>C&rsquo;est le très joli titre d&rsquo;une vilaine histoire, toujours en cours, que nous raconte Jonathan Baeveghems, aux Éditions Azimuts, pour mieux faire connaître cette maladie rare et étrange qu&rsquo;est la narcolepsie ou maladie de Gélineau.</p>
