{"id":442,"date":"2014-06-12T10:09:39","date_gmt":"2014-06-12T08:09:39","guid":{"rendered":"https:\/\/www.parthages.be\/wordpress\/produit\/ce-qu-il-reste-quand-on-a-tout-oublie\/"},"modified":"2014-06-12T10:09:39","modified_gmt":"2014-06-12T08:09:39","slug":"ce-qu-il-reste-quand-on-a-tout-oublie","status":"publish","type":"product","link":"https:\/\/www.parthages.be\/eboutique\/produit\/ce-qu-il-reste-quand-on-a-tout-oublie\/","title":{"rendered":"Ce qu il reste quand on a tout oubli\u00e9"},"content":{"rendered":"<p>PONTE\u00a0 M.<\/p>\n<p>Publibook<\/p>\n<p>2014-98p.-150gr- 13.95\u20ac<\/p>\n<p>ISBN\u00a0: 978-2-342-01964-3<\/p>\n<p>Imaginez-vous incapable de vous souvenir de votre identit\u00e9, incapable de reconna\u00eetre les gens qui vous entourent, et m\u00eame incapable de parler. \u00catre \u00e9tranger \u00e0 lui-m\u00eame est devenu la r\u00e9alit\u00e9 de Camille. Il comprend tout ce qui se passe autour de lui mais ne peut pas s&rsquo;exprimer. Du moins avec des mots. Il a aussi du mal \u00e0 ressentir des \u00e9motions comme il en per\u00e7oit chez celle qui l&rsquo;a accueilli dans sa maison. Dans leur maison a-t-elle dit. Pourtant il ne reconna\u00eet rien ici. Qu&rsquo;importe, elle est gentille et il lui est reconnaissant de l&rsquo;avoir fait sortir de l&rsquo;h\u00f4pital o\u00f9 tous ces gens lui faisaient peur et l&rsquo;agressaient. Mais tous ceux qui ont fait partie de son pass\u00e9 ne veulent qu&rsquo;une chose : essayer de le faire ressurgir. Faire en sorte que le Camille d&rsquo;avant revienne. Et s&rsquo;il ne le voulait pas ? Et si ce qui comptait pour lui d\u00e9sormais \u00e9tait de vivre le moment pr\u00e9sent puisqu&rsquo;il ne se souvient pas du pass\u00e9 et ne con\u00e7oit pas l&rsquo;avenir ? C&rsquo;est ce que comprennent Jeanne et Yamina, ces deux jeunes filles auxquelles il s&rsquo;attache et qui lui font faire des progr\u00e8s \u00e9normes. Pourtant, un tel d\u00e9sir peut-il \u00eatre satisfait dans une soci\u00e9t\u00e9 o\u00f9 la survie passe par la ma\u00eetrise de codes et de valeurs que Camille ne poss\u00e8de plus ? Avec \u00ab\u00a0Ce qu&rsquo;il reste quand on a tout oubli\u00e9\u00a0\u00bb, Michel Ponte r\u00e9ussit le pari magistral de nous faire entrer dans la peau de ce personnage attachant et profond\u00e9ment humain. Nous d\u00e9couvrons avec lui son pass\u00e9, sa vie, ses go\u00fbts et partageons ses interrogations, parfois sans r\u00e9ponse. Un ouvrage empli d&rsquo;\u00e9motion et de sinc\u00e9rit\u00e9 qui n&rsquo;a de cesse de nous placer face \u00e0 nos certitudes sur la vie pour nous montrer que la souffrance n&rsquo;est pas toujours l\u00e0 o\u00f9 nous aurions pu le croire.<\/p>\n<p>(Pr\u00e9sentation de l&rsquo;\u00e9diteur)<\/p>\n<span class=\"et_bloom_bottom_trigger\"><\/span>","protected":false},"excerpt":{"rendered":"<p>Imaginez-vous incapable de vous souvenir de votre identit\u00e9, incapable de reconna\u00eetre les gens qui vous entourent, et m\u00eame incapable de parler.<\/p>\n","protected":false},"featured_media":441,"comment_status":"open","ping_status":"closed","template":"","meta":{"_et_pb_use_builder":"","_et_pb_old_content":"","_et_gb_content_width":"","spay_email":""},"class_list":["post-442","product","type-product","status-publish","has-post-thumbnail","hentry","product_cat-livres","product_tag-alzheimer","product_tag-relation-affective","product_tag-temoignage"],"jetpack_sharing_enabled":true,"jetpack_likes_enabled":true,"_links":{"self":[{"href":"https:\/\/www.parthages.be\/eboutique\/wp-json\/wp\/v2\/product\/442","targetHints":{"allow":["GET"]}}],"collection":[{"href":"https:\/\/www.parthages.be\/eboutique\/wp-json\/wp\/v2\/product"}],"about":[{"href":"https:\/\/www.parthages.be\/eboutique\/wp-json\/wp\/v2\/types\/product"}],"replies":[{"embeddable":true,"href":"https:\/\/www.parthages.be\/eboutique\/wp-json\/wp\/v2\/comments?post=442"}],"wp:featuredmedia":[{"embeddable":true,"href":"https:\/\/www.parthages.be\/eboutique\/wp-json\/wp\/v2\/media\/441"}],"wp:attachment":[{"href":"https:\/\/www.parthages.be\/eboutique\/wp-json\/wp\/v2\/media?parent=442"}],"curies":[{"name":"wp","href":"https:\/\/api.w.org\/{rel}","templated":true}]}}