{"id":472,"date":"2014-10-06T14:48:52","date_gmt":"2014-10-06T12:48:52","guid":{"rendered":"https:\/\/www.parthages.be\/wordpress\/produit\/la-faim-des-hirondelles\/"},"modified":"2022-05-16T20:45:52","modified_gmt":"2022-05-16T18:45:52","slug":"la-faim-des-hirondelles","status":"publish","type":"product","link":"https:\/\/www.parthages.be\/eboutique\/produit\/la-faim-des-hirondelles\/","title":{"rendered":"La Faim des hirondelles"},"content":{"rendered":"<p>\u00ab\u00a0Je n&rsquo;arrive pas \u00e0 me l&rsquo;avouer, mais je crois que maintenant j&rsquo;y suis oblig\u00e9e. De toute mani\u00e8re, c&rsquo;est un m\u00e9decin qui me l&rsquo;affirme, je ne peux pas faire autrement. Je suis donc dans les deux faibles pour cent des Fran\u00e7ais qui sont anorexiques.\u00a0\u00bb<\/p>\n<p>Con\u00e7u comme un journal de bord, \u00ab\u00a0La Faim des hirondelles\u00a0\u00bb retrace \u00e9tape apr\u00e8s \u00e9tape, souffrance apr\u00e8s souffrance, le combat acharn\u00e9 contre l&rsquo;anorexie que m\u00e8ne une jeune fille de quatorze ans contrainte \u00e0 l&rsquo;hospitalisation.<\/p>\n<p>Louise Coutance nous offre ici une description pr\u00e9cise et authentique des processus psychologiques complexes li\u00e9s \u00e0 cette maladie. Pourtant, malgr\u00e9 cette plong\u00e9e dans l&rsquo;horreur et la douleur, ce r\u00e9cit est avant tout, comme le symbolise l&rsquo;hirondelle, porteur d&rsquo;espoir pour tous ceux qui sont confront\u00e9s \u00e0 l&rsquo;enfer de cette maladie.<\/p>\n<p>En effet, \u00ab\u00a0La Faim des hirondelles\u00a0\u00bb, roman intime, bouleversant et \u00e9crit sans artifice, est avant tout l&rsquo;histoire d&rsquo;une victoire. (Pr\u00e9sentation de l&rsquo;\u00e9diteur)<\/p>\n<p>COUTANCE L.<\/p>\n<p>Soci\u00e9t\u00e9 des Ecrivains<\/p>\n<p>2013 -72p.110gr-<\/p>\n<p>ISBN\u00a0: 978-2-342-01806-6<\/p>\n<p>Cote doc : 2-30-COU-F<\/p>\n<p><strong><em>Uniquement \u00e0 la location<\/em><\/strong><\/p>\n<span class=\"et_bloom_bottom_trigger\"><\/span>","protected":false},"excerpt":{"rendered":"<p>\u00ab\u00a0Je n&rsquo;arrive pas \u00e0 me l&rsquo;avouer, mais je crois que maintenant j&rsquo;y suis oblig\u00e9e. De toute mani\u00e8re, c&rsquo;est un m\u00e9decin qui me l&rsquo;affirme, je ne peux pas faire autrement. Je suis donc dans les deux faibles pour cent des Fran\u00e7ais qui sont anorexiques.\u00a0\u00bb<\/p>\n","protected":false},"featured_media":471,"comment_status":"open","ping_status":"closed","template":"","meta":{"_et_pb_use_builder":"","_et_pb_old_content":"","_et_gb_content_width":"","spay_email":""},"class_list":["post-472","product","type-product","status-publish","has-post-thumbnail","hentry","product_cat-livres","product_tag-anorexie","product_tag-diagnostic","product_tag-sante-mentale","product_tag-temoignage","product_tag-trouble-de-lalimentation"],"jetpack_sharing_enabled":true,"jetpack_likes_enabled":true,"_links":{"self":[{"href":"https:\/\/www.parthages.be\/eboutique\/wp-json\/wp\/v2\/product\/472","targetHints":{"allow":["GET"]}}],"collection":[{"href":"https:\/\/www.parthages.be\/eboutique\/wp-json\/wp\/v2\/product"}],"about":[{"href":"https:\/\/www.parthages.be\/eboutique\/wp-json\/wp\/v2\/types\/product"}],"replies":[{"embeddable":true,"href":"https:\/\/www.parthages.be\/eboutique\/wp-json\/wp\/v2\/comments?post=472"}],"wp:featuredmedia":[{"embeddable":true,"href":"https:\/\/www.parthages.be\/eboutique\/wp-json\/wp\/v2\/media\/471"}],"wp:attachment":[{"href":"https:\/\/www.parthages.be\/eboutique\/wp-json\/wp\/v2\/media?parent=472"}],"curies":[{"name":"wp","href":"https:\/\/api.w.org\/{rel}","templated":true}]}}

<p>« Je n&rsquo;arrive pas à me l&rsquo;avouer, mais je crois que maintenant j&rsquo;y suis obligée. De toute manière, c&rsquo;est un médecin qui me l&rsquo;affirme, je ne peux pas faire autrement. Je suis donc dans les deux faibles pour cent des Français qui sont anorexiques. »</p>
<p>Conçu comme un journal de bord, « La Faim des hirondelles » retrace étape après étape, souffrance après souffrance, le combat acharné contre l&rsquo;anorexie que mène une jeune fille de quatorze ans contrainte à l&rsquo;hospitalisation.</p>
<p>Louise Coutance nous offre ici une description précise et authentique des processus psychologiques complexes liés à cette maladie. Pourtant, malgré cette plongée dans l&rsquo;horreur et la douleur, ce récit est avant tout, comme le symbolise l&rsquo;hirondelle, porteur d&rsquo;espoir pour tous ceux qui sont confrontés à l&rsquo;enfer de cette maladie.</p>
<p>En effet, « La Faim des hirondelles », roman intime, bouleversant et écrit sans artifice, est avant tout l&rsquo;histoire d&rsquo;une victoire. (Présentation de l&rsquo;éditeur)</p>
<p>COUTANCE L.</p>
<p>Société des Ecrivains</p>
<p>2013 -72p.110gr-</p>
<p>ISBN : 978-2-342-01806-6</p>
<p>Cote doc : 2-30-COU-F</p>
<p><strong><em>Uniquement à la location</em></strong></p>
<span class="et_bloom_bottom_trigger"></span>

<p>« Je n&rsquo;arrive pas à me l&rsquo;avouer, mais je crois que maintenant j&rsquo;y suis obligée. De toute manière, c&rsquo;est un médecin qui me l&rsquo;affirme, je ne peux pas faire autrement. Je suis donc dans les deux faibles pour cent des Français qui sont anorexiques. »</p>
