{"id":478,"date":"2014-10-23T13:29:25","date_gmt":"2014-10-23T11:29:25","guid":{"rendered":"https:\/\/www.parthages.be\/wordpress\/produit\/autismes-et-psychanalyses\/"},"modified":"2022-07-26T08:27:50","modified_gmt":"2022-07-26T06:27:50","slug":"autismes-et-psychanalyses","status":"publish","type":"product","link":"https:\/\/www.parthages.be\/eboutique\/produit\/autismes-et-psychanalyses\/","title":{"rendered":"Autismes et psychanalyses"},"content":{"rendered":"<p>Dans le contexte politique actuel, qui d\u00e9nie au psychisme toute participation aux difficult\u00e9s autistiques, les auteurs r\u00e9unis par la CIPPA rendent compte de leur pratique clinique, institutionnelle et de leurs recherches aupr\u00e8s d\u2019enfants autistes et de leur famille.<\/p>\n<p>Cet ouvrage ne cherche pas pour autant \u00e0 \u00eatre exclusivement une \u00ab d\u00e9fense et illustration de la psychanalyse \u00bb. Au contraire, il se situe constamment dans une perspective d\u2019ouverture et de jonction avec les disciplines cognitives et les recherches scientifiques qui sont \u00e0 y associer. \u00c0 l\u2019or\u00e9e des restrictions th\u00e9orico-cliniques mises en perspective par le 3e plan autisme (2013\/2017), il d\u00e9fend la richesse des compl\u00e9mentarit\u00e9s et des atouts que proposent, dans le respect d\u2019un cadre consensuel, l\u2019imagination, la cr\u00e9ativit\u00e9, le plaisir partag\u00e9 et les vertus essentielles d\u2019une observation fine et continue. S\u2019inscrivant dans un partenariat constant avec les parents, il se d\u00e9solidarise compl\u00e8tement d\u2019une psychanalyse qui accuse ou met \u00e0 distance toute articulation avec le milieu familial.. (Pr\u00e9sentation de l&rsquo;\u00e9diteur)<\/p>\n<p>AMY M-D\u00a0.<\/p>\n<p>Editions Er\u00e8s<\/p>\n<p>2014 -498p.366gr-20\u20ac<\/p>\n<p>ISBN\u00a0: 978-2-7468-3127-8<\/p>\n<p>Cote doc: 1-70-AMY-A<\/p>\n<span class=\"et_bloom_bottom_trigger\"><\/span>","protected":false},"excerpt":{"rendered":"<p>Dans le contexte politique actuel, qui d\u00e9nie au psychisme toute participation aux difficult\u00e9s autistiques, les auteurs r\u00e9unis par la CIPPA rendent compte de leur pratique clinique, institutionnelle et de leurs recherches aupr\u00e8s d\u2019enfants autistes et de leur famille.<\/p>\n","protected":false},"featured_media":477,"comment_status":"open","ping_status":"closed","template":"","meta":{"_et_pb_use_builder":"","_et_pb_old_content":"","_et_gb_content_width":"","spay_email":""},"class_list":["post-478","product","type-product","status-publish","has-post-thumbnail","hentry","product_cat-livres","product_tag-approche-pluridisciplinaire","product_tag-autisme","product_tag-enfant","product_tag-parent","product_tag-partenariat","product_tag-perspective","product_tag-psychanalyse"],"jetpack_sharing_enabled":true,"jetpack_likes_enabled":true,"_links":{"self":[{"href":"https:\/\/www.parthages.be\/eboutique\/wp-json\/wp\/v2\/product\/478","targetHints":{"allow":["GET"]}}],"collection":[{"href":"https:\/\/www.parthages.be\/eboutique\/wp-json\/wp\/v2\/product"}],"about":[{"href":"https:\/\/www.parthages.be\/eboutique\/wp-json\/wp\/v2\/types\/product"}],"replies":[{"embeddable":true,"href":"https:\/\/www.parthages.be\/eboutique\/wp-json\/wp\/v2\/comments?post=478"}],"wp:featuredmedia":[{"embeddable":true,"href":"https:\/\/www.parthages.be\/eboutique\/wp-json\/wp\/v2\/media\/477"}],"wp:attachment":[{"href":"https:\/\/www.parthages.be\/eboutique\/wp-json\/wp\/v2\/media?parent=478"}],"curies":[{"name":"wp","href":"https:\/\/api.w.org\/{rel}","templated":true}]}}

<p>Dans le contexte politique actuel, qui dénie au psychisme toute participation aux difficultés autistiques, les auteurs réunis par la CIPPA rendent compte de leur pratique clinique, institutionnelle et de leurs recherches auprès d’enfants autistes et de leur famille.</p>
<p>Cet ouvrage ne cherche pas pour autant à être exclusivement une « défense et illustration de la psychanalyse ». Au contraire, il se situe constamment dans une perspective d’ouverture et de jonction avec les disciplines cognitives et les recherches scientifiques qui sont à y associer. À l’orée des restrictions théorico-cliniques mises en perspective par le 3e plan autisme (2013/2017), il défend la richesse des complémentarités et des atouts que proposent, dans le respect d’un cadre consensuel, l’imagination, la créativité, le plaisir partagé et les vertus essentielles d’une observation fine et continue. S’inscrivant dans un partenariat constant avec les parents, il se désolidarise complètement d’une psychanalyse qui accuse ou met à distance toute articulation avec le milieu familial.. (Présentation de l&rsquo;éditeur)</p>
<p>AMY M-D .</p>
<p>Editions Erès</p>
<p>2014 -498p.366gr-20€</p>
<p>ISBN : 978-2-7468-3127-8</p>
<p>Cote doc: 1-70-AMY-A</p>
<span class="et_bloom_bottom_trigger"></span>

<p>Dans le contexte politique actuel, qui dénie au psychisme toute participation aux difficultés autistiques, les auteurs réunis par la CIPPA rendent compte de leur pratique clinique, institutionnelle et de leurs recherches auprès d’enfants autistes et de leur famille.</p>
