{"id":490,"date":"2014-11-03T14:11:11","date_gmt":"2014-11-03T13:11:11","guid":{"rendered":"https:\/\/www.parthages.be\/wordpress\/produit\/introduction-a-la-sociologie-du-handicap\/"},"modified":"2014-11-03T14:11:11","modified_gmt":"2014-11-03T13:11:11","slug":"introduction-a-la-sociologie-du-handicap","status":"publish","type":"product","link":"https:\/\/www.parthages.be\/eboutique\/produit\/introduction-a-la-sociologie-du-handicap\/","title":{"rendered":"Introduction \u00e0 la sociologie du handicap"},"content":{"rendered":"<p>Comment le champ du handicap s\u2019est-il historiquement et socialement construit dans les soci\u00e9t\u00e9s occidentales ? Quel type d\u2019exp\u00e9riences le handicap produit-il ? Quelles mobilisations suscite-t-il ? Quel type de recherches et quels courants de pens\u00e9es recouvrent les disability studies ? Quels traitements politiques les soci\u00e9t\u00e9s donnent-elles aux personnes dites handicap\u00e9es ? Comment vivent-elles aujourd\u2019hui \u00e0 l\u2019\u00e9cole, au travail, en famille, en milieu \u00ab ordinaire \u00bb ou en institutions sp\u00e9cialis\u00e9es ? Voici quelques-unes des nombreuses questions que se posent tous ceux qui s\u2019int\u00e9ressent au handicap et que cet ouvrage propose d\u2019\u00e9clairer.<\/p>\n<p>Depuis une quarantaine d\u2019ann\u00e9es, le handicap est en effet devenu un objet d\u2019\u00e9tudes \u00e0 part enti\u00e8re des sciences humaines et sociales, de la sociologie en particulier. Les recherches ont permis de mieux comprendre l\u2019objet socio-politique \u00ab handicap \u00bb et d\u2019en cerner les contours instables. Mais elles ont aussi ouvert de nouvelles pistes et cat\u00e9gories d\u2019analyse pour penser nos soci\u00e9t\u00e9s contemporaines \u00e0 l\u2019\u00e9preuve de la diversit\u00e9. Elles montrent que la fonctionnalit\u00e9 des corps et des esprits touche au c\u0153ur des questions de justice sociale.<\/p>\n<p>Ce manuel propose un panorama clair et synth\u00e9tique des \u00e9tudes consacr\u00e9es au handicap en soulignant \u00e0 la fois les situations concr\u00e8tes qu\u2019il recouvre et ses enjeux politiques et sociaux.(Pr\u00e9sentation de l&rsquo;\u00e9diteur)<\/p>\n<p>VILLE I.- FILLION E- RAVAUD J-F.<\/p>\n<p>De Boeck<\/p>\n<p>2014 -256 p.-465 gr-22.50\u20ac<\/p>\n<p>ISBN\u00a0: 978-2-8041-8230-4<\/p>\n<span class=\"et_bloom_bottom_trigger\"><\/span>","protected":false},"excerpt":{"rendered":"<p>Comment le champ du handicap s\u2019est-il historiquement et socialement construit dans les soci\u00e9t\u00e9s occidentales ? Quel type d\u2019exp\u00e9riences le handicap produit-il ? Quelles mobilisations suscite-t-il ?<\/p>\n","protected":false},"featured_media":489,"comment_status":"open","ping_status":"closed","template":"","meta":{"_et_pb_use_builder":"","_et_pb_old_content":"","_et_gb_content_width":"","spay_email":""},"class_list":["post-490","product","type-product","status-publish","has-post-thumbnail","hentry","product_cat-livres","product_tag-enjeux","product_tag-experience","product_tag-historique","product_tag-personne-handicapee","product_tag-politique","product_tag-sociologie"],"jetpack_sharing_enabled":true,"jetpack_likes_enabled":true,"_links":{"self":[{"href":"https:\/\/www.parthages.be\/eboutique\/wp-json\/wp\/v2\/product\/490","targetHints":{"allow":["GET"]}}],"collection":[{"href":"https:\/\/www.parthages.be\/eboutique\/wp-json\/wp\/v2\/product"}],"about":[{"href":"https:\/\/www.parthages.be\/eboutique\/wp-json\/wp\/v2\/types\/product"}],"replies":[{"embeddable":true,"href":"https:\/\/www.parthages.be\/eboutique\/wp-json\/wp\/v2\/comments?post=490"}],"wp:featuredmedia":[{"embeddable":true,"href":"https:\/\/www.parthages.be\/eboutique\/wp-json\/wp\/v2\/media\/489"}],"wp:attachment":[{"href":"https:\/\/www.parthages.be\/eboutique\/wp-json\/wp\/v2\/media?parent=490"}],"curies":[{"name":"wp","href":"https:\/\/api.w.org\/{rel}","templated":true}]}}

Introduction à la sociologie du handicap

<p>Comment le champ du handicap s’est-il historiquement et socialement construit dans les sociétés occidentales ? Quel type d’expériences le handicap produit-il ? Quelles mobilisations suscite-t-il ? Quel type de recherches et quels courants de pensées recouvrent les disability studies ? Quels traitements politiques les sociétés donnent-elles aux personnes dites handicapées ? Comment vivent-elles aujourd’hui à l’école, au travail, en famille, en milieu « ordinaire » ou en institutions spécialisées ? Voici quelques-unes des nombreuses questions que se posent tous ceux qui s’intéressent au handicap et que cet ouvrage propose d’éclairer.</p>
<p>Depuis une quarantaine d’années, le handicap est en effet devenu un objet d’études à part entière des sciences humaines et sociales, de la sociologie en particulier. Les recherches ont permis de mieux comprendre l’objet socio-politique « handicap » et d’en cerner les contours instables. Mais elles ont aussi ouvert de nouvelles pistes et catégories d’analyse pour penser nos sociétés contemporaines à l’épreuve de la diversité. Elles montrent que la fonctionnalité des corps et des esprits touche au cœur des questions de justice sociale.</p>
<p>Ce manuel propose un panorama clair et synthétique des études consacrées au handicap en soulignant à la fois les situations concrètes qu’il recouvre et ses enjeux politiques et sociaux.(Présentation de l&rsquo;éditeur)</p>
<p>VILLE I.- FILLION E- RAVAUD J-F.</p>
<p>De Boeck</p>
<p>2014 -256 p.-465 gr-22.50€</p>
<p>ISBN : 978-2-8041-8230-4</p>
<span class="et_bloom_bottom_trigger"></span>

<p>Comment le champ du handicap s’est-il historiquement et socialement construit dans les sociétés occidentales ? Quel type d’expériences le handicap produit-il ? Quelles mobilisations suscite-t-il ?</p>
