{"id":496,"date":"2014-12-04T13:22:08","date_gmt":"2014-12-04T12:22:08","guid":{"rendered":"https:\/\/www.parthages.be\/wordpress\/produit\/une-sexualite-pour-les-personnes-handicapees-realite-utopie-ou-projet\/"},"modified":"2014-12-04T13:22:08","modified_gmt":"2014-12-04T12:22:08","slug":"une-sexualite-pour-les-personnes-handicapees-realite-utopie-ou-projet","status":"publish","type":"product","link":"https:\/\/www.parthages.be\/eboutique\/produit\/une-sexualite-pour-les-personnes-handicapees-realite-utopie-ou-projet\/","title":{"rendered":"Une sexualit\u00e9 pour les personnes handicap\u00e9es: r\u00e9alit\u00e9 utopie ou projet ?"},"content":{"rendered":"<p>Toutes les personnes en situation de handicap, mental ou physique, rel\u00e8vent du droit commun. \u00c0 ce titre et comme tout le monde, elles ont droit \u00e0 une vie priv\u00e9e, \u00e0 leur intimit\u00e9 et \u00e0 la sant\u00e9. Ce qui implique qu&rsquo;elles ont librement acc\u00e8s aux pratiques sexuelles en cours dans la soci\u00e9t\u00e9, selon les r\u00e8gles qui y sont admises.<\/p>\n<p>Ce choix social, tout r\u00e9cent, fait l&rsquo;unanimit\u00e9 tant qu&rsquo;il reste th\u00e9orique.<\/p>\n<p>Dans la r\u00e9alit\u00e9, les personnes en situation de handicap se heurtent \u00e0 des r\u00e9ticences, \u00e0 des r\u00e9serves, voire \u00e0 des interdictions d\u00e8s qu&rsquo;elles sont d\u00e9pendantes. Devant l&rsquo;id\u00e9e qu&rsquo;elles pourraient avoir des relations sexuelles ou des enfants, le discours social devient plus restrictif, prenant parfois la forme d&rsquo;un paradoxe. Les personnes en situation de handicap sont pr\u00e9sent\u00e9es presque syst\u00e9matiquement comme des victimes d&rsquo;une sexualit\u00e9 dangereuse. Ce qui implique de les prot\u00e9ger, de les surveiller et de choisir pour elles ce qui est bon et convenable.<\/p>\n<p>Leur intimit\u00e9, qui n&rsquo;en est plus une, et leurs comportements restent alors sous contr\u00f4le.<\/p>\n<p>Ce livre examine le contexte social et l&rsquo;aspect juridique du sujet. Il propose des solutions pour que les personnes en situation de handicap et leurs accompagnateurs, parents et professionnels, d\u00e9passent les paradoxes que la soci\u00e9t\u00e9 g\u00e9n\u00e8re. En s&rsquo;appuyant sur des situations concr\u00e8tes, il sugg\u00e8re aussi des accompagnements adapt\u00e9s pour les personnes concern\u00e9es en fonction du handicap qu&rsquo;elles pr\u00e9sentent, aussi important soit-il.(Pr\u00e9sentation de l&rsquo;\u00e9diteur)<\/p>\n<p>VAGINAY D.<\/p>\n<p>Chronique Sociale<\/p>\n<p>2014-352p.227gr-19.50\u20ac<\/p>\n<p>ISBN\u00a0: 978-2-36717-007-7<\/p>\n<span class=\"et_bloom_bottom_trigger\"><\/span>","protected":false},"excerpt":{"rendered":"<p>Toutes les personnes en situation de handicap, mental ou physique, rel\u00e8vent du droit commun. \u00c0 ce titre et comme tout le monde, elles ont droit \u00e0 une vie priv\u00e9e, \u00e0 leur intimit\u00e9 et \u00e0 la sant\u00e9.<\/p>\n","protected":false},"featured_media":495,"comment_status":"open","ping_status":"closed","template":"","meta":{"_et_pb_use_builder":"","_et_pb_old_content":"","_et_gb_content_width":"","spay_email":""},"class_list":["post-496","product","type-product","status-publish","has-post-thumbnail","hentry","product_cat-livres"],"jetpack_sharing_enabled":true,"jetpack_likes_enabled":true,"_links":{"self":[{"href":"https:\/\/www.parthages.be\/eboutique\/wp-json\/wp\/v2\/product\/496","targetHints":{"allow":["GET"]}}],"collection":[{"href":"https:\/\/www.parthages.be\/eboutique\/wp-json\/wp\/v2\/product"}],"about":[{"href":"https:\/\/www.parthages.be\/eboutique\/wp-json\/wp\/v2\/types\/product"}],"replies":[{"embeddable":true,"href":"https:\/\/www.parthages.be\/eboutique\/wp-json\/wp\/v2\/comments?post=496"}],"wp:featuredmedia":[{"embeddable":true,"href":"https:\/\/www.parthages.be\/eboutique\/wp-json\/wp\/v2\/media\/495"}],"wp:attachment":[{"href":"https:\/\/www.parthages.be\/eboutique\/wp-json\/wp\/v2\/media?parent=496"}],"curies":[{"name":"wp","href":"https:\/\/api.w.org\/{rel}","templated":true}]}}