{"id":506,"date":"2015-02-11T11:08:19","date_gmt":"2015-02-11T10:08:19","guid":{"rendered":"https:\/\/www.parthages.be\/wordpress\/produit\/sois-begue-et-tais-toi\/"},"modified":"2022-05-16T21:01:56","modified_gmt":"2022-05-16T19:01:56","slug":"sois-begue-et-tais-toi","status":"publish","type":"product","link":"https:\/\/www.parthages.be\/eboutique\/produit\/sois-begue-et-tais-toi\/","title":{"rendered":"Sois b\u00e8gue et tais-toi"},"content":{"rendered":"<p>Quand, le jour de No\u00ebl, son fils de 3 ans se met \u00e0 b\u00e9gayer, William ressent une douleur insupportable, un vrai coup de poignard. Parce qu\u2019il est b\u00e8gue depuis l\u2019enfance, l\u2019id\u00e9e que ses fils puissent suivre le m\u00eame chemin lui est inconcevable. Car ce qui para\u00eet un handicap anodin est en r\u00e9alit\u00e9 une grande souffrance.<\/p>\n<p>Comment envisager des \u00e9tudes ou avoir une vie professionnelle et amoureuse normale quand s\u2019adresser \u00e0 autrui est quasi impossible ? Quand les \u00e9changes du quotidien deviennent source de moquerie et quand un coup de t\u00e9l\u00e9phone peut \u00eatre un v\u00e9ritable calvaire ?<\/p>\n<p>William a pass\u00e9 sa vie \u00e0 lutter. Il a tout essay\u00e9, mais il b\u00e9gaye toujours et a d\u00fb se r\u00e9soudre \u00e0 faire avec. Aujourd\u2019hui, gr\u00e2ce \u00e0 son humour et \u00e0 une volont\u00e9 hors de commun, il consid\u00e8re qu\u2019il s\u2019en est sorti. Il vit avec cet intrus qu\u2019il a r\u00e9ussi \u00e0 dompter. Les obstacles sont les m\u00eames mais il a trouv\u00e9 des parades. La vie para\u00eet plus sereine m\u00eame si la plaie est toujours ouverte. William sera toujours diff\u00e9rent.<\/p>\n<p>Pour ses enfants, pour ses proches et pour les 600 000 b\u00e8gues de France qui souffrent comme lui aujourd\u2019hui, il a d\u00e9cid\u00e9 de t\u00e9moigner, de dire la souffrance mais aussi l\u2019espoir.<\/p>\n<p>Pour qu\u2019enfin les b\u00e8gues s\u2019assument et ne se taisent plus.(Pr\u00e9sentation de l&rsquo;\u00e9diteur)<\/p>\n<p>CHIFFLET W<\/p>\n<p>L\u2019Archipel<\/p>\n<p>2014-185p.270gr<\/p>\n<p>ISBN\u00a0: 978-2-8098-1427-9<\/p>\n<p>Cote doc\u00a0: 2-20-CHI-S<\/p>\n<p><strong><em>Uniquement \u00e0 la location<\/em><\/strong><\/p>\n<span class=\"et_bloom_bottom_trigger\"><\/span>","protected":false},"excerpt":{"rendered":"<p>Quand, le jour de No\u00ebl, son fils de 3 ans se met \u00e0 b\u00e9gayer, William ressent une douleur insupportable, un vrai coup de poignard.<\/p>\n","protected":false},"featured_media":505,"comment_status":"open","ping_status":"closed","template":"","meta":{"_et_pb_use_builder":"","_et_pb_old_content":"","_et_gb_content_width":"","spay_email":""},"class_list":["post-506","product","type-product","status-publish","has-post-thumbnail","hentry","product_cat-livres","product_tag-annonce-du-handicap","product_tag-anormalite","product_tag-begaiement","product_tag-communication","product_tag-enfant","product_tag-personne-handicapee","product_tag-relation-adulte-enfant","product_tag-relation-familiale"],"jetpack_sharing_enabled":true,"jetpack_likes_enabled":true,"_links":{"self":[{"href":"https:\/\/www.parthages.be\/eboutique\/wp-json\/wp\/v2\/product\/506","targetHints":{"allow":["GET"]}}],"collection":[{"href":"https:\/\/www.parthages.be\/eboutique\/wp-json\/wp\/v2\/product"}],"about":[{"href":"https:\/\/www.parthages.be\/eboutique\/wp-json\/wp\/v2\/types\/product"}],"replies":[{"embeddable":true,"href":"https:\/\/www.parthages.be\/eboutique\/wp-json\/wp\/v2\/comments?post=506"}],"wp:featuredmedia":[{"embeddable":true,"href":"https:\/\/www.parthages.be\/eboutique\/wp-json\/wp\/v2\/media\/505"}],"wp:attachment":[{"href":"https:\/\/www.parthages.be\/eboutique\/wp-json\/wp\/v2\/media?parent=506"}],"curies":[{"name":"wp","href":"https:\/\/api.w.org\/{rel}","templated":true}]}}