{"id":508,"date":"2015-02-11T11:10:07","date_gmt":"2015-02-11T10:10:07","guid":{"rendered":"https:\/\/www.parthages.be\/wordpress\/produit\/le-papillon-a-roulettes\/"},"modified":"2022-03-23T17:54:13","modified_gmt":"2022-03-23T16:54:13","slug":"le-papillon-a-roulettes","status":"publish","type":"product","link":"https:\/\/www.parthages.be\/eboutique\/produit\/le-papillon-a-roulettes\/","title":{"rendered":"Le papillon \u00e0 roulettes"},"content":{"rendered":"<p>B\u00e9b\u00e9 Papillon a un an.<\/p>\n<p>Il est de plus en plus beau, pourtant pap et maman Papillon se font beaucoup de souci.<\/p>\n<p>&#8211; Il ne vole toujours pas ! dit papa Papillon, qui est tr\u00e8s inquiet.<\/p>\n<p>&#8211; Il n\u2019essaye m\u00eame pas ! r\u00e9pond maman Papillon.<\/p>\n<p>Maman et papa Papillon d\u00e9cident d\u2019emmener b\u00e9b\u00e9 Papillon chez le grand papillon blanc.<\/p>\n<p>Ils veulent comprendre pourquoi b\u00e9b\u00e9 Papillon ne vole pas comme les autres petits papillons.<\/p>\n<p>Illustrations de Jeanne Chapelle (Pr\u00e9sentation de l&rsquo;\u00e9diteur)<\/p>\n<p>GARNIER M.<\/p>\n<p>Les Editions Beaydelaire<\/p>\n<p>2012-54p.-305gr-12\u20ac<\/p>\n<p>ISBN\u00a0: 979-10-203-0131-4<\/p>\n<p>Cote doc\u00a0: 11-GAR-P<\/p>\n<span class=\"et_bloom_bottom_trigger\"><\/span>","protected":false},"excerpt":{"rendered":"<p>B\u00e9b\u00e9 Papillon a un an.<\/p>\n","protected":false},"featured_media":507,"comment_status":"open","ping_status":"closed","template":"","meta":{"_et_pb_use_builder":"","_et_pb_old_content":"","_et_gb_content_width":"","spay_email":""},"class_list":["post-508","product","type-product","status-publish","has-post-thumbnail","hentry","product_cat-livres","product_cat-livres-jeunesse","product_tag-deficience-motrice","product_tag-handicap","product_tag-outil-dinformation","product_tag-personne-a-mobilite-reduite","product_tag-sensibilisation"],"jetpack_sharing_enabled":true,"jetpack_likes_enabled":true,"_links":{"self":[{"href":"https:\/\/www.parthages.be\/eboutique\/wp-json\/wp\/v2\/product\/508","targetHints":{"allow":["GET"]}}],"collection":[{"href":"https:\/\/www.parthages.be\/eboutique\/wp-json\/wp\/v2\/product"}],"about":[{"href":"https:\/\/www.parthages.be\/eboutique\/wp-json\/wp\/v2\/types\/product"}],"replies":[{"embeddable":true,"href":"https:\/\/www.parthages.be\/eboutique\/wp-json\/wp\/v2\/comments?post=508"}],"wp:featuredmedia":[{"embeddable":true,"href":"https:\/\/www.parthages.be\/eboutique\/wp-json\/wp\/v2\/media\/507"}],"wp:attachment":[{"href":"https:\/\/www.parthages.be\/eboutique\/wp-json\/wp\/v2\/media?parent=508"}],"curies":[{"name":"wp","href":"https:\/\/api.w.org\/{rel}","templated":true}]}}