{"id":514,"date":"2015-02-11T11:34:18","date_gmt":"2015-02-11T10:34:18","guid":{"rendered":"https:\/\/www.parthages.be\/wordpress\/produit\/la-force-du-pardon\/"},"modified":"2022-06-03T08:30:48","modified_gmt":"2022-06-03T06:30:48","slug":"la-force-du-pardon","status":"publish","type":"product","link":"https:\/\/www.parthages.be\/eboutique\/produit\/la-force-du-pardon\/","title":{"rendered":"La force du pardon"},"content":{"rendered":"<p>Ses parents lui avaient donn\u00e9 un socle. Celui d&rsquo;une vie vraie. Travail, respect et surtout dignit\u00e9. La sienne lui a fait penser \u00e0 \u00ab\u00a0Une vie\u00a0\u00bb de Maupassant.<\/p>\n<p>\u00c0 vingt ans, elle \u00e9tait encore une enfant et \u00e0 vingt-huit, elle \u00e9tait d\u00e9j\u00e0 cass\u00e9e, d\u00e9molie et d\u00e9vast\u00e9e. Elle avait pourtant la rage de vivre dans ce chaos effrayant, et c&rsquo;est une force extraordinaire qui lui fit relever la t\u00eate. Elle d\u00e9cida de se battre comme une lionne et m\u00eame de pardonner \u00e0 ses bourreaux.<\/p>\n<p>Il fallait pardonner pour \u00eatre lib\u00e9r\u00e9e. Beau malheur, P\u00e2querette allait enfin conna\u00eetre le bonheur.<\/p>\n<p>(Pr\u00e9sentation de l&rsquo;\u00e9diteur)<\/p>\n<p>P\u00c2QUERETTE<\/p>\n<p>Soci\u00e9t\u00e9 des \u00e9crivains<\/p>\n<p>2014 -76p.74gr<\/p>\n<p>Cote doc: 1-70-PAQ-F<\/p>\n<p>ISBN\u00a0:\u00a0978-2-342-02151-6<\/p>\n<span class=\"et_bloom_bottom_trigger\"><\/span>","protected":false},"excerpt":{"rendered":"<p>Ses parents lui avaient donn\u00e9 un socle. Celui d&rsquo;une vie vraie. Travail, respect et surtout dignit\u00e9. La sienne lui a fait penser \u00e0 \u00ab\u00a0Une vie\u00a0\u00bb de Maupassant.<\/p>\n","protected":false},"featured_media":513,"comment_status":"open","ping_status":"closed","template":"","meta":{"_et_pb_use_builder":"","_et_pb_old_content":"","_et_gb_content_width":"","spay_email":""},"class_list":["post-514","product","type-product","status-publish","has-post-thumbnail","hentry","product_cat-livres","product_tag-maltraitance","product_tag-temoignage","product_tag-violence-conjugale"],"jetpack_sharing_enabled":true,"jetpack_likes_enabled":true,"_links":{"self":[{"href":"https:\/\/www.parthages.be\/eboutique\/wp-json\/wp\/v2\/product\/514","targetHints":{"allow":["GET"]}}],"collection":[{"href":"https:\/\/www.parthages.be\/eboutique\/wp-json\/wp\/v2\/product"}],"about":[{"href":"https:\/\/www.parthages.be\/eboutique\/wp-json\/wp\/v2\/types\/product"}],"replies":[{"embeddable":true,"href":"https:\/\/www.parthages.be\/eboutique\/wp-json\/wp\/v2\/comments?post=514"}],"wp:featuredmedia":[{"embeddable":true,"href":"https:\/\/www.parthages.be\/eboutique\/wp-json\/wp\/v2\/media\/513"}],"wp:attachment":[{"href":"https:\/\/www.parthages.be\/eboutique\/wp-json\/wp\/v2\/media?parent=514"}],"curies":[{"name":"wp","href":"https:\/\/api.w.org\/{rel}","templated":true}]}}

<p>Ses parents lui avaient donné un socle. Celui d&rsquo;une vie vraie. Travail, respect et surtout dignité. La sienne lui a fait penser à « Une vie » de Maupassant.</p>
<p>À vingt ans, elle était encore une enfant et à vingt-huit, elle était déjà cassée, démolie et dévastée. Elle avait pourtant la rage de vivre dans ce chaos effrayant, et c&rsquo;est une force extraordinaire qui lui fit relever la tête. Elle décida de se battre comme une lionne et même de pardonner à ses bourreaux.</p>
<p>Il fallait pardonner pour être libérée. Beau malheur, Pâquerette allait enfin connaître le bonheur.</p>
<p>(Présentation de l&rsquo;éditeur)</p>
<p>PÂQUERETTE</p>
<p>Société des écrivains</p>
<p>2014 -76p.74gr</p>
<p>Cote doc: 1-70-PAQ-F</p>
<p>ISBN : 978-2-342-02151-6</p>
<span class="et_bloom_bottom_trigger"></span>

<p>Ses parents lui avaient donné un socle. Celui d&rsquo;une vie vraie. Travail, respect et surtout dignité. La sienne lui a fait penser à « Une vie » de Maupassant.</p>
