{"id":520,"date":"2015-02-12T08:39:55","date_gmt":"2015-02-12T07:39:55","guid":{"rendered":"https:\/\/www.parthages.be\/wordpress\/produit\/vulnerabilites-handicap-discrimination-on-en-parle\/"},"modified":"2021-08-23T10:02:12","modified_gmt":"2021-08-23T08:02:12","slug":"vulnerabilites-handicap-discrimination-on-en-parle","status":"publish","type":"product","link":"https:\/\/www.parthages.be\/eboutique\/produit\/vulnerabilites-handicap-discrimination-on-en-parle\/","title":{"rendered":"Vuln\u00e9rabilit\u00e9s handicap discrimination: on en parle!"},"content":{"rendered":"<p>Le colloque \u00ab Vuln\u00e9rabilit\u00e9s, handicaps, discriminations : on en parle ! \u00bb invite \u00e0 d\u00e9passer les repr\u00e9sentations banales du handicap, \u00e0 repenser la vuln\u00e9rabilit\u00e9 afin d&rsquo;en r\u00e9v\u00e9ler la positivit\u00e9 et ainsi favoriser l&rsquo;\u00e9mergence d&rsquo;une nouvelle \u00e9thique qui encourage la participation des personnes handicap\u00e9es. En effet, la situation de d\u00e9pendance physique des personnes handicap\u00e9es n&rsquo;entame pas leurs capacit\u00e9s \u00e0 s&rsquo;affirmer comme individus, \u00e0 exprimer leurs \u00e9motions, leur sensibilit\u00e9, leur cr\u00e9ativit\u00e9 et \u00e0 lier des relations affectives. (Pr\u00e9sentation de l&rsquo;\u00e9diteur)<\/p>\n<p>Piot M.<\/p>\n<p>L\u2019Harmattan<\/p>\n<p>2014-107p.-146gr-12\u20ac<\/p>\n<p>ISBN\u00a0: 978-2-343-03352-5<\/p>\n<p style=\"background: white; margin: 0cm 0cm 7.5pt 0cm;\"><span lang=\"FR\" style=\"color: #333333;\">Cote doc\u00a0: 7-10-PIO-V<\/span><\/p>\n<span class=\"et_bloom_bottom_trigger\"><\/span>","protected":false},"excerpt":{"rendered":"<p>Le colloque \u00ab Vuln\u00e9rabilit\u00e9s, handicaps, discriminations : on en parle ! \u00bb invite \u00e0 d\u00e9passer les repr\u00e9sentations banales du handicap,&#8230;<\/p>\n","protected":false},"featured_media":1648,"comment_status":"open","ping_status":"closed","template":"","meta":{"_et_pb_use_builder":"","_et_pb_old_content":"","_et_gb_content_width":"","spay_email":""},"class_list":["post-520","product","type-product","status-publish","has-post-thumbnail","hentry","product_cat-livres","product_tag-affectivite","product_tag-affirmation-de-soi","product_tag-dependance","product_tag-discrimination","product_tag-ethique","product_tag-expression","product_tag-participation","product_tag-personne-handicapee","product_tag-vulnerabilite"],"jetpack_sharing_enabled":true,"jetpack_likes_enabled":true,"_links":{"self":[{"href":"https:\/\/www.parthages.be\/eboutique\/wp-json\/wp\/v2\/product\/520","targetHints":{"allow":["GET"]}}],"collection":[{"href":"https:\/\/www.parthages.be\/eboutique\/wp-json\/wp\/v2\/product"}],"about":[{"href":"https:\/\/www.parthages.be\/eboutique\/wp-json\/wp\/v2\/types\/product"}],"replies":[{"embeddable":true,"href":"https:\/\/www.parthages.be\/eboutique\/wp-json\/wp\/v2\/comments?post=520"}],"wp:featuredmedia":[{"embeddable":true,"href":"https:\/\/www.parthages.be\/eboutique\/wp-json\/wp\/v2\/media\/1648"}],"wp:attachment":[{"href":"https:\/\/www.parthages.be\/eboutique\/wp-json\/wp\/v2\/media?parent=520"}],"curies":[{"name":"wp","href":"https:\/\/api.w.org\/{rel}","templated":true}]}}

Vulnérabilités handicap discrimination: on en parle!

<p>Le colloque « Vulnérabilités, handicaps, discriminations : on en parle ! » invite à dépasser les représentations banales du handicap, à repenser la vulnérabilité afin d&rsquo;en révéler la positivité et ainsi favoriser l&rsquo;émergence d&rsquo;une nouvelle éthique qui encourage la participation des personnes handicapées. En effet, la situation de dépendance physique des personnes handicapées n&rsquo;entame pas leurs capacités à s&rsquo;affirmer comme individus, à exprimer leurs émotions, leur sensibilité, leur créativité et à lier des relations affectives. (Présentation de l&rsquo;éditeur)</p>
<p>Piot M.</p>
<p>L’Harmattan</p>
<p>2014-107p.-146gr-12€</p>
<p>ISBN : 978-2-343-03352-5</p>
<p style="background: white; margin: 0cm 0cm 7.5pt 0cm;"><span lang="FR" style="color: #333333;">Cote doc : 7-10-PIO-V</span></p>
<span class="et_bloom_bottom_trigger"></span>

<p>Le colloque « Vulnérabilités, handicaps, discriminations : on en parle ! » invite à dépasser les représentations banales du handicap,&#8230;</p>
