{"id":54,"date":"2012-09-24T11:37:53","date_gmt":"2012-09-24T09:37:53","guid":{"rendered":"https:\/\/www.parthages.be\/wordpress\/produit\/je-suis-special\/"},"modified":"2022-11-02T15:47:47","modified_gmt":"2022-11-02T14:47:47","slug":"je-suis-special","status":"publish","type":"product","link":"https:\/\/www.parthages.be\/eboutique\/produit\/je-suis-special\/","title":{"rendered":"Je suis sp\u00e9cial"},"content":{"rendered":"<p>Comment expliquer l\u2019autisme aux personnes qui pr\u00e9sentent de l&rsquo;autisme ? Comment leur donner les informations n\u00e9cessaires pour y faire face sans pour autant les embrouiller ? Existe-t-il une m\u00e9thodologie dans ce domaine et quels \u00e9l\u00e9ments faut-il prendre en compte ?<\/p>\n<p>Peter Vermeulen essaye de r\u00e9pondre \u00e0 toutes ces questions dans ce nouvel ouvrage con\u00e7u sp\u00e9cialement pour les personnes avec autisme. \u00ab Je suis sp\u00e9cial \u00bb se pr\u00e9sente sous la forme d&rsquo;un programme de psycho\u00e9ducation dont le but est d&rsquo;accro\u00eetre la connaissance de soi et d&rsquo;am\u00e9liorer l&rsquo;image de soi au travers de m\u00e9thode socratique.<\/p>\n<p>Gr\u00e2ce \u00e0 un large \u00e9ventail d&rsquo;exercices, les personnes avec autisme, quel que soit leur \u00e2ge et leur niveau d\u2019intelligence, peuvent apprendre davantage sur leur trouble et comprendre comment relever le d\u00e9fi de l&rsquo;autisme face aux activit\u00e9s quotidiennes.<\/p>\n<p>\u00ab Je suis sp\u00e9cial \u00bb s&rsquo;articule autour de deux axes : un manuel de psycho\u00e9ducation ainsi que des exercices t\u00e9l\u00e9chargeables en ligne afin d&rsquo;appliquer les concepts th\u00e9oriques d\u00e9velopp\u00e9s dans le manuel. La nouveaut\u00e9 de cet ouvrage est son caract\u00e8re mall\u00e9able : les exercices peuvent \u00eatre personnalis\u00e9s pour s&rsquo;adapter aux caract\u00e9ristiques de la personne avec autisme. (Pr\u00e9sentation de l\u2019\u00e9diteur)<\/p>\n<p>VERMEULEN P.<\/p>\n<p>Editions De Boeck Universit\u00e9<\/p>\n<p>2010-288p.<\/p>\n<p>461gr<\/p>\n<p>ISBN: 978-2-8041-0960-8<\/p>\n<p>Cote doc: 1-70-VER-J<\/p>\n<span class=\"et_bloom_bottom_trigger\"><\/span>","protected":false},"excerpt":{"rendered":"<p>Comment expliquer l\u2019autisme aux personnes qui pr\u00e9sentent de l&rsquo;autisme ? Comment leur donner les informations n\u00e9cessaires pour y faire face sans pour autant les embrouiller ? Existe-t-il une m\u00e9thodologie dans ce domaine et quels \u00e9l\u00e9ments faut-il prendre en compte ? Peter Vermeulen essaye de r\u00e9pondre \u00e0 toutes ces questions dans ce nouvel ouvrage con\u00e7u sp\u00e9cialement [&hellip;]<\/p>\n","protected":false},"featured_media":53,"comment_status":"open","ping_status":"closed","template":"","meta":{"_et_pb_use_builder":"","_et_pb_old_content":"","_et_gb_content_width":"","spay_email":""},"class_list":["post-54","product","type-product","status-publish","has-post-thumbnail","hentry","product_cat-livres","product_tag-autisme","product_tag-education","product_tag-outil-pedagogique","product_tag-psychologie","product_tag-relation-familiale","product_tag-relation-sociale"],"jetpack_sharing_enabled":true,"jetpack_likes_enabled":true,"_links":{"self":[{"href":"https:\/\/www.parthages.be\/eboutique\/wp-json\/wp\/v2\/product\/54","targetHints":{"allow":["GET"]}}],"collection":[{"href":"https:\/\/www.parthages.be\/eboutique\/wp-json\/wp\/v2\/product"}],"about":[{"href":"https:\/\/www.parthages.be\/eboutique\/wp-json\/wp\/v2\/types\/product"}],"replies":[{"embeddable":true,"href":"https:\/\/www.parthages.be\/eboutique\/wp-json\/wp\/v2\/comments?post=54"}],"wp:featuredmedia":[{"embeddable":true,"href":"https:\/\/www.parthages.be\/eboutique\/wp-json\/wp\/v2\/media\/53"}],"wp:attachment":[{"href":"https:\/\/www.parthages.be\/eboutique\/wp-json\/wp\/v2\/media?parent=54"}],"curies":[{"name":"wp","href":"https:\/\/api.w.org\/{rel}","templated":true}]}}

Je suis spécial

<p>Comment expliquer l’autisme aux personnes qui présentent de l&rsquo;autisme ? Comment leur donner les informations nécessaires pour y faire face sans pour autant les embrouiller ? Existe-t-il une méthodologie dans ce domaine et quels éléments faut-il prendre en compte ?</p>
<p>Peter Vermeulen essaye de répondre à toutes ces questions dans ce nouvel ouvrage conçu spécialement pour les personnes avec autisme. « Je suis spécial » se présente sous la forme d&rsquo;un programme de psychoéducation dont le but est d&rsquo;accroître la connaissance de soi et d&rsquo;améliorer l&rsquo;image de soi au travers de méthode socratique.</p>
<p>Grâce à un large éventail d&rsquo;exercices, les personnes avec autisme, quel que soit leur âge et leur niveau d’intelligence, peuvent apprendre davantage sur leur trouble et comprendre comment relever le défi de l&rsquo;autisme face aux activités quotidiennes.</p>
<p>« Je suis spécial » s&rsquo;articule autour de deux axes : un manuel de psychoéducation ainsi que des exercices téléchargeables en ligne afin d&rsquo;appliquer les concepts théoriques développés dans le manuel. La nouveauté de cet ouvrage est son caractère malléable : les exercices peuvent être personnalisés pour s&rsquo;adapter aux caractéristiques de la personne avec autisme. (Présentation de l’éditeur)</p>
<p>VERMEULEN P.</p>
<p>Editions De Boeck Université</p>
<p>2010-288p.</p>
<p>461gr</p>
<p>ISBN: 978-2-8041-0960-8</p>
<p>Cote doc: 1-70-VER-J</p>
<span class="et_bloom_bottom_trigger"></span>

<p>Comment expliquer l’autisme aux personnes qui présentent de l&rsquo;autisme ? Comment leur donner les informations nécessaires pour y faire face sans pour autant les embrouiller ? Existe-t-il une méthodologie dans ce domaine et quels éléments faut-il prendre en compte ? Peter Vermeulen essaye de répondre à toutes ces questions dans ce nouvel ouvrage conçu spécialement [&hellip;]</p>
