{"id":542,"date":"2015-03-26T14:32:04","date_gmt":"2015-03-26T13:32:04","guid":{"rendered":"https:\/\/www.parthages.be\/wordpress\/produit\/memento-de-l-aide-aux-personnes-handicapees-2014\/"},"modified":"2021-09-17T09:17:05","modified_gmt":"2021-09-17T07:17:05","slug":"memento-de-l-aide-aux-personnes-handicapees-2014","status":"publish","type":"product","link":"https:\/\/www.parthages.be\/eboutique\/produit\/memento-de-l-aide-aux-personnes-handicapees-2014\/","title":{"rendered":"M\u00e9mento de l&rsquo;aide aux personnes handicap\u00e9es 2014"},"content":{"rendered":"<p>Le M\u00e9mento de l\u2019aide aux personnes handicap\u00e9es se veut \u00eatre un outil de r\u00e9f\u00e9rence pour tous les professionnels travaillant dans les diff\u00e9rents secteurs qui s\u2019adressent, principalement ou non, aux personnes handicap\u00e9es et \u00e0 leurs familles. Il propose un aper\u00e7u complet des interventions publiques qui sont pr\u00e9vues \u00e0 l\u2019intention de ces personnes en Wallonie et \u00e0 Bruxelles.<\/p>\n<p>L\u2019information est comment\u00e9e par des repr\u00e9sentants de grands domaines d\u2019intervention publique, tel que celui des prestations de s\u00e9curit\u00e9 sociale et d\u2019aide sociale, les services d\u2019aide aux personnes, l\u2019\u00e9ducation, la formation, l\u2019emploi, la protection juridique, le transport ou la fiscalit\u00e9.<\/p>\n<p>Chaque domaine fait l\u2019objet d\u2019une information pr\u00e9cise d\u00e9crivant notamment les aides et dispositifs en place, les crit\u00e8res d\u2019admissibilit\u00e9 et la proc\u00e9dure pour y avoir acc\u00e8s. (Pr\u00e9sentation de l\u2019\u00e9diteur)<\/p>\n<p>GUBBELS A.- BERGER J.M.- GOWEZ V.- WARLET F-J.<\/p>\n<p>Wolters Kluwer<\/p>\n<p>2014-446p<\/p>\n<p>ISBN: 978-90-46-56355-7<\/p>\n<p>Cote doc: 6-10-GUB-M<\/p>\n<p><strong><em>Uniquement \u00e0 la location<\/em><\/strong><\/p>\n<span class=\"et_bloom_bottom_trigger\"><\/span>","protected":false},"excerpt":{"rendered":"<p>Le M\u00e9mento de l\u2019aide aux personnes handicap\u00e9es se veut \u00eatre un outil de r\u00e9f\u00e9rence pour tous les professionnels travaillant dans les diff\u00e9rents secteurs qui s\u2019adressent, principalement ou non, aux personnes handicap\u00e9es et \u00e0 leurs familles.<\/p>\n","protected":false},"featured_media":541,"comment_status":"open","ping_status":"closed","template":"","meta":{"_et_pb_use_builder":"","_et_pb_old_content":"","_et_gb_content_width":"","spay_email":""},"class_list":["post-542","product","type-product","status-publish","has-post-thumbnail","hentry","product_cat-livres","product_tag-aide-a-lemploi","product_tag-aide-juridique","product_tag-aide-sociale","product_tag-belgique","product_tag-droit-social","product_tag-fiscalite","product_tag-intervention","product_tag-outil","product_tag-personne-handicapee","product_tag-protection-juridique","product_tag-securite-sociale","product_tag-structure","product_tag-transport"],"jetpack_sharing_enabled":true,"jetpack_likes_enabled":true,"_links":{"self":[{"href":"https:\/\/www.parthages.be\/eboutique\/wp-json\/wp\/v2\/product\/542","targetHints":{"allow":["GET"]}}],"collection":[{"href":"https:\/\/www.parthages.be\/eboutique\/wp-json\/wp\/v2\/product"}],"about":[{"href":"https:\/\/www.parthages.be\/eboutique\/wp-json\/wp\/v2\/types\/product"}],"replies":[{"embeddable":true,"href":"https:\/\/www.parthages.be\/eboutique\/wp-json\/wp\/v2\/comments?post=542"}],"wp:featuredmedia":[{"embeddable":true,"href":"https:\/\/www.parthages.be\/eboutique\/wp-json\/wp\/v2\/media\/541"}],"wp:attachment":[{"href":"https:\/\/www.parthages.be\/eboutique\/wp-json\/wp\/v2\/media?parent=542"}],"curies":[{"name":"wp","href":"https:\/\/api.w.org\/{rel}","templated":true}]}}