{"id":544,"date":"2015-04-10T10:35:21","date_gmt":"2015-04-10T08:35:21","guid":{"rendered":"https:\/\/www.parthages.be\/wordpress\/produit\/le-bouddha-l-alchimiste-et-le-fauteuil-roulant\/"},"modified":"2022-07-26T10:45:28","modified_gmt":"2022-07-26T08:45:28","slug":"le-bouddha-l-alchimiste-et-le-fauteuil-roulant","status":"publish","type":"product","link":"https:\/\/www.parthages.be\/eboutique\/produit\/le-bouddha-l-alchimiste-et-le-fauteuil-roulant\/","title":{"rendered":"Le Bouddha l&rsquo;Alchimiste et le fauteuil roulant"},"content":{"rendered":"<p>Tout commence un matin, lorsque Claire, enceinte de huit mois, r\u00e9alise que le b\u00e9b\u00e9 qu\u2019elle porte ne bouge plus. Quand elle se r\u00e9veille de la c\u00e9sarienne, les nouvelles ne sont pas bonnes : le processus vital de Blandine est s\u00e9rieusement engag\u00e9.<\/p>\n<p>Ce r\u00e9cit poignant, tout en \u00e9motions, raconte le parcours du combattant men\u00e9 par une m\u00e8re meurtrie par le handicap de sa fille. Mais aussi comment, gr\u00e2ce \u00e0 la magie de l\u2019alchimiste, elle transforme une vie de d\u00e9sespoir et de souffrance en un chemin initiatique spirituel et philosophique. Elle nous invite \u00e0 franchir avec elle la porte \u00e9troite du Retour \u00e0 l\u2019Essentiel : la joie, le partage, le sentiment d\u2019accomplissement. Elle nous initie \u00e0 la Sagesse du C\u0153ur.<\/p>\n<p>Ce livre redonne v\u00e9ritablement un sens \u00e0 notre Vie.<\/p>\n<p>Terrass\u00e9e par la violence d&rsquo;un \u00e9v\u00e9nement qui la projette dans le chaos et la souffrance, le handicap de sa fille, Claire Clauss a \u00e0 c\u0153ur de transmettre les enseignements \u00e9motionnels, philosophiques, et spirituels de son chemin. Elle \u00e9crit ce premier livre pour nous inviter \u00e0 franchir avec elle la porte \u00e9troite du Retour \u00e0 l\u2019Essentiel : la joie, le partage, le sentiment d\u2019accomplissement. Elle nous emm\u00e8ne dans une vision plus pure et plus lumineuse de la Vie, avec la ferme volont\u00e9 de faire d\u00e9couvrir au public une r\u00e9alit\u00e9 encore trop ignor\u00e9e : celle du handicap.<\/p>\n<p>Elle entra\u00eene tous ceux qui la c\u00f4toient dans des r\u00e9flexions sans concessions, les incitant sans rel\u00e2che \u00e0 se questionner sur notre soci\u00e9t\u00e9, trop mat\u00e9rialiste selon elle, et enferm\u00e9e dans la peur. Claire poursuit l\u2019objectif d\u2019utiliser son exp\u00e9rience personnelle au service de l\u2019\u00e9volution du monde. (Pr\u00e9sentation de l&rsquo;\u00e9diteur)<\/p>\n<p>CLAUSS C.<\/p>\n<p>Editions Baudelaire<\/p>\n<p>2014-246p.- 329gr-19\u20ac<\/p>\n<p>ISBN\u00a0:\u00a0979-10-203-0447-6<\/p>\n<p>Cote doc : 1-20-CLA-B<\/p>\n<p><strong><em>Uniquement \u00e0 la location<\/em><\/strong><\/p>\n<span class=\"et_bloom_bottom_trigger\"><\/span>","protected":false},"excerpt":{"rendered":"<p>Tout commence un matin, lorsque Claire, enceinte de huit mois, r\u00e9alise que le b\u00e9b\u00e9 qu\u2019elle porte ne bouge plus.<\/p>\n","protected":false},"featured_media":543,"comment_status":"open","ping_status":"closed","template":"","meta":{"_et_pb_use_builder":"","_et_pb_old_content":"","_et_gb_content_width":"","spay_email":""},"class_list":["post-544","product","type-product","status-publish","has-post-thumbnail","hentry","product_cat-livres","product_tag-annonce-du-handicap","product_tag-enfant-handicape","product_tag-recit-de-vie","product_tag-relation-mere-fille","product_tag-spiritualite"],"jetpack_sharing_enabled":true,"jetpack_likes_enabled":true,"_links":{"self":[{"href":"https:\/\/www.parthages.be\/eboutique\/wp-json\/wp\/v2\/product\/544","targetHints":{"allow":["GET"]}}],"collection":[{"href":"https:\/\/www.parthages.be\/eboutique\/wp-json\/wp\/v2\/product"}],"about":[{"href":"https:\/\/www.parthages.be\/eboutique\/wp-json\/wp\/v2\/types\/product"}],"replies":[{"embeddable":true,"href":"https:\/\/www.parthages.be\/eboutique\/wp-json\/wp\/v2\/comments?post=544"}],"wp:featuredmedia":[{"embeddable":true,"href":"https:\/\/www.parthages.be\/eboutique\/wp-json\/wp\/v2\/media\/543"}],"wp:attachment":[{"href":"https:\/\/www.parthages.be\/eboutique\/wp-json\/wp\/v2\/media?parent=544"}],"curies":[{"name":"wp","href":"https:\/\/api.w.org\/{rel}","templated":true}]}}

<p>Tout commence un matin, lorsque Claire, enceinte de huit mois, réalise que le bébé qu’elle porte ne bouge plus. Quand elle se réveille de la césarienne, les nouvelles ne sont pas bonnes : le processus vital de Blandine est sérieusement engagé.</p>
<p>Ce récit poignant, tout en émotions, raconte le parcours du combattant mené par une mère meurtrie par le handicap de sa fille. Mais aussi comment, grâce à la magie de l’alchimiste, elle transforme une vie de désespoir et de souffrance en un chemin initiatique spirituel et philosophique. Elle nous invite à franchir avec elle la porte étroite du Retour à l’Essentiel : la joie, le partage, le sentiment d’accomplissement. Elle nous initie à la Sagesse du Cœur.</p>
<p>Ce livre redonne véritablement un sens à notre Vie.</p>
<p>Terrassée par la violence d&rsquo;un événement qui la projette dans le chaos et la souffrance, le handicap de sa fille, Claire Clauss a à cœur de transmettre les enseignements émotionnels, philosophiques, et spirituels de son chemin. Elle écrit ce premier livre pour nous inviter à franchir avec elle la porte étroite du Retour à l’Essentiel : la joie, le partage, le sentiment d’accomplissement. Elle nous emmène dans une vision plus pure et plus lumineuse de la Vie, avec la ferme volonté de faire découvrir au public une réalité encore trop ignorée : celle du handicap.</p>
<p>Elle entraîne tous ceux qui la côtoient dans des réflexions sans concessions, les incitant sans relâche à se questionner sur notre société, trop matérialiste selon elle, et enfermée dans la peur. Claire poursuit l’objectif d’utiliser son expérience personnelle au service de l’évolution du monde. (Présentation de l&rsquo;éditeur)</p>
<p>CLAUSS C.</p>
<p>Editions Baudelaire</p>
<p>2014-246p.- 329gr-19€</p>
<p>ISBN : 979-10-203-0447-6</p>
<p>Cote doc : 1-20-CLA-B</p>
<p><strong><em>Uniquement à la location</em></strong></p>
<span class="et_bloom_bottom_trigger"></span>

<p>Tout commence un matin, lorsque Claire, enceinte de huit mois, réalise que le bébé qu’elle porte ne bouge plus.</p>
