{"id":556,"date":"2015-04-14T14:28:29","date_gmt":"2015-04-14T12:28:29","guid":{"rendered":"https:\/\/www.parthages.be\/wordpress\/produit\/la-protection-des-personnes-vulnerables-a-la-lumiere-de-la-loi-du-17-mars-2013\/"},"modified":"2021-09-06T17:10:53","modified_gmt":"2021-09-06T15:10:53","slug":"la-protection-des-personnes-vulnerables-a-la-lumiere-de-la-loi-du-17-mars-2013","status":"publish","type":"product","link":"https:\/\/www.parthages.be\/eboutique\/produit\/la-protection-des-personnes-vulnerables-a-la-lumiere-de-la-loi-du-17-mars-2013\/","title":{"rendered":"La protection des personnes vuln\u00e9rables \u00e0 la lumi\u00e8re de la loi du 17 mars 2013"},"content":{"rendered":"<p>La r\u00e9forme du r\u00e9gime des personnes vuln\u00e9rables, attendue de longue date, a connu son aboutissement dans la loi du 17 mars 2013 r\u00e9formant les r\u00e9gimes d\u2019incapacit\u00e9s et instaurant un nouveau statut de protection conforme \u00e0 la dignit\u00e9 humaine.<\/p>\n<p>Elle entrera en vigueur le 1er septembre 2014 (moyennant les adaptations qui y seront apport\u00e9es par deux lois r\u00e9paratrices), avec la particularit\u00e9 qu\u2019ancien et nouveau r\u00e9gimes coexisteront pendant un certain temps.<\/p>\n<p>Cet ouvrage, qui examine tant la protection de la personne que celle de son patrimoine, permet non seulement aux praticiens de se familiariser avec cette nouvelle l\u00e9gislation, mais \u00e9galement de faire le point sur les questions qu\u2019elle engendre et qui se rencontreront dans la pratique, et sur les solutions \u00e0 y apporter. (pr\u00e9sentation de l&rsquo;\u00e9diteur)<\/p>\n<p>Conseil Francophone de la F\u00e9d\u00e9ration Royale du Notariat Belge<\/p>\n<p>Bruylant<\/p>\n<p>2014-426p.- 675gr-105,00\u20ac<\/p>\n<p>ISBN\u00a0: 978-2-8027-4499-3<\/p>\n<p>Cote doc\u00a0: 6-20-LEL-P<\/p>\n<span class=\"et_bloom_bottom_trigger\"><\/span>","protected":false},"excerpt":{"rendered":"<p>La r\u00e9forme du r\u00e9gime des personnes vuln\u00e9rables, attendue de longue date, a connu son aboutissement dans la loi du 17 mars 2013 r\u00e9formant les r\u00e9gimes d\u2019incapacit\u00e9s et instaurant un nouveau statut de protection conforme \u00e0 la dignit\u00e9 humaine.<\/p>\n","protected":false},"featured_media":555,"comment_status":"open","ping_status":"closed","template":"","meta":{"_et_pb_use_builder":"","_et_pb_old_content":"","_et_gb_content_width":"","spay_email":""},"class_list":["post-556","product","type-product","status-publish","has-post-thumbnail","hentry","product_cat-livres","product_tag-droit","product_tag-legalisation","product_tag-protection-de-la-personne","product_tag-protection-juridique"],"jetpack_sharing_enabled":true,"jetpack_likes_enabled":true,"_links":{"self":[{"href":"https:\/\/www.parthages.be\/eboutique\/wp-json\/wp\/v2\/product\/556","targetHints":{"allow":["GET"]}}],"collection":[{"href":"https:\/\/www.parthages.be\/eboutique\/wp-json\/wp\/v2\/product"}],"about":[{"href":"https:\/\/www.parthages.be\/eboutique\/wp-json\/wp\/v2\/types\/product"}],"replies":[{"embeddable":true,"href":"https:\/\/www.parthages.be\/eboutique\/wp-json\/wp\/v2\/comments?post=556"}],"wp:featuredmedia":[{"embeddable":true,"href":"https:\/\/www.parthages.be\/eboutique\/wp-json\/wp\/v2\/media\/555"}],"wp:attachment":[{"href":"https:\/\/www.parthages.be\/eboutique\/wp-json\/wp\/v2\/media?parent=556"}],"curies":[{"name":"wp","href":"https:\/\/api.w.org\/{rel}","templated":true}]}}

La protection des personnes vulnérables à la lumière de la loi du 17 mars 2013

<p>La réforme du régime des personnes vulnérables, attendue de longue date, a connu son aboutissement dans la loi du 17 mars 2013 réformant les régimes d’incapacités et instaurant un nouveau statut de protection conforme à la dignité humaine.</p>
<p>Elle entrera en vigueur le 1er septembre 2014 (moyennant les adaptations qui y seront apportées par deux lois réparatrices), avec la particularité qu’ancien et nouveau régimes coexisteront pendant un certain temps.</p>
<p>Cet ouvrage, qui examine tant la protection de la personne que celle de son patrimoine, permet non seulement aux praticiens de se familiariser avec cette nouvelle législation, mais également de faire le point sur les questions qu’elle engendre et qui se rencontreront dans la pratique, et sur les solutions à y apporter. (présentation de l&rsquo;éditeur)</p>
<p>Conseil Francophone de la Fédération Royale du Notariat Belge</p>
<p>Bruylant</p>
<p>2014-426p.- 675gr-105,00€</p>
<p>ISBN : 978-2-8027-4499-3</p>
<p>Cote doc : 6-20-LEL-P</p>
<span class="et_bloom_bottom_trigger"></span>

<p>La réforme du régime des personnes vulnérables, attendue de longue date, a connu son aboutissement dans la loi du 17 mars 2013 réformant les régimes d’incapacités et instaurant un nouveau statut de protection conforme à la dignité humaine.</p>
