{"id":558,"date":"2015-04-14T14:28:43","date_gmt":"2015-04-14T12:28:43","guid":{"rendered":"https:\/\/www.parthages.be\/wordpress\/produit\/le-nouveau-regime-de-protection-des-personnes-majeures-analyse-de-la-loi-du-17-mars-2013\/"},"modified":"2021-09-17T09:08:24","modified_gmt":"2021-09-17T07:08:24","slug":"le-nouveau-regime-de-protection-des-personnes-majeures-analyse-de-la-loi-du-17-mars-2013","status":"publish","type":"product","link":"https:\/\/www.parthages.be\/eboutique\/produit\/le-nouveau-regime-de-protection-des-personnes-majeures-analyse-de-la-loi-du-17-mars-2013\/","title":{"rendered":"Le nouveau r\u00e9gime de protection des personnes majeures &#8211; Analyse de la loi du 17 mars 2013"},"content":{"rendered":"<p>La loi du 17 mars 2013 r\u00e9formant les r\u00e9gimes d\u2019incapacit\u00e9 et instaurant un nouveau statut de protection conforme \u00e0 la dignit\u00e9 humaine a pour objet de revoir en profondeur la mati\u00e8re des incapacit\u00e9s en droit belge. Il s\u2019agit d\u2019une importante r\u00e9forme du statut des personnes vuln\u00e9rables, \u00e0 la crois\u00e9e entre le besoin de protection et le souci de pr\u00e9server la libert\u00e9 fondamentale \u00e0 toute soci\u00e9t\u00e9 d\u00e9mocratique.<\/p>\n<p>Cette loi entrera en vigueur le 1er septembre 2014 et pr\u00e9voit des dispositions transitoires \u00e0 son application dans le temps. Plusieurs questions essentielles se posent d\u00e9j\u00e0, auxquelles la jurisprudence fournira des r\u00e9ponses.<\/p>\n<p>En l\u2019attente, les praticiens travaillant habituellement au service des personnes majeures incapables\/vuln\u00e9rables (juges de paix, administrateurs provisoires, avocats, notaires, mais aussi employ\u00e9s de banque, m\u00e9decins, assistants sociaux\u2026) trouveront dans cet ouvrage un premier commentaire critique complet, un outil leur permettant de se familiariser avec ces dispositions nouvelles. Tant la protection de la personne elle-m\u00eame que celle de son patrimoine y sont examin\u00e9es, puisque tels sont les deux axes principaux de cette r\u00e9forme. (Pr\u00e9sentation de l&rsquo;\u00e9diteur)<\/p>\n<p>GALLUS N. &#8211; VAN HALTEREN T.<\/p>\n<p>Bruylant<\/p>\n<p>2014-274p.433gr-103.00\u20ac<\/p>\n<p>ISBN\u00a0: 978-2-8027-4431-3<\/p>\n<p>Cote doc\u00a0:\u00a06-20-GAL-N<\/p>\n<span class=\"et_bloom_bottom_trigger\"><\/span>","protected":false},"excerpt":{"rendered":"<p>La loi du 17 mars 2013 r\u00e9formant les r\u00e9gimes d\u2019incapacit\u00e9 et instaurant un nouveau statut de protection conforme \u00e0 la dignit\u00e9 humaine a pour objet de revoir en profondeur la mati\u00e8re des incapacit\u00e9s en droit belge.<\/p>\n","protected":false},"featured_media":557,"comment_status":"open","ping_status":"closed","template":"","meta":{"_et_pb_use_builder":"","_et_pb_old_content":"","_et_gb_content_width":"","spay_email":""},"class_list":["post-558","product","type-product","status-publish","has-post-thumbnail","hentry","product_cat-livres","product_tag-droit","product_tag-loi","product_tag-outil-dinformation","product_tag-protection-de-la-personne"],"jetpack_sharing_enabled":true,"jetpack_likes_enabled":true,"_links":{"self":[{"href":"https:\/\/www.parthages.be\/eboutique\/wp-json\/wp\/v2\/product\/558","targetHints":{"allow":["GET"]}}],"collection":[{"href":"https:\/\/www.parthages.be\/eboutique\/wp-json\/wp\/v2\/product"}],"about":[{"href":"https:\/\/www.parthages.be\/eboutique\/wp-json\/wp\/v2\/types\/product"}],"replies":[{"embeddable":true,"href":"https:\/\/www.parthages.be\/eboutique\/wp-json\/wp\/v2\/comments?post=558"}],"wp:featuredmedia":[{"embeddable":true,"href":"https:\/\/www.parthages.be\/eboutique\/wp-json\/wp\/v2\/media\/557"}],"wp:attachment":[{"href":"https:\/\/www.parthages.be\/eboutique\/wp-json\/wp\/v2\/media?parent=558"}],"curies":[{"name":"wp","href":"https:\/\/api.w.org\/{rel}","templated":true}]}}

Le nouveau régime de protection des personnes majeures &#8211; Analyse de la loi du 17 mars 2013

<p>La loi du 17 mars 2013 réformant les régimes d’incapacité et instaurant un nouveau statut de protection conforme à la dignité humaine a pour objet de revoir en profondeur la matière des incapacités en droit belge. Il s’agit d’une importante réforme du statut des personnes vulnérables, à la croisée entre le besoin de protection et le souci de préserver la liberté fondamentale à toute société démocratique.</p>
<p>Cette loi entrera en vigueur le 1er septembre 2014 et prévoit des dispositions transitoires à son application dans le temps. Plusieurs questions essentielles se posent déjà, auxquelles la jurisprudence fournira des réponses.</p>
<p>En l’attente, les praticiens travaillant habituellement au service des personnes majeures incapables/vulnérables (juges de paix, administrateurs provisoires, avocats, notaires, mais aussi employés de banque, médecins, assistants sociaux…) trouveront dans cet ouvrage un premier commentaire critique complet, un outil leur permettant de se familiariser avec ces dispositions nouvelles. Tant la protection de la personne elle-même que celle de son patrimoine y sont examinées, puisque tels sont les deux axes principaux de cette réforme. (Présentation de l&rsquo;éditeur)</p>
<p>GALLUS N. &#8211; VAN HALTEREN T.</p>
<p>Bruylant</p>
<p>2014-274p.433gr-103.00€</p>
<p>ISBN : 978-2-8027-4431-3</p>
<p>Cote doc : 6-20-GAL-N</p>
<span class="et_bloom_bottom_trigger"></span>

<p>La loi du 17 mars 2013 réformant les régimes d’incapacité et instaurant un nouveau statut de protection conforme à la dignité humaine a pour objet de revoir en profondeur la matière des incapacités en droit belge.</p>
