{"id":572,"date":"2015-11-04T13:38:19","date_gmt":"2015-11-04T12:38:19","guid":{"rendered":"https:\/\/www.parthages.be\/wordpress\/produit\/laisse-moi-t-expliquerle-syndrome-de-gilles-la-tourette\/"},"modified":"2022-02-18T10:40:52","modified_gmt":"2022-02-18T09:40:52","slug":"laisse-moi-t-expliquerle-syndrome-de-gilles-la-tourette","status":"publish","type":"product","link":"https:\/\/www.parthages.be\/eboutique\/produit\/laisse-moi-t-expliquerle-syndrome-de-gilles-la-tourette\/","title":{"rendered":"Laisse-moi t&rsquo;expliquer&#8230;Le syndrome de Gilles la Tourette"},"content":{"rendered":"<p>Destin\u00e9 aux enfants d&rsquo;\u00e2ge scolaire &#8211; et \u00e0 leurs parents, cet \u00a0\u00bb album documentaire \u00a0\u00bb pr\u00e9sente, un peu \u00e0 la mani\u00e8re d&rsquo;un scrapbook r\u00e9alis\u00e9 par un enfant, l&rsquo;histoire de Maxime. Comme beaucoup de gar\u00e7ons de son \u00e2ge, Maxime est passionn\u00e9 de hockey. Maxime doit cependant affronter de nombreux d\u00e9fis, car il a le Syndrome de Gilles de la Tourette, ce qui le rend un peu diff\u00e9rent des autres enfants.<\/p>\n<p>De mani\u00e8re amusante et imag\u00e9e, cet ouvrage de vulgarisation explique aux enfants, dans leurs mots, ce qu&rsquo;est le SGT. Maxime partage de mani\u00e8re simple sa r\u00e9alit\u00e9, ses questionnements et ses difficult\u00e9s. Agr\u00e9ment\u00e9 de plusieurs trucs et conseils avis\u00e9s et d&rsquo;illustrations r\u00e9alis\u00e9es par des enfants, cet album est con\u00e7u express\u00e9ment pour plaire aux jeunes et pour les aider \u00e0 mieux vivre ou \u00e0 mieux comprendre la diff\u00e9rence. (pr\u00e9sentation de l&rsquo;\u00e9diteur).<\/p>\n<p>VEZINA D.<\/p>\n<p>Midi trente Editions<\/p>\n<p>2014- 40p.-135gr- 19\u20ac<\/p>\n<p>ISBN: 978-2-923827-51-3<\/p>\n<p>Cote doc: 11-VEZ-L<\/p>\n<span class=\"et_bloom_bottom_trigger\"><\/span>","protected":false},"excerpt":{"rendered":"<p>Destin\u00e9 aux enfants d&rsquo;\u00e2ge scolaire &#8211; et \u00e0 leurs parents, cet \u00a0\u00bb album documentaire \u00a0\u00bb pr\u00e9sente, un peu \u00e0 la mani\u00e8re d&rsquo;un scrapbook r\u00e9alis\u00e9 par un enfant, l&rsquo;histoire de Maxime.<\/p>\n","protected":false},"featured_media":571,"comment_status":"open","ping_status":"closed","template":"","meta":{"_et_pb_use_builder":"","_et_pb_old_content":"","_et_gb_content_width":"","spay_email":""},"class_list":["post-572","product","type-product","status-publish","has-post-thumbnail","hentry","product_cat-livres","product_cat-livres-jeunesse","product_tag-communication","product_tag-enfant","product_tag-outil-dinformation","product_tag-syndrome-de-gilles-de-la-tourett","product_tag-toc","product_tag-trouble-de-lapprentissage","product_tag-trouble-du-langage","product_tag-trouble-neurologique"],"jetpack_sharing_enabled":true,"jetpack_likes_enabled":true,"_links":{"self":[{"href":"https:\/\/www.parthages.be\/eboutique\/wp-json\/wp\/v2\/product\/572","targetHints":{"allow":["GET"]}}],"collection":[{"href":"https:\/\/www.parthages.be\/eboutique\/wp-json\/wp\/v2\/product"}],"about":[{"href":"https:\/\/www.parthages.be\/eboutique\/wp-json\/wp\/v2\/types\/product"}],"replies":[{"embeddable":true,"href":"https:\/\/www.parthages.be\/eboutique\/wp-json\/wp\/v2\/comments?post=572"}],"wp:featuredmedia":[{"embeddable":true,"href":"https:\/\/www.parthages.be\/eboutique\/wp-json\/wp\/v2\/media\/571"}],"wp:attachment":[{"href":"https:\/\/www.parthages.be\/eboutique\/wp-json\/wp\/v2\/media?parent=572"}],"curies":[{"name":"wp","href":"https:\/\/api.w.org\/{rel}","templated":true}]}}

<p>Destiné aux enfants d&rsquo;âge scolaire &#8211; et à leurs parents, cet  » album documentaire  » présente, un peu à la manière d&rsquo;un scrapbook réalisé par un enfant, l&rsquo;histoire de Maxime. Comme beaucoup de garçons de son âge, Maxime est passionné de hockey. Maxime doit cependant affronter de nombreux défis, car il a le Syndrome de Gilles de la Tourette, ce qui le rend un peu différent des autres enfants.</p>
<p>De manière amusante et imagée, cet ouvrage de vulgarisation explique aux enfants, dans leurs mots, ce qu&rsquo;est le SGT. Maxime partage de manière simple sa réalité, ses questionnements et ses difficultés. Agrémenté de plusieurs trucs et conseils avisés et d&rsquo;illustrations réalisées par des enfants, cet album est conçu expressément pour plaire aux jeunes et pour les aider à mieux vivre ou à mieux comprendre la différence. (présentation de l&rsquo;éditeur).</p>
<p>VEZINA D.</p>
<p>Midi trente Editions</p>
<p>2014- 40p.-135gr- 19€</p>
<p>ISBN: 978-2-923827-51-3</p>
<p>Cote doc: 11-VEZ-L</p>
<span class="et_bloom_bottom_trigger"></span>

<p>Destiné aux enfants d&rsquo;âge scolaire &#8211; et à leurs parents, cet  » album documentaire  » présente, un peu à la manière d&rsquo;un scrapbook réalisé par un enfant, l&rsquo;histoire de Maxime.</p>
