{"id":574,"date":"2015-11-04T13:41:11","date_gmt":"2015-11-04T12:41:11","guid":{"rendered":"https:\/\/www.parthages.be\/wordpress\/produit\/laisse-moi-t-expliquerla-dysphasie\/"},"modified":"2022-02-18T10:40:51","modified_gmt":"2022-02-18T09:40:51","slug":"laisse-moi-t-expliquerla-dysphasie","status":"publish","type":"product","link":"https:\/\/www.parthages.be\/eboutique\/produit\/laisse-moi-t-expliquerla-dysphasie\/","title":{"rendered":"Laisse-moi t&rsquo;expliquer&#8230;La dysphasie"},"content":{"rendered":"<p>Destin\u00e9 aux enfants d\u2019\u00e2ge scolaire \u2013 et \u00e0 leurs parents, cet \u00ab album documentaire \u00bb pr\u00e9sente, un peu \u00e0 la mani\u00e8re d\u2019un scrapbook r\u00e9alis\u00e9 par un enfant, l\u2019histoire de deux fr\u00e8res jumeaux, Thomas et Victor. M\u00eame s\u2019ils ont tous les deux la m\u00eame grandeur, les cheveux noirs et les yeux bleus, il y a une grande diff\u00e9rence entre eux puisque Victor est dysphasique.<\/p>\n<p>De mani\u00e8re amusante et imag\u00e9e, cet ouvrage de vulgarisation explique aux enfants, dans leurs mots, ce qu\u2019est la dysphasie. Thomas et Victor abordent les difficult\u00e9s et les questionnements li\u00e9s \u00e0 l\u2019int\u00e9gration scolaire, \u00e0 la vie en famille et, plus g\u00e9n\u00e9ralement, les d\u00e9fis qu\u2019un enfant dysphasique doit relever au quotidien. Agr\u00e9ment\u00e9 de plusieurs trucs et conseils avis\u00e9s et d\u2019illustrations r\u00e9alis\u00e9es par des enfants, cet album est con\u00e7u express\u00e9ment pour plaire aux jeunes et pour les aider \u00e0 mieux vivre ou \u00e0 mieux comprendre la diff\u00e9rence.(Pr\u00e9sentation de l&rsquo;\u00e9diteur)<\/p>\n<p>BOURQUE S.- DESAUTELS M.<\/p>\n<p>Midi trente Editions<\/p>\n<p>2014- 40 p.-135gr-19\u20ac<\/p>\n<p>ISBN\u00a0978-2-923827-50-6<\/p>\n<p>Cote doc: 11-BOU-L<\/p>\n<span class=\"et_bloom_bottom_trigger\"><\/span>","protected":false},"excerpt":{"rendered":"<p>Destin\u00e9 aux enfants d\u2019\u00e2ge scolaire \u2013 et \u00e0 leurs parents&#8230;<\/p>\n","protected":false},"featured_media":573,"comment_status":"open","ping_status":"closed","template":"","meta":{"_et_pb_use_builder":"","_et_pb_old_content":"","_et_gb_content_width":"","spay_email":""},"class_list":["post-574","product","type-product","status-publish","has-post-thumbnail","hentry","product_cat-livres","product_cat-livres-jeunesse","product_tag-communication","product_tag-dysphasie","product_tag-enfant","product_tag-fratrie","product_tag-outil-dinformation","product_tag-sensibilisation","product_tag-trouble-du-langage"],"jetpack_sharing_enabled":true,"jetpack_likes_enabled":true,"_links":{"self":[{"href":"https:\/\/www.parthages.be\/eboutique\/wp-json\/wp\/v2\/product\/574","targetHints":{"allow":["GET"]}}],"collection":[{"href":"https:\/\/www.parthages.be\/eboutique\/wp-json\/wp\/v2\/product"}],"about":[{"href":"https:\/\/www.parthages.be\/eboutique\/wp-json\/wp\/v2\/types\/product"}],"replies":[{"embeddable":true,"href":"https:\/\/www.parthages.be\/eboutique\/wp-json\/wp\/v2\/comments?post=574"}],"wp:featuredmedia":[{"embeddable":true,"href":"https:\/\/www.parthages.be\/eboutique\/wp-json\/wp\/v2\/media\/573"}],"wp:attachment":[{"href":"https:\/\/www.parthages.be\/eboutique\/wp-json\/wp\/v2\/media?parent=574"}],"curies":[{"name":"wp","href":"https:\/\/api.w.org\/{rel}","templated":true}]}}