{"id":583,"date":"2015-11-04T13:49:11","date_gmt":"2015-11-04T12:49:11","guid":{"rendered":"https:\/\/www.parthages.be\/wordpress\/produit\/etre-polyhandicape-et-vouloir-vivre-comme-tout-le-monde\/"},"modified":"2015-11-04T13:49:11","modified_gmt":"2015-11-04T12:49:11","slug":"etre-polyhandicape-et-vouloir-vivre-comme-tout-le-monde","status":"publish","type":"product","link":"https:\/\/www.parthages.be\/eboutique\/produit\/etre-polyhandicape-et-vouloir-vivre-comme-tout-le-monde\/","title":{"rendered":"\u00catre polyhandicap\u00e9 et vouloir vivre comme tout le monde"},"content":{"rendered":"<p>Apr\u00e8s une naissance difficile et une grave coqueluche nourrisson, Bernard se retrouve Infirme Moteur C\u00e9r\u00e9bral. Tous ses sens (langage, gestuelle, \u00e9quilibre, etc.) sont s\u00e9v\u00e8rement alt\u00e9r\u00e9s.<\/p>\n<p>Pourtant, malgr\u00e9 son lourd handicap, avec une volont\u00e9 f\u00e9roce et le soutien ind\u00e9fectible de son entourage, Bernard va \u00e0 l&rsquo;\u00e9cole, fait du v\u00e9lo, conduit, travaille en milieu ordinaire, voyage, bref, arrive \u00e0 vivre comme nous.<\/p>\n<p>\u00c0 travers son parcours pour le moins atypique et son combat quotidien contre les pr\u00e9jug\u00e9s, c&rsquo;est un message d&rsquo;espoir que Bernard essaye de nous faire passer (Pr\u00e9sentation de l&rsquo;\u00e9diteur)<\/p>\n<p>\u00a0<\/p>\n<p>JAUBERT B.<\/p>\n<p>Publibook<\/p>\n<p>2015-96p-138gr-13.95\u20ac<\/p>\n<p>ISBN\u00a0: 978-2-342-02762-4<\/p>\n<span class=\"et_bloom_bottom_trigger\"><\/span>","protected":false},"excerpt":{"rendered":"<p>Apr\u00e8s une naissance difficile et une grave coqueluche nourrisson, Bernard se retrouve Infirme Moteur C\u00e9r\u00e9bral.<\/p>\n","protected":false},"featured_media":581,"comment_status":"open","ping_status":"closed","template":"","meta":{"_et_pb_use_builder":"","_et_pb_old_content":"","_et_gb_content_width":"","spay_email":""},"class_list":["post-583","product","type-product","status-publish","has-post-thumbnail","hentry","product_cat-livres","product_tag-emotion","product_tag-emploi","product_tag-inclusion","product_tag-integration","product_tag-participation","product_tag-polyhandicap","product_tag-temoignage","product_tag-vie-sociale"],"jetpack_sharing_enabled":true,"jetpack_likes_enabled":true,"_links":{"self":[{"href":"https:\/\/www.parthages.be\/eboutique\/wp-json\/wp\/v2\/product\/583","targetHints":{"allow":["GET"]}}],"collection":[{"href":"https:\/\/www.parthages.be\/eboutique\/wp-json\/wp\/v2\/product"}],"about":[{"href":"https:\/\/www.parthages.be\/eboutique\/wp-json\/wp\/v2\/types\/product"}],"replies":[{"embeddable":true,"href":"https:\/\/www.parthages.be\/eboutique\/wp-json\/wp\/v2\/comments?post=583"}],"wp:featuredmedia":[{"embeddable":true,"href":"https:\/\/www.parthages.be\/eboutique\/wp-json\/wp\/v2\/media\/581"}],"wp:attachment":[{"href":"https:\/\/www.parthages.be\/eboutique\/wp-json\/wp\/v2\/media?parent=583"}],"curies":[{"name":"wp","href":"https:\/\/api.w.org\/{rel}","templated":true}]}}

Être polyhandicapé et vouloir vivre comme tout le monde

<p>Après une naissance difficile et une grave coqueluche nourrisson, Bernard se retrouve Infirme Moteur Cérébral. Tous ses sens (langage, gestuelle, équilibre, etc.) sont sévèrement altérés.</p>
<p>Pourtant, malgré son lourd handicap, avec une volonté féroce et le soutien indéfectible de son entourage, Bernard va à l&rsquo;école, fait du vélo, conduit, travaille en milieu ordinaire, voyage, bref, arrive à vivre comme nous.</p>
<p>À travers son parcours pour le moins atypique et son combat quotidien contre les préjugés, c&rsquo;est un message d&rsquo;espoir que Bernard essaye de nous faire passer (Présentation de l&rsquo;éditeur)</p>
<p> </p>
<p>JAUBERT B.</p>
<p>Publibook</p>
<p>2015-96p-138gr-13.95€</p>
<p>ISBN : 978-2-342-02762-4</p>
<span class="et_bloom_bottom_trigger"></span>

<p>Après une naissance difficile et une grave coqueluche nourrisson, Bernard se retrouve Infirme Moteur Cérébral.</p>
