{"id":593,"date":"2015-11-09T13:43:24","date_gmt":"2015-11-09T12:43:24","guid":{"rendered":"https:\/\/www.parthages.be\/wordpress\/produit\/l-automne-de-la-vie-enjeux-ethiques-du-vieillissement\/"},"modified":"2021-08-23T09:39:38","modified_gmt":"2021-08-23T07:39:38","slug":"l-automne-de-la-vie-enjeux-ethiques-du-vieillissement","status":"publish","type":"product","link":"https:\/\/www.parthages.be\/eboutique\/produit\/l-automne-de-la-vie-enjeux-ethiques-du-vieillissement\/","title":{"rendered":"L&rsquo;automne de la vie. Enjeux \u00e9thiques du vieillissement"},"content":{"rendered":"<p>Longtemps, les repr\u00e9sentations autour de la vieillesse \u00e9taient domin\u00e9es par des perspectives m\u00e9dicales, centr\u00e9es sur les maladies, les souffrances, et plus g\u00e9n\u00e9ralement le d\u00e9clin. Gr\u00e2ce aux progr\u00e8s biom\u00e9dicaux, \u00e0 une meilleure nutrition, \u00e0 l&rsquo;am\u00e9nagement des conditions de travail et d\u2019autres facteurs encore, on assiste aujourd\u2019hui \u00e0 un allongement de l\u2019esp\u00e9rance de vie et \u00e0 une nouvelle configuration d\u00e9mographique. Celui qui quitte son travail pour partir \u00e0 la retraite est aujourd\u2019hui, le plus souvent, en bonne sant\u00e9. Ce constat ne saurait cependant masquer ni les nombreuses in\u00e9galit\u00e9s entre les cat\u00e9gories socioprofessionnelles ou les lieux de r\u00e9sidence, ni les disparit\u00e9s \u00e0 l\u2019int\u00e9rieur m\u00eame du groupe des retrait\u00e9s, ni l\u2019augmentation croissante du nombre des personnes \u00e2g\u00e9es en situation de \u00ab perte d\u2019autonomie \u00bb, ni les questions redoutables autour de la prise en charge, de la discrimination fond\u00e9e sur l\u2019\u00e2ge, de la dignit\u00e9\u2026 Les \u00e9tudes ici r\u00e9unies rel\u00e8vent ces d\u00e9fis et invitent \u00e0 une r\u00e9flexion commune dont un des enjeux majeurs est la vie en soci\u00e9t\u00e9.(pr\u00e9sentation de l&rsquo;\u00e9diteur)<\/p>\n<p>THIEL M.J<\/p>\n<p>Presses universitaires de Strasbourg<\/p>\n<p>2012 &#8211; 415 p.-770gr- 25\u20ac<\/p>\n<p>ISBN\u00a0: 978-2-86820-487-5<\/p>\n<p>Cote doc\u00a0: 7-10-THI-A<\/p>\n<span class=\"et_bloom_bottom_trigger\"><\/span>","protected":false},"excerpt":{"rendered":"<p>Longtemps, les repr\u00e9sentations autour de la vieillesse \u00e9taient domin\u00e9es par des perspectives m\u00e9dicales, centr\u00e9es sur les maladies, les souffrances, et plus g\u00e9n\u00e9ralement le d\u00e9clin.<\/p>\n","protected":false},"featured_media":592,"comment_status":"open","ping_status":"closed","template":"","meta":{"_et_pb_use_builder":"","_et_pb_old_content":"","_et_gb_content_width":"","spay_email":""},"class_list":["post-593","product","type-product","status-publish","has-post-thumbnail","hentry","product_cat-livres","product_tag-defi","product_tag-esperance-de-vie","product_tag-ethique","product_tag-prise-en-charge","product_tag-representation-de-la-vieillesse","product_tag-vie-sociale","product_tag-vieillissement"],"jetpack_sharing_enabled":true,"jetpack_likes_enabled":true,"_links":{"self":[{"href":"https:\/\/www.parthages.be\/eboutique\/wp-json\/wp\/v2\/product\/593","targetHints":{"allow":["GET"]}}],"collection":[{"href":"https:\/\/www.parthages.be\/eboutique\/wp-json\/wp\/v2\/product"}],"about":[{"href":"https:\/\/www.parthages.be\/eboutique\/wp-json\/wp\/v2\/types\/product"}],"replies":[{"embeddable":true,"href":"https:\/\/www.parthages.be\/eboutique\/wp-json\/wp\/v2\/comments?post=593"}],"wp:featuredmedia":[{"embeddable":true,"href":"https:\/\/www.parthages.be\/eboutique\/wp-json\/wp\/v2\/media\/592"}],"wp:attachment":[{"href":"https:\/\/www.parthages.be\/eboutique\/wp-json\/wp\/v2\/media?parent=593"}],"curies":[{"name":"wp","href":"https:\/\/api.w.org\/{rel}","templated":true}]}}